CRAN Package Check Results for Package cocorresp

Last updated on 2015-08-29 20:47:54.

Flavor Version Tinstall Tcheck Ttotal Status Flags
r-devel-linux-x86_64-debian-clang 0.2-3 3.73 42.83 46.56 NOTE
r-devel-linux-x86_64-debian-gcc 0.2-3 3.53 43.13 46.66 NOTE
r-devel-linux-x86_64-fedora-clang 0.2-3 93.00 NOTE
r-devel-linux-x86_64-fedora-gcc 0.2-3 87.58 NOTE
r-devel-osx-x86_64-clang 0.2-3 76.53 OK
r-devel-windows-ix86+x86_64 0.2-3 12.00 70.00 82.00 NOTE
r-patched-linux-x86_64 0.2-3 2.96 43.88 46.84 OK
r-patched-solaris-sparc 0.2-3 627.50 OK
r-patched-solaris-x86 0.2-3 130.00 OK
r-release-linux-x86_64 0.2-3 3.12 45.08 48.21 OK
r-release-osx-x86_64-mavericks 0.2-3 OK
r-release-windows-ix86+x86_64 0.2-3 10.00 93.00 103.00 OK
r-oldrel-windows-ix86+x86_64 0.2-3 17.00 95.00 112.00 OK

Check Details

Version: 0.2-3
Check: R code for possible problems
Result: NOTE
    crossval: no visible global function definition for ‘flush.console’
    permutest.coca: no visible global function definition for
     ‘flush.console’
    plot.predcoca: no visible binding for global variable ‘xy.coords’
    plot.symcoca: no visible binding for global variable ‘xy.coords’
    Undefined global functions or variables:
     flush.console xy.coords
    Consider adding
     importFrom("grDevices", "xy.coords")
     importFrom("utils", "flush.console")
    to your NAMESPACE.
Flavors: r-devel-linux-x86_64-debian-clang, r-devel-linux-x86_64-debian-gcc, r-devel-linux-x86_64-fedora-clang, r-devel-linux-x86_64-fedora-gcc, r-devel-windows-ix86+x86_64