CRAN Package Check Results for Package cocorresp

Last updated on 2015-07-03 11:46:57.

Flavor Version Tinstall Tcheck Ttotal Status Flags
r-devel-linux-x86_64-debian-clang 0.2-3 3.06 43.48 46.54 NOTE
r-devel-linux-x86_64-debian-gcc 0.2-3 2.96 43.18 46.14 NOTE
r-devel-linux-x86_64-fedora-clang 0.2-3 93.57 NOTE
r-devel-linux-x86_64-fedora-gcc 0.2-3 88.89 NOTE
r-devel-osx-x86_64-clang 0.2-3 84.07 OK
r-devel-windows-ix86+x86_64 0.2-3 9.00 61.00 70.00 NOTE
r-patched-linux-x86_64 0.2-3 3.02 42.72 45.74 OK
r-patched-solaris-sparc 0.2-3 555.50 OK
r-patched-solaris-x86 0.2-3 128.20 OK
r-release-linux-x86_64 0.2-3 3.04 42.93 45.97 OK
r-release-osx-x86_64-mavericks 0.2-3 OK
r-release-windows-ix86+x86_64 0.2-3 9.00 63.00 72.00 OK
r-oldrel-windows-ix86+x86_64 0.2-3 11.00 79.00 90.00 OK

Check Details

Version: 0.2-3
Check: R code for possible problems
Result: NOTE
    crossval: no visible global function definition for ‘flush.console’
    permutest.coca: no visible global function definition for
     ‘flush.console’
    plot.predcoca: no visible binding for global variable ‘xy.coords’
    plot.symcoca: no visible binding for global variable ‘xy.coords’
    Undefined global functions or variables:
     flush.console xy.coords
Flavors: r-devel-linux-x86_64-debian-clang, r-devel-linux-x86_64-debian-gcc, r-devel-linux-x86_64-fedora-clang, r-devel-linux-x86_64-fedora-gcc, r-devel-windows-ix86+x86_64