CRAN Package Check Results for Package cocorresp

Last updated on 2014-04-25 05:47:13.

Flavor Version Tinstall Tcheck Ttotal Status Flags
r-devel-linux-x86_64-debian-clang 0.2-1 1.21 25.50 26.71 OK
r-devel-linux-x86_64-debian-gcc 0.2-1 1.22 25.06 26.27 OK
r-devel-linux-x86_64-fedora-clang 0.2-1 50.97 OK
r-devel-linux-x86_64-fedora-gcc 0.2-1 48.37 OK
r-devel-osx-x86_64-clang 0.2-1 44.42 OK
r-devel-osx-x86_64-gcc 0.2-1 ERROR
r-devel-windows-ix86+x86_64 0.2-1 4.00 38.00 42.00 OK
r-patched-linux-x86_64 0.2-1 1.27 25.22 26.49 OK
r-patched-solaris-sparc 0.2-1 324.80 OK
r-patched-solaris-x86 0.2-1 66.50 OK
r-release-linux-ix86 0.2-1 2.00 44.00 46.00 OK
r-release-linux-x86_64 0.2-1 1.18 25.48 26.67 OK
r-release-osx-x86_64-mavericks 0.2-1 WARN
r-release-osx-x86_64-snowleopard 0.2-1 OK
r-release-windows-ix86+x86_64 0.2-1 4.00 38.00 42.00 OK
r-oldrel-windows-ix86+x86_64 0.2-1 4.00 41.00 45.00 OK

Check Details

Version: 0.2-1
Check: package dependencies
Result: ERROR
    Package required but not available: ‘vegan’
    
    See the information on DESCRIPTION files in the chapter ‘Creating R
    packages’ of the ‘Writing R Extensions’ manual.
Flavor: r-devel-osx-x86_64-gcc

Version: 0.2-1
Check: PDF version of manual
Result: WARNING
    LaTeX errors when creating PDF version.
    This typically indicates Rd problems.
    LaTeX errors found:
    ! LaTeX Error: File `upquote.sty' not found.
    
    Type X to quit or <RETURN> to proceed,
    or enter new name. (Default extension: sty)
    
    938a2a8/Rd2.tex:8: ==> Fatal error occurred, no output PDF file produced!
Flavor: r-release-osx-x86_64-mavericks