CRAN Package Check Results for Package cocorresp

Last updated on 2016-02-06 22:46:55.

Flavor Version Tinstall Tcheck Ttotal Status Flags
r-devel-linux-x86_64-debian-gcc 0.2-3 2.83 41.49 44.32 NOTE
r-devel-linux-x86_64-fedora-clang 0.2-3 87.79 NOTE
r-devel-linux-x86_64-fedora-gcc 0.2-3 84.57 NOTE
r-devel-osx-x86_64-clang 0.2-3 93.90 NOTE
r-devel-windows-ix86+x86_64 0.2-3 11.00 76.00 87.00 NOTE
r-patched-linux-x86_64 0.2-3 3.36 44.30 47.65 OK
r-patched-solaris-sparc 0.2-3 587.40 OK
r-patched-solaris-x86 0.2-3 116.40 OK
r-release-linux-x86_64 0.2-3 3.19 44.04 47.23 OK
r-release-osx-x86_64-mavericks 0.2-3 OK
r-release-windows-ix86+x86_64 0.2-3 9.00 103.00 112.00 OK
r-oldrel-windows-ix86+x86_64 0.2-3 18.00 101.00 119.00 OK

Check Details

Version: 0.2-3
Check: R code for possible problems
Result: NOTE
    crossval: no visible global function definition for ‘flush.console’
    permutest.coca: no visible global function definition for
     ‘flush.console’
    plot.predcoca: no visible binding for global variable ‘xy.coords’
    plot.symcoca: no visible binding for global variable ‘xy.coords’
    Undefined global functions or variables:
     flush.console xy.coords
    Consider adding
     importFrom("grDevices", "xy.coords")
     importFrom("utils", "flush.console")
    to your NAMESPACE file.
Flavors: r-devel-linux-x86_64-debian-gcc, r-devel-linux-x86_64-fedora-clang, r-devel-osx-x86_64-clang

Version: 0.2-3
Check: R code for possible problems
Result: NOTE
    crossval: no visible global function definition for ‘flush.console’
    permutest.coca: no visible global function definition for
     ‘flush.console’
    plot.predcoca: no visible binding for global variable ‘xy.coords’
    plot.symcoca: no visible binding for global variable ‘xy.coords’
    Undefined global functions or variables:
     flush.console xy.coords
    Consider adding
     importFrom("grDevices", "xy.coords")
     importFrom("utils", "flush.console")
    to your NAMESPACE.
Flavors: r-devel-linux-x86_64-fedora-gcc, r-devel-windows-ix86+x86_64