CRAN Package Check Results for Package cocorresp

Last updated on 2014-08-29 13:48:01.

Flavor Version Tinstall Tcheck Ttotal Status Flags
r-devel-linux-x86_64-debian-clang 0.2-1 1.14 23.51 24.65 NOTE
r-devel-linux-x86_64-debian-gcc 0.2-1 1.07 23.27 24.34 NOTE
r-devel-linux-x86_64-fedora-clang 0.2-1 49.64 NOTE
r-devel-linux-x86_64-fedora-gcc 0.2-1 46.82 NOTE
r-devel-osx-x86_64-clang 0.2-1 45.48 NOTE
r-devel-windows-ix86+x86_64 0.2-1 4.00 35.00 39.00 NOTE
r-patched-linux-x86_64 0.2-1 1.21 23.83 25.04 OK
r-patched-solaris-sparc 0.2-1 334.00 OK
r-patched-solaris-x86 0.2-1 63.90 OK
r-release-linux-ix86 0.2-1 1.58 32.47 34.04 OK
r-release-linux-x86_64 0.2-1 1.20 24.30 25.50 OK
r-release-osx-x86_64-mavericks 0.2-1 OK
r-release-osx-x86_64-snowleopard 0.2-1 OK
r-release-windows-ix86+x86_64 0.2-1 4.00 39.00 43.00 OK
r-oldrel-windows-ix86+x86_64 0.2-1 5.00 40.00 45.00 OK

Check Details

Version: 0.2-1
Check: R code for possible problems
Result: NOTE
    envfit.coca: no visible global function definition for ‘vectorfit’
    envfit.coca: no visible global function definition for ‘factorfit’
Flavors: r-devel-linux-x86_64-debian-clang, r-devel-linux-x86_64-debian-gcc, r-devel-linux-x86_64-fedora-clang, r-devel-linux-x86_64-fedora-gcc, r-devel-osx-x86_64-clang, r-devel-windows-ix86+x86_64