CRAN Package Check Results for Package cocorresp

Last updated on 2015-04-19 23:49:09.

Flavor Version Tinstall Tcheck Ttotal Status Flags
r-devel-linux-x86_64-debian-clang 0.2-3 3.05 43.74 46.79 OK
r-devel-linux-x86_64-debian-gcc 0.2-3 3.02 42.71 45.74 OK
r-devel-linux-x86_64-fedora-clang 0.2-3 96.24 OK
r-devel-linux-x86_64-fedora-gcc 0.2-3 92.41 OK
r-devel-osx-x86_64-clang 0.2-3 86.87 OK
r-devel-windows-ix86+x86_64 0.2-3 12.00 61.00 73.00 OK
r-patched-linux-x86_64 0.2-3 3.05 44.01 47.06 OK
r-patched-solaris-sparc 0.2-3 620.30 OK
r-patched-solaris-x86 0.2-3 124.20 OK
r-release-linux-x86_64 0.2-3 2.96 42.98 45.94 OK
r-release-osx-x86_64-mavericks 0.2-3 OK
r-release-osx-x86_64-snowleopard 0.2-3 ERROR
r-release-windows-ix86+x86_64 0.2-3 7.00 60.00 67.00 OK
r-oldrel-windows-ix86+x86_64 0.2-3 11.00 73.00 84.00 OK

Check Details

Version: 0.2-3
Check: package dependencies
Result: ERROR
    Package required but not available: ‘vegan’
    
    See section ‘The DESCRIPTION file’ in the ‘Writing R Extensions’
    manual.
Flavor: r-release-osx-x86_64-snowleopard