CRAN Package Check Results for Package cocorresp

Last updated on 2014-10-26 03:47:28.

Flavor Version Tinstall Tcheck Ttotal Status Flags
r-devel-linux-x86_64-debian-clang 0.2-1 1.26 25.40 26.66 NOTE
r-devel-linux-x86_64-debian-gcc 0.2-1 1.15 24.72 25.87 NOTE
r-devel-linux-x86_64-fedora-clang 0.2-1 49.74 NOTE
r-devel-linux-x86_64-fedora-gcc 0.2-1 47.26 NOTE
r-devel-osx-x86_64-clang 0.2-1 47.75 NOTE
r-devel-windows-ix86+x86_64 0.2-1 4.00 38.00 42.00 NOTE
r-patched-linux-x86_64 0.2-1 1.19 24.81 26.00 NOTE
r-patched-solaris-sparc 0.2-1 326.50 NOTE
r-patched-solaris-x86 0.2-1 65.70 NOTE
r-release-linux-ix86 0.2-1 1.60 32.31 33.91 OK
r-release-linux-x86_64 0.2-1 1.18 25.16 26.34 OK
r-release-osx-x86_64-mavericks 0.2-1 OK
r-release-osx-x86_64-snowleopard 0.2-1 OK
r-release-windows-ix86+x86_64 0.2-1 4.00 38.00 42.00 OK
r-oldrel-windows-ix86+x86_64 0.2-1 4.00 37.00 41.00 OK

Check Details

Version: 0.2-1
Check: R code for possible problems
Result: NOTE
    envfit.coca: no visible global function definition for ‘vectorfit’
    envfit.coca: no visible global function definition for ‘factorfit’
Flavors: r-devel-linux-x86_64-debian-clang, r-devel-linux-x86_64-debian-gcc, r-devel-linux-x86_64-fedora-clang, r-devel-linux-x86_64-fedora-gcc, r-devel-osx-x86_64-clang, r-devel-windows-ix86+x86_64, r-patched-linux-x86_64, r-patched-solaris-sparc, r-patched-solaris-x86