CRAN Package Check Results for Package cocorresp

Last updated on 2015-05-22 09:47:30.

Flavor Version Tinstall Tcheck Ttotal Status Flags
r-devel-linux-x86_64-debian-clang 0.2-3 3.07 43.98 47.06 OK
r-devel-linux-x86_64-debian-gcc 0.2-3 2.99 43.08 46.06 OK
r-devel-linux-x86_64-fedora-clang 0.2-3 96.05 OK
r-devel-linux-x86_64-fedora-gcc 0.2-3 93.49 OK
r-devel-osx-x86_64-clang 0.2-3 85.18 OK
r-devel-windows-ix86+x86_64 0.2-3 9.00 65.00 74.00 OK
r-patched-linux-x86_64 0.2-3 3.00 42.61 45.61 OK
r-patched-solaris-sparc 0.2-3 620.30 OK
r-patched-solaris-x86 0.2-3 128.20 OK
r-release-linux-x86_64 0.2-3 3.02 43.02 46.04 OK
r-release-osx-x86_64-mavericks 0.2-3 OK
r-release-osx-x86_64-snowleopard 0.2-3 ERROR
r-release-windows-ix86+x86_64 0.2-3 8.00 73.00 81.00 OK
r-oldrel-windows-ix86+x86_64 0.2-3 9.00 83.00 92.00 OK

Check Details

Version: 0.2-3
Check: package dependencies
Result: ERROR
    Package required but not available: ‘vegan’
    
    See section ‘The DESCRIPTION file’ in the ‘Writing R Extensions’
    manual.
Flavor: r-release-osx-x86_64-snowleopard