CRAN Package Check Results for Package cocron

Last updated on 2014-09-18 08:49:48.

Flavor Version Tinstall Tcheck Ttotal Status Flags
r-devel-linux-x86_64-debian-clang 1.0-0 0.62 11.90 12.52 NOTE
r-devel-linux-x86_64-debian-gcc 1.0-0 0.62 11.61 12.23 NOTE
r-devel-linux-x86_64-fedora-clang 1.0-0 25.26 NOTE
r-devel-linux-x86_64-fedora-gcc 1.0-0 24.23 NOTE
r-devel-osx-x86_64-clang 1.0-0 26.31 NOTE
r-devel-windows-ix86+x86_64 1.0-0 2.00 18.00 20.00 NOTE
r-patched-linux-x86_64 1.0-0 0.68 11.70 12.38 NOTE
r-patched-solaris-sparc 1.0-0 148.40 NOTE
r-patched-solaris-x86 1.0-0 37.00 NOTE
r-release-linux-ix86 1.0-0 1.01 18.90 19.91 NOTE
r-release-linux-x86_64 1.0-0 0.68 12.56 13.24 NOTE
r-release-osx-x86_64-mavericks 1.0-0 NOTE
r-release-windows-ix86+x86_64 1.0-0 3.00 20.00 23.00 NOTE
r-oldrel-windows-ix86+x86_64 1.0-0 2.00 22.00 24.00 NOTE

Check Details

Version: 1.0-0
Check: dependencies in R code
Result: NOTE
    Package in Depends field not imported from: ‘methods’
     These packages need to be imported from (in the NAMESPACE file)
     for when this namespace is loaded but not attached.
    See the information on DESCRIPTION files in the chapter ‘Creating R
    packages’ of the ‘Writing R Extensions’ manual.
Flavors: r-devel-linux-x86_64-debian-clang, r-devel-linux-x86_64-debian-gcc, r-devel-linux-x86_64-fedora-clang, r-devel-linux-x86_64-fedora-gcc, r-devel-osx-x86_64-clang, r-devel-windows-ix86+x86_64, r-patched-linux-x86_64, r-patched-solaris-sparc, r-patched-solaris-x86, r-release-linux-ix86, r-release-linux-x86_64, r-release-osx-x86_64-mavericks, r-release-windows-ix86+x86_64, r-oldrel-windows-ix86+x86_64