CRAN Package Check Results for Package cocron

Last updated on 2017-04-28 17:47:26.

Flavor Version Tinstall Tcheck Ttotal Status Flags
r-devel-linux-x86_64-debian-clang 1.0-1 0.72 15.30 16.02 NOTE
r-devel-linux-x86_64-debian-gcc 1.0-1 0.74 15.35 16.09 NOTE
r-devel-linux-x86_64-fedora-clang 1.0-1 27.66 NOTE --no-stop-on-test-error
r-devel-linux-x86_64-fedora-gcc 1.0-1 26.18 NOTE --no-stop-on-test-error
r-devel-windows-ix86+x86_64 1.0-1 2.00 44.00 46.00 NOTE
r-patched-linux-x86_64 1.0-1 0.70 15.34 16.04 NOTE
r-patched-solaris-sparc 1.0-1 167.70 NOTE
r-patched-solaris-x86 1.0-1 37.40 NOTE
r-release-linux-x86_64 1.0-1 0.74 15.11 15.86 NOTE
r-release-windows-ix86+x86_64 1.0-1 5.00 34.00 39.00 NOTE
r-release-osx-x86_64 1.0-1 NOTE
r-oldrel-windows-ix86+x86_64 1.0-1 3.00 28.00 31.00 NOTE
r-oldrel-osx-x86_64 1.0-1 NOTE

Check Details

Version: 1.0-1
Check: package dependencies
Result: NOTE
    Package which this enhances but not available for checking: ‘rkward’
Flavors: r-devel-linux-x86_64-debian-clang, r-devel-linux-x86_64-debian-gcc, r-devel-windows-ix86+x86_64, r-patched-linux-x86_64, r-patched-solaris-sparc, r-patched-solaris-x86, r-release-linux-x86_64, r-release-windows-ix86+x86_64, r-release-osx-x86_64, r-oldrel-windows-ix86+x86_64, r-oldrel-osx-x86_64

Version: 1.0-1
Flags: --no-stop-on-test-error
Check: package dependencies
Result: NOTE
    Package which this enhances but not available for checking: ‘rkward’
Flavors: r-devel-linux-x86_64-fedora-clang, r-devel-linux-x86_64-fedora-gcc