CRAN Package Check Results for Package cocron

Last updated on 2022-09-30 16:51:02 CEST.

Flavor Version Tinstall Tcheck Ttotal Status Flags
r-devel-linux-x86_64-debian-clang 1.0-1 3.22 30.24 33.46 NOTE
r-devel-linux-x86_64-debian-gcc 1.0-1 2.76 23.95 26.71 NOTE
r-devel-linux-x86_64-fedora-clang 1.0-1 55.32 NOTE
r-devel-linux-x86_64-fedora-gcc 1.0-1 51.56 NOTE
r-devel-windows-x86_64 1.0-1 14.00 57.00 71.00 NOTE
r-patched-linux-x86_64 1.0-1 2.67 28.81 31.48 NOTE
r-release-linux-x86_64 1.0-1 3.11 29.27 32.38 NOTE
r-release-macos-arm64 1.0-1 18.00 NOTE
r-release-macos-x86_64 1.0-1 24.00 NOTE
r-release-windows-x86_64 1.0-1 19.00 54.00 73.00 NOTE
r-oldrel-macos-arm64 1.0-1 23.00 NOTE
r-oldrel-macos-x86_64 1.0-1 31.00 NOTE
r-oldrel-windows-ix86+x86_64 1.0-1 9.00 51.00 60.00 NOTE

Check Details

Version: 1.0-1
Check: package dependencies
Result: NOTE
    Package which this enhances but not available for checking: 'rkward'
Flavors: r-devel-linux-x86_64-debian-clang, r-devel-linux-x86_64-debian-gcc, r-devel-linux-x86_64-fedora-clang, r-devel-linux-x86_64-fedora-gcc, r-devel-windows-x86_64, r-patched-linux-x86_64, r-release-linux-x86_64, r-release-macos-arm64, r-release-macos-x86_64, r-release-windows-x86_64, r-oldrel-macos-arm64, r-oldrel-macos-x86_64, r-oldrel-windows-ix86+x86_64