CRAN Package Check Results for Package cocron

Last updated on 2022-07-03 02:50:59 CEST.

Flavor Version Tinstall Tcheck Ttotal Status Flags
r-devel-linux-x86_64-debian-clang 1.0-1 3.39 29.06 32.45 NOTE
r-devel-linux-x86_64-debian-gcc 1.0-1 2.51 22.75 25.26 NOTE
r-devel-linux-x86_64-fedora-clang 1.0-1 51.42 NOTE
r-devel-linux-x86_64-fedora-gcc 1.0-1 50.48 NOTE
r-devel-windows-x86_64 1.0-1 15.00 53.00 68.00 NOTE
r-patched-linux-x86_64 1.0-1 3.16 28.95 32.11 NOTE
r-release-linux-x86_64 1.0-1 2.60 28.68 31.28 NOTE
r-release-macos-arm64 1.0-1 18.00 NOTE
r-release-macos-x86_64 1.0-1 24.00 NOTE
r-release-windows-x86_64 1.0-1 25.00 56.00 81.00 NOTE
r-oldrel-macos-arm64 1.0-1 23.00 NOTE
r-oldrel-macos-x86_64 1.0-1 31.00 NOTE
r-oldrel-windows-ix86+x86_64 1.0-1 10.00 50.00 60.00 NOTE

Check Details

Version: 1.0-1
Check: package dependencies
Result: NOTE
    Package which this enhances but not available for checking: 'rkward'
Flavors: r-devel-linux-x86_64-debian-clang, r-devel-linux-x86_64-debian-gcc, r-devel-linux-x86_64-fedora-clang, r-devel-linux-x86_64-fedora-gcc, r-devel-windows-x86_64, r-patched-linux-x86_64, r-release-linux-x86_64, r-release-macos-arm64, r-release-macos-x86_64, r-release-windows-x86_64, r-oldrel-macos-arm64, r-oldrel-macos-x86_64, r-oldrel-windows-ix86+x86_64