CRAN Package Check Results for Package cocron

Last updated on 2018-10-23 05:50:21 CEST.

Flavor Version Tinstall Tcheck Ttotal Status Flags
r-devel-linux-x86_64-debian-clang 1.0-1 1.64 23.63 25.27 NOTE
r-devel-linux-x86_64-debian-gcc 1.0-1 1.34 19.91 21.25 NOTE
r-devel-linux-x86_64-fedora-clang 1.0-1 30.64 NOTE
r-devel-linux-x86_64-fedora-gcc 1.0-1 28.96 NOTE
r-devel-windows-ix86+x86_64 1.0-1 5.00 47.00 52.00 NOTE
r-patched-linux-x86_64 1.0-1 1.73 21.61 23.34 NOTE
r-patched-solaris-x86 1.0-1 43.90 NOTE
r-release-linux-x86_64 1.0-1 1.66 22.01 23.67 NOTE
r-release-windows-ix86+x86_64 1.0-1 4.00 42.00 46.00 NOTE
r-release-osx-x86_64 1.0-1 NOTE
r-oldrel-windows-ix86+x86_64 1.0-1 2.00 36.00 38.00 NOTE
r-oldrel-osx-x86_64 1.0-1 NOTE

Check Details

Version: 1.0-1
Check: package dependencies
Result: NOTE
    Package which this enhances but not available for checking: ‘rkward’
Flavors: r-devel-linux-x86_64-debian-clang, r-devel-linux-x86_64-debian-gcc, r-devel-linux-x86_64-fedora-clang, r-devel-linux-x86_64-fedora-gcc, r-devel-windows-ix86+x86_64, r-patched-linux-x86_64, r-patched-solaris-x86, r-release-linux-x86_64, r-release-windows-ix86+x86_64, r-release-osx-x86_64, r-oldrel-windows-ix86+x86_64, r-oldrel-osx-x86_64