CRAN Package Check Results for Package cocron

Last updated on 2020-01-28 09:51:55 CET.

Flavor Version Tinstall Tcheck Ttotal Status Flags
r-devel-linux-x86_64-debian-clang 1.0-1 2.68 26.31 28.99 NOTE
r-devel-linux-x86_64-debian-gcc 1.0-1 2.44 21.17 23.61 NOTE
r-devel-linux-x86_64-fedora-clang 1.0-1 36.48 NOTE
r-devel-linux-x86_64-fedora-gcc 1.0-1 35.48 NOTE
r-devel-windows-ix86+x86_64 1.0-1 8.00 44.00 52.00 NOTE
r-devel-windows-ix86+x86_64-gcc8 1.0-1 11.00 39.00 50.00 NOTE
r-patched-linux-x86_64 1.0-1 NOTE
r-patched-solaris-x86 1.0-1 49.00 NOTE
r-release-linux-x86_64 1.0-1 2.24 23.97 26.21 NOTE
r-release-windows-ix86+x86_64 1.0-1 4.00 38.00 42.00 NOTE
r-release-osx-x86_64 1.0-1 NOTE
r-oldrel-windows-ix86+x86_64 1.0-1 5.00 35.00 40.00 NOTE
r-oldrel-osx-x86_64 1.0-1 NOTE

Check Details

Version: 1.0-1
Check: package dependencies
Result: NOTE
    Package which this enhances but not available for checking: 'rkward'
Flavors: r-devel-linux-x86_64-debian-clang, r-devel-linux-x86_64-debian-gcc, r-devel-linux-x86_64-fedora-clang, r-devel-linux-x86_64-fedora-gcc, r-devel-windows-ix86+x86_64, r-devel-windows-ix86+x86_64-gcc8, r-patched-linux-x86_64, r-patched-solaris-x86, r-release-linux-x86_64, r-release-windows-ix86+x86_64, r-release-osx-x86_64, r-oldrel-windows-ix86+x86_64, r-oldrel-osx-x86_64