CRAN Package Check Results for Package cocron

Last updated on 2020-08-05 08:50:35 CEST.

Flavor Version Tinstall Tcheck Ttotal Status Flags
r-devel-linux-x86_64-debian-clang 1.0-1 3.20 26.88 30.08 NOTE
r-devel-linux-x86_64-debian-gcc 1.0-1 2.66 21.09 23.75 NOTE
r-devel-linux-x86_64-fedora-clang 1.0-1 45.28 NOTE
r-devel-linux-x86_64-fedora-gcc 1.0-1 35.88 NOTE
r-devel-windows-ix86+x86_64 1.0-1 13.00 38.00 51.00 NOTE
r-patched-linux-x86_64 1.0-1 3.02 26.90 29.92 NOTE
r-patched-solaris-x86 1.0-1 54.50 NOTE
r-release-linux-x86_64 1.0-1 3.01 26.78 29.79 NOTE
r-release-macos-x86_64 1.0-1 NOTE
r-release-windows-ix86+x86_64 1.0-1 13.00 56.00 69.00 NOTE
r-oldrel-macos-x86_64 1.0-1 NOTE
r-oldrel-windows-ix86+x86_64 1.0-1 5.00 46.00 51.00 NOTE

Check Details

Version: 1.0-1
Check: package dependencies
Result: NOTE
    Package which this enhances but not available for checking: 'rkward'
Flavors: r-devel-linux-x86_64-debian-clang, r-devel-linux-x86_64-debian-gcc, r-devel-linux-x86_64-fedora-clang, r-devel-linux-x86_64-fedora-gcc, r-devel-windows-ix86+x86_64, r-patched-linux-x86_64, r-patched-solaris-x86, r-release-linux-x86_64, r-release-macos-x86_64, r-release-windows-ix86+x86_64, r-oldrel-macos-x86_64, r-oldrel-windows-ix86+x86_64