CRAN Package Check Results for Package cocron

Last updated on 2015-05-05 17:47:15.

Flavor Version Tinstall Tcheck Ttotal Status Flags
r-devel-linux-x86_64-debian-clang 1.0-0 0.60 11.55 12.16 NOTE
r-devel-linux-x86_64-debian-gcc 1.0-0 0.64 11.14 11.78 NOTE
r-devel-linux-x86_64-fedora-clang 1.0-0 23.58 NOTE
r-devel-linux-x86_64-fedora-gcc 1.0-0 21.88 NOTE
r-devel-osx-x86_64-clang 1.0-0 25.58 NOTE
r-devel-windows-ix86+x86_64 1.0-0 2.00 20.00 22.00 NOTE
r-patched-linux-x86_64 1.0-0 0.60 11.49 12.09 NOTE
r-patched-solaris-sparc 1.0-0 174.30 NOTE
r-patched-solaris-x86 1.0-0 34.90 NOTE
r-release-linux-x86_64 1.0-0 0.60 12.10 12.70 NOTE
r-release-osx-x86_64-mavericks 1.0-0 NOTE
r-release-osx-x86_64-snowleopard 1.0-0 NOTE
r-release-windows-ix86+x86_64 1.0-0 3.00 20.00 23.00 NOTE
r-oldrel-windows-ix86+x86_64 1.0-0 3.00 30.00 33.00 NOTE

Check Details

Version: 1.0-0
Check: dependencies in R code
Result: NOTE
    Package in Depends field not imported from: ‘methods’
     These packages need to be imported from (in the NAMESPACE file)
     for when this namespace is loaded but not attached.
Flavors: r-devel-linux-x86_64-debian-clang, r-devel-linux-x86_64-debian-gcc, r-devel-linux-x86_64-fedora-clang, r-devel-linux-x86_64-fedora-gcc, r-devel-osx-x86_64-clang, r-devel-windows-ix86+x86_64, r-patched-linux-x86_64, r-patched-solaris-sparc, r-patched-solaris-x86, r-release-linux-x86_64, r-release-osx-x86_64-mavericks, r-release-osx-x86_64-snowleopard, r-release-windows-ix86+x86_64, r-oldrel-windows-ix86+x86_64