CRAN Package Check Results for Package cocron

Last updated on 2016-12-03 21:49:36.

Flavor Version Tinstall Tcheck Ttotal Status Flags
r-devel-linux-x86_64-debian-clang 1.0-1 0.71 15.08 15.79 NOTE
r-devel-linux-x86_64-debian-gcc 1.0-1 1.19 15.15 16.34 NOTE
r-devel-linux-x86_64-fedora-clang 1.0-1 28.47 NOTE
r-devel-linux-x86_64-fedora-gcc 1.0-1 27.32 NOTE
r-devel-macos-x86_64-clang 1.0-1 24.31 NOTE
r-devel-windows-ix86+x86_64 1.0-1 3.00 42.00 45.00 NOTE
r-patched-linux-x86_64 1.0-1 0.74 12.20 12.93 NOTE
r-patched-solaris-sparc 1.0-1 132.00 NOTE
r-patched-solaris-x86 1.0-1 29.40 NOTE
r-release-linux-x86_64 1.0-1 0.70 12.14 12.84 NOTE
r-release-osx-x86_64-mavericks 1.0-1 NOTE
r-release-windows-ix86+x86_64 1.0-1 4.00 31.00 35.00 NOTE
r-oldrel-windows-ix86+x86_64 1.0-1 8.00 27.00 35.00 NOTE

Check Details

Version: 1.0-1
Check: package dependencies
Result: NOTE
    Package which this enhances but not available for checking: ‘rkward’
Flavors: r-devel-linux-x86_64-debian-clang, r-devel-linux-x86_64-debian-gcc, r-devel-linux-x86_64-fedora-clang, r-devel-linux-x86_64-fedora-gcc, r-devel-macos-x86_64-clang, r-devel-windows-ix86+x86_64, r-patched-linux-x86_64, r-patched-solaris-sparc, r-patched-solaris-x86, r-release-linux-x86_64, r-release-osx-x86_64-mavericks, r-release-windows-ix86+x86_64, r-oldrel-windows-ix86+x86_64