CRAN Package Check Results for Package cocron

Last updated on 2015-03-03 19:50:23.

Flavor Version Tinstall Tcheck Ttotal Status Flags
r-devel-linux-x86_64-debian-clang 1.0-0 0.61 11.41 12.02 NOTE
r-devel-linux-x86_64-debian-gcc 1.0-0 0.64 11.39 12.03 NOTE
r-devel-linux-x86_64-fedora-clang 1.0-0 23.48 NOTE
r-devel-linux-x86_64-fedora-gcc 1.0-0 22.59 NOTE
r-devel-osx-x86_64-clang 1.0-0 26.41 NOTE
r-devel-windows-ix86+x86_64 1.0-0 5.00 26.00 31.00 NOTE
r-patched-linux-x86_64 1.0-0 0.64 12.26 12.90 NOTE
r-patched-solaris-sparc 1.0-0 177.30 NOTE
r-patched-solaris-x86 1.0-0 38.60 NOTE
r-release-linux-ix86 1.0-0 0.94 19.26 20.19 NOTE
r-release-linux-x86_64 1.0-0 0.64 12.08 12.73 NOTE
r-release-osx-x86_64-mavericks 1.0-0 NOTE
r-release-windows-ix86+x86_64 1.0-0 5.00 29.00 34.00 NOTE
r-oldrel-windows-ix86+x86_64 1.0-0 3.00 23.00 26.00 NOTE

Check Details

Version: 1.0-0
Check: dependencies in R code
Result: NOTE
    Package in Depends field not imported from: ‘methods’
     These packages need to be imported from (in the NAMESPACE file)
     for when this namespace is loaded but not attached.
Flavors: r-devel-linux-x86_64-debian-clang, r-devel-linux-x86_64-debian-gcc, r-devel-linux-x86_64-fedora-clang, r-devel-linux-x86_64-fedora-gcc, r-devel-osx-x86_64-clang, r-devel-windows-ix86+x86_64, r-patched-linux-x86_64, r-patched-solaris-sparc, r-patched-solaris-x86

Version: 1.0-0
Check: dependencies in R code
Result: NOTE
    Package in Depends field not imported from: ‘methods’
     These packages need to be imported from (in the NAMESPACE file)
     for when this namespace is loaded but not attached.
    See the information on DESCRIPTION files in the chapter ‘Creating R
    packages’ of the ‘Writing R Extensions’ manual.
Flavors: r-release-linux-ix86, r-release-linux-x86_64, r-release-osx-x86_64-mavericks, r-release-windows-ix86+x86_64, r-oldrel-windows-ix86+x86_64