CRAN Package Check Results for Package cocron

Last updated on 2017-06-23 04:46:57.

Flavor Version Tinstall Tcheck Ttotal Status Flags
r-devel-linux-x86_64-debian-clang 1.0-1 0.76 16.01 16.76 NOTE
r-devel-linux-x86_64-debian-gcc 1.0-1 0.70 15.56 16.27 NOTE
r-devel-linux-x86_64-fedora-clang 1.0-1 27.45 NOTE
r-devel-linux-x86_64-fedora-gcc 1.0-1 26.19 NOTE
r-devel-windows-ix86+x86_64 1.0-1 5.00 32.00 37.00 NOTE
r-patched-linux-x86_64 1.0-1 0.77 16.12 16.89 NOTE
r-patched-solaris-sparc 1.0-1 167.70 NOTE
r-patched-solaris-x86 1.0-1 38.40 NOTE
r-release-linux-x86_64 1.0-1 0.74 15.78 16.52 NOTE
r-release-windows-ix86+x86_64 1.0-1 4.00 34.00 38.00 NOTE
r-release-osx-x86_64 1.0-1 NOTE
r-oldrel-windows-ix86+x86_64 1.0-1 3.00 30.00 33.00 NOTE
r-oldrel-osx-x86_64 1.0-1 NOTE

Check Details

Version: 1.0-1
Check: package dependencies
Result: NOTE
    Package which this enhances but not available for checking: ‘rkward’
Flavors: r-devel-linux-x86_64-debian-clang, r-devel-linux-x86_64-debian-gcc, r-devel-linux-x86_64-fedora-clang, r-devel-linux-x86_64-fedora-gcc, r-devel-windows-ix86+x86_64, r-patched-linux-x86_64, r-patched-solaris-sparc, r-patched-solaris-x86, r-release-linux-x86_64, r-release-windows-ix86+x86_64, r-release-osx-x86_64, r-oldrel-windows-ix86+x86_64, r-oldrel-osx-x86_64