CRAN Package Check Results for Package cocron

Last updated on 2016-09-30 20:47:27.

Flavor Version Tinstall Tcheck Ttotal Status Flags
r-devel-linux-x86_64-debian-clang 1.0-1 0.65 14.21 14.86 NOTE
r-devel-linux-x86_64-debian-gcc 1.0-1 0.69 13.75 14.44 NOTE
r-devel-linux-x86_64-fedora-clang 1.0-1 25.61 NOTE
r-devel-linux-x86_64-fedora-gcc 1.0-1 20.53 NOTE
r-devel-macos-x86_64-clang 1.0-1 19.49 NOTE
r-devel-windows-ix86+x86_64 1.0-1 3.00 35.00 38.00 NOTE
r-patched-linux-x86_64 1.0-1 0.62 12.59 13.21 NOTE
r-patched-solaris-sparc 1.0-1 132.00 NOTE
r-patched-solaris-x86 1.0-1 29.50 NOTE
r-release-linux-x86_64 1.0-1 0.68 12.54 13.22 NOTE
r-release-osx-x86_64-mavericks 1.0-1 NOTE
r-release-windows-ix86+x86_64 1.0-1 2.00 44.00 46.00 NOTE
r-oldrel-windows-ix86+x86_64 1.0-1 5.00 36.00 41.00 NOTE

Check Details

Version: 1.0-1
Check: package dependencies
Result: NOTE
    Package which this enhances but not available for checking: ‘rkward’
Flavors: r-devel-linux-x86_64-debian-clang, r-devel-linux-x86_64-debian-gcc, r-devel-linux-x86_64-fedora-clang, r-devel-linux-x86_64-fedora-gcc, r-devel-macos-x86_64-clang, r-devel-windows-ix86+x86_64, r-patched-linux-x86_64, r-patched-solaris-sparc, r-patched-solaris-x86, r-release-linux-x86_64, r-release-osx-x86_64-mavericks, r-release-windows-ix86+x86_64, r-oldrel-windows-ix86+x86_64