CRAN Package Check Results for Package cocron

Last updated on 2017-12-18 05:47:49 CET.

Flavor Version Tinstall Tcheck Ttotal Status Flags
r-devel-linux-x86_64-debian-clang 1.0-1 0.72 20.48 21.20 NOTE
r-devel-linux-x86_64-debian-gcc NOTE
r-devel-linux-x86_64-fedora-clang 1.0-1 27.68 NOTE
r-devel-linux-x86_64-fedora-gcc 1.0-1 27.04 NOTE
r-devel-windows-ix86+x86_64 1.0-1 3.00 34.00 37.00 NOTE
r-patched-linux-x86_64 1.0-1 0.73 21.97 22.70 NOTE
r-patched-solaris-x86 1.0-1 39.00 NOTE
r-release-linux-x86_64 1.0-1 0.89 22.61 23.50 NOTE
r-release-windows-ix86+x86_64 1.0-1 3.00 31.00 34.00 NOTE
r-release-osx-x86_64 1.0-1 NOTE
r-oldrel-windows-ix86+x86_64 1.0-1 4.00 28.00 32.00 NOTE
r-oldrel-osx-x86_64 1.0-1 NOTE

Check Details

Version: 1.0-1
Check: package dependencies
Result: NOTE
    Package which this enhances but not available for checking: ‘rkward’
Flavors: r-devel-linux-x86_64-debian-clang, r-devel-linux-x86_64-debian-gcc, r-devel-linux-x86_64-fedora-clang, r-devel-linux-x86_64-fedora-gcc, r-devel-windows-ix86+x86_64, r-patched-linux-x86_64, r-patched-solaris-x86, r-release-linux-x86_64, r-release-windows-ix86+x86_64, r-release-osx-x86_64, r-oldrel-windows-ix86+x86_64, r-oldrel-osx-x86_64