CRAN Package Check Results for Package cocron

Last updated on 2014-10-26 07:49:57.

Flavor Version Tinstall Tcheck Ttotal Status Flags
r-devel-linux-x86_64-debian-clang 1.0-0 0.78 12.09 12.87 NOTE
r-devel-linux-x86_64-debian-gcc 1.0-0 0.62 12.16 12.78 NOTE
r-devel-linux-x86_64-fedora-clang 1.0-0 28.97 NOTE
r-devel-linux-x86_64-fedora-gcc 1.0-0 23.52 NOTE
r-devel-osx-x86_64-clang 1.0-0 27.78 NOTE
r-devel-windows-ix86+x86_64 1.0-0 3.00 18.00 21.00 NOTE
r-patched-linux-x86_64 1.0-0 0.65 12.20 12.85 NOTE
r-patched-solaris-sparc 1.0-0 148.40 NOTE
r-patched-solaris-x86 1.0-0 38.20 NOTE
r-release-linux-ix86 1.0-0 1.00 18.81 19.81 NOTE
r-release-linux-x86_64 1.0-0 0.67 12.52 13.20 NOTE
r-release-osx-x86_64-mavericks 1.0-0 NOTE
r-release-windows-ix86+x86_64 1.0-0 3.00 19.00 22.00 NOTE
r-oldrel-windows-ix86+x86_64 1.0-0 2.00 20.00 22.00 NOTE

Check Details

Version: 1.0-0
Check: dependencies in R code
Result: NOTE
    Package in Depends field not imported from: ‘methods’
     These packages need to be imported from (in the NAMESPACE file)
     for when this namespace is loaded but not attached.
    See the information on DESCRIPTION files in the chapter ‘Creating R
    packages’ of the ‘Writing R Extensions’ manual.
Flavors: r-devel-linux-x86_64-debian-clang, r-devel-linux-x86_64-debian-gcc, r-devel-linux-x86_64-fedora-clang, r-devel-linux-x86_64-fedora-gcc, r-devel-osx-x86_64-clang, r-devel-windows-ix86+x86_64, r-patched-linux-x86_64, r-patched-solaris-sparc, r-patched-solaris-x86, r-release-linux-ix86, r-release-linux-x86_64, r-release-osx-x86_64-mavericks, r-release-windows-ix86+x86_64, r-oldrel-windows-ix86+x86_64