CRAN Package Check Results for Package cocron

Last updated on 2019-02-23 12:00:16 CET.

Flavor Version Tinstall Tcheck Ttotal Status Flags
r-devel-linux-x86_64-debian-clang 1.0-1 1.60 23.87 25.47 NOTE
r-devel-linux-x86_64-debian-gcc 1.0-1 1.77 19.14 20.91 NOTE
r-devel-linux-x86_64-fedora-clang 1.0-1 32.52 NOTE
r-devel-linux-x86_64-fedora-gcc 1.0-1 29.96 NOTE
r-devel-windows-ix86+x86_64 1.0-1 5.00 39.00 44.00 NOTE
r-patched-linux-x86_64 1.0-1 1.84 21.92 23.76 NOTE
r-patched-solaris-x86 1.0-1 43.60 NOTE
r-release-linux-x86_64 1.0-1 NOTE
r-release-windows-ix86+x86_64 1.0-1 5.00 48.00 53.00 NOTE
r-release-osx-x86_64 1.0-1 NOTE
r-oldrel-windows-ix86+x86_64 1.0-1 3.00 44.00 47.00 NOTE
r-oldrel-osx-x86_64 1.0-1 NOTE

Check Details

Version: 1.0-1
Check: package dependencies
Result: NOTE
    Package which this enhances but not available for checking: ‘rkward’
Flavors: r-devel-linux-x86_64-debian-clang, r-devel-linux-x86_64-debian-gcc, r-devel-linux-x86_64-fedora-clang, r-devel-linux-x86_64-fedora-gcc, r-devel-windows-ix86+x86_64, r-patched-linux-x86_64, r-patched-solaris-x86, r-release-linux-x86_64, r-release-windows-ix86+x86_64, r-release-osx-x86_64, r-oldrel-windows-ix86+x86_64, r-oldrel-osx-x86_64