CRAN Package Check Results for Package cocron

Last updated on 2016-06-26 05:46:44.

Flavor Version Tinstall Tcheck Ttotal Status Flags
r-devel-linux-x86_64-debian-gcc 1.0-1 0.77 12.45 13.22 NOTE
r-devel-linux-x86_64-fedora-clang 1.0-1 21.09 NOTE
r-devel-linux-x86_64-fedora-gcc 1.0-1 20.68 NOTE
r-devel-osx-x86_64-clang 1.0-1 19.28 NOTE
r-devel-windows-ix86+x86_64 1.0-1 4.00 38.00 42.00 NOTE
r-patched-linux-x86_64 1.0-1 0.87 13.36 14.23 NOTE
r-patched-solaris-sparc 1.0-1 132.00 NOTE
r-patched-solaris-x86 1.0-1 30.10 NOTE
r-release-linux-x86_64 1.0-1 0.67 12.94 13.61 NOTE
r-release-osx-x86_64-mavericks 1.0-1 NOTE
r-release-windows-ix86+x86_64 1.0-1 3.00 31.00 34.00 NOTE
r-oldrel-windows-ix86+x86_64 1.0-1 5.00 38.00 43.00 NOTE

Check Details

Version: 1.0-1
Check: package dependencies
Result: NOTE
    Package which this enhances but not available for checking: ‘rkward’
Flavors: r-devel-linux-x86_64-debian-gcc, r-devel-linux-x86_64-fedora-clang, r-devel-linux-x86_64-fedora-gcc, r-devel-osx-x86_64-clang, r-devel-windows-ix86+x86_64, r-patched-linux-x86_64, r-patched-solaris-sparc, r-patched-solaris-x86, r-release-linux-x86_64, r-release-osx-x86_64-mavericks, r-release-windows-ix86+x86_64, r-oldrel-windows-ix86+x86_64