CRAN Package Check Results for Package cocron

Last updated on 2018-06-22 20:46:50 CEST.

Flavor Version Tinstall Tcheck Ttotal Status Flags
r-devel-linux-x86_64-debian-clang 1.0-1 1.71 23.56 25.27 NOTE
r-devel-linux-x86_64-debian-gcc 1.0-1 1.34 18.51 19.85 NOTE
r-devel-linux-x86_64-fedora-clang 1.0-1 30.23 NOTE
r-devel-linux-x86_64-fedora-gcc 1.0-1 27.67 NOTE
r-devel-windows-ix86+x86_64 1.0-1 6.00 51.00 57.00 NOTE
r-patched-linux-x86_64 1.0-1 1.88 21.96 23.84 NOTE
r-patched-solaris-x86 1.0-1 44.30 NOTE
r-release-linux-x86_64 1.0-1 1.25 22.04 23.29 NOTE
r-release-windows-ix86+x86_64 1.0-1 3.00 34.00 37.00 NOTE
r-release-osx-x86_64 1.0-1 NOTE
r-oldrel-windows-ix86+x86_64 1.0-1 4.00 32.00 36.00 NOTE
r-oldrel-osx-x86_64 1.0-1 NOTE

Check Details

Version: 1.0-1
Check: package dependencies
Result: NOTE
    Package which this enhances but not available for checking: ‘rkward’
Flavors: r-devel-linux-x86_64-debian-clang, r-devel-linux-x86_64-debian-gcc, r-devel-linux-x86_64-fedora-clang, r-devel-linux-x86_64-fedora-gcc, r-devel-windows-ix86+x86_64, r-patched-linux-x86_64, r-patched-solaris-x86, r-release-linux-x86_64, r-release-windows-ix86+x86_64, r-release-osx-x86_64, r-oldrel-windows-ix86+x86_64, r-oldrel-osx-x86_64