CRAN Package Check Results for Package cocron

Last updated on 2017-08-20 07:47:17.

Flavor Version Tinstall Tcheck Ttotal Status Flags
r-devel-linux-x86_64-debian-clang 1.0-1 0.83 15.26 16.09 NOTE
r-devel-linux-x86_64-debian-gcc 1.0-1 0.64 15.33 15.97 NOTE
r-devel-linux-x86_64-fedora-clang 1.0-1 30.69 NOTE
r-devel-linux-x86_64-fedora-gcc 1.0-1 27.51 NOTE
r-devel-windows-ix86+x86_64 1.0-1 3.00 31.00 34.00 NOTE
r-patched-linux-x86_64 1.0-1 0.65 15.72 16.37 NOTE
r-patched-solaris-x86 1.0-1 39.10 NOTE
r-release-linux-x86_64 1.0-1 0.72 15.91 16.63 NOTE
r-release-windows-ix86+x86_64 1.0-1 3.00 32.00 35.00 NOTE
r-release-osx-x86_64 1.0-1 NOTE
r-oldrel-windows-ix86+x86_64 1.0-1 3.00 42.00 45.00 NOTE
r-oldrel-osx-x86_64 1.0-1 NOTE

Check Details

Version: 1.0-1
Check: package dependencies
Result: NOTE
    Package which this enhances but not available for checking: ‘rkward’
Flavors: r-devel-linux-x86_64-debian-clang, r-devel-linux-x86_64-debian-gcc, r-devel-linux-x86_64-fedora-clang, r-devel-linux-x86_64-fedora-gcc, r-devel-windows-ix86+x86_64, r-patched-linux-x86_64, r-patched-solaris-x86, r-release-linux-x86_64, r-release-windows-ix86+x86_64, r-release-osx-x86_64, r-oldrel-windows-ix86+x86_64, r-oldrel-osx-x86_64