CRAN Package Check Results for Package cocron

Last updated on 2014-12-19 09:50:52.

Flavor Version Tinstall Tcheck Ttotal Status Flags
r-devel-linux-x86_64-debian-clang 1.0-0 0.63 12.10 12.72 NOTE
r-devel-linux-x86_64-debian-gcc 1.0-0 0.63 12.05 12.68 NOTE
r-devel-linux-x86_64-fedora-clang 1.0-0 26.93 NOTE
r-devel-linux-x86_64-fedora-gcc 1.0-0 24.50 NOTE
r-devel-osx-x86_64-clang 1.0-0 30.57 NOTE
r-devel-windows-ix86+x86_64 1.0-0 3.00 20.00 23.00 NOTE
r-patched-linux-x86_64 1.0-0 0.65 12.36 13.01 NOTE
r-patched-solaris-sparc 1.0-0 148.40 NOTE
r-patched-solaris-x86 1.0-0 38.90 NOTE
r-release-linux-ix86 1.0-0 0.96 18.71 19.67 NOTE
r-release-linux-x86_64 1.0-0 0.65 11.97 12.62 NOTE
r-release-osx-x86_64-mavericks 1.0-0 NOTE
r-release-windows-ix86+x86_64 1.0-0 2.00 21.00 23.00 NOTE
r-oldrel-windows-ix86+x86_64 1.0-0 3.00 22.00 25.00 NOTE

Check Details

Version: 1.0-0
Check: dependencies in R code
Result: NOTE
    Package in Depends field not imported from: ‘methods’
     These packages need to be imported from (in the NAMESPACE file)
     for when this namespace is loaded but not attached.
    See the information on DESCRIPTION files in the chapter ‘Creating R
    packages’ of the ‘Writing R Extensions’ manual.
Flavors: r-devel-linux-x86_64-debian-clang, r-devel-linux-x86_64-debian-gcc, r-devel-linux-x86_64-fedora-clang, r-devel-linux-x86_64-fedora-gcc, r-devel-osx-x86_64-clang, r-devel-windows-ix86+x86_64, r-patched-linux-x86_64, r-patched-solaris-sparc, r-patched-solaris-x86, r-release-linux-ix86, r-release-linux-x86_64, r-release-osx-x86_64-mavericks, r-release-windows-ix86+x86_64, r-oldrel-windows-ix86+x86_64