CRAN Package Check Results for Package cocron

Last updated on 2016-08-31 02:47:46.

Flavor Version Tinstall Tcheck Ttotal Status Flags
r-devel-linux-x86_64-debian-clang 1.0-1 0.63 12.45 13.08 NOTE
r-devel-linux-x86_64-debian-gcc 1.0-1 0.62 12.16 12.78 NOTE
r-devel-linux-x86_64-fedora-clang 1.0-1 21.73 NOTE
r-devel-linux-x86_64-fedora-gcc 1.0-1 20.76 NOTE
r-devel-osx-x86_64-clang 1.0-1 19.27 NOTE
r-devel-windows-ix86+x86_64 1.0-1 9.00 41.00 50.00 NOTE
r-patched-linux-x86_64 1.0-1 0.60 12.10 12.70 NOTE
r-patched-solaris-sparc 1.0-1 132.00 NOTE
r-patched-solaris-x86 1.0-1 29.40 NOTE
r-release-linux-x86_64 1.0-1 0.61 12.66 13.27 NOTE
r-release-osx-x86_64-mavericks 1.0-1 NOTE
r-release-windows-ix86+x86_64 1.0-1 5.00 45.00 50.00 NOTE
r-oldrel-windows-ix86+x86_64 1.0-1 5.00 38.00 43.00 NOTE

Check Details

Version: 1.0-1
Check: package dependencies
Result: NOTE
    Package which this enhances but not available for checking: ‘rkward’
Flavors: r-devel-linux-x86_64-debian-clang, r-devel-linux-x86_64-debian-gcc, r-devel-linux-x86_64-fedora-clang, r-devel-linux-x86_64-fedora-gcc, r-devel-osx-x86_64-clang, r-devel-windows-ix86+x86_64, r-patched-linux-x86_64, r-patched-solaris-sparc, r-patched-solaris-x86, r-release-linux-x86_64, r-release-osx-x86_64-mavericks, r-release-windows-ix86+x86_64, r-oldrel-windows-ix86+x86_64