CRAN Package Check Results for Package cocron

Last updated on 2017-01-22 19:46:50.

Flavor Version Tinstall Tcheck Ttotal Status Flags
r-devel-linux-x86_64-debian-clang 1.0-1 0.68 15.28 15.96 NOTE
r-devel-linux-x86_64-debian-gcc 1.0-1 0.73 14.91 15.65 NOTE
r-devel-linux-x86_64-fedora-clang 1.0-1 28.08 NOTE --no-stop-on-test-error
r-devel-linux-x86_64-fedora-gcc 1.0-1 25.56 NOTE --no-stop-on-test-error
r-devel-macos-x86_64-clang 1.0-1 23.66 NOTE --no-stop-on-test-error
r-devel-windows-ix86+x86_64 1.0-1 3.00 35.00 38.00 NOTE
r-patched-linux-x86_64 1.0-1 0.62 12.19 12.81 NOTE
r-patched-solaris-sparc 1.0-1 135.60 NOTE
r-patched-solaris-x86 1.0-1 31.00 NOTE
r-release-linux-x86_64 1.0-1 0.65 12.47 13.12 NOTE
r-release-osx-x86_64-mavericks 1.0-1 NOTE
r-release-windows-ix86+x86_64 1.0-1 8.00 32.00 40.00 NOTE
r-oldrel-windows-ix86+x86_64 1.0-1 7.00 37.00 44.00 NOTE

Check Details

Version: 1.0-1
Check: package dependencies
Result: NOTE
    Package which this enhances but not available for checking: ‘rkward’
Flavors: r-devel-linux-x86_64-debian-clang, r-devel-linux-x86_64-debian-gcc, r-devel-windows-ix86+x86_64, r-patched-linux-x86_64, r-patched-solaris-sparc, r-patched-solaris-x86, r-release-linux-x86_64, r-release-osx-x86_64-mavericks, r-release-windows-ix86+x86_64, r-oldrel-windows-ix86+x86_64

Version: 1.0-1
Flags: --no-stop-on-test-error
Check: package dependencies
Result: NOTE
    Package which this enhances but not available for checking: ‘rkward’
Flavors: r-devel-linux-x86_64-fedora-clang, r-devel-linux-x86_64-fedora-gcc, r-devel-macos-x86_64-clang