Last updated on 2023-03-20 21:57:45 CET.
Flavor | Version | Tinstall | Tcheck | Ttotal | Status | Flags |
---|---|---|---|---|---|---|
r-devel-linux-x86_64-debian-clang | 1.0-1 | NOTE | ||||
r-devel-linux-x86_64-debian-gcc | 1.0-1 | 2.89 | 23.15 | 26.04 | NOTE | |
r-devel-linux-x86_64-fedora-clang | 1.0-1 | 43.17 | NOTE | |||
r-devel-linux-x86_64-fedora-gcc | 1.0-1 | 40.46 | NOTE | |||
r-devel-windows-x86_64 | 1.0-1 | 27.00 | 57.00 | 84.00 | NOTE | |
r-patched-linux-x86_64 | 1.0-1 | 2.91 | 29.72 | 32.63 | NOTE | |
r-release-linux-x86_64 | 1.0-1 | 3.37 | 29.59 | 32.96 | NOTE | |
r-release-macos-arm64 | 1.0-1 | 18.00 | NOTE | |||
r-release-macos-x86_64 | 1.0-1 | 24.00 | NOTE | |||
r-release-windows-x86_64 | 1.0-1 | 20.00 | 58.00 | 78.00 | NOTE | |
r-oldrel-macos-arm64 | 1.0-1 | 23.00 | NOTE | |||
r-oldrel-macos-x86_64 | 1.0-1 | 31.00 | NOTE | |||
r-oldrel-windows-ix86+x86_64 | 1.0-1 | 9.00 | 55.00 | 64.00 | NOTE |
Version: 1.0-1
Check: package dependencies
Result: NOTE
Package which this enhances but not available for checking: ‘rkward’
Flavors: r-devel-linux-x86_64-debian-clang, r-devel-linux-x86_64-debian-gcc, r-devel-linux-x86_64-fedora-clang, r-devel-linux-x86_64-fedora-gcc, r-devel-windows-x86_64, r-patched-linux-x86_64, r-release-linux-x86_64, r-release-macos-arm64, r-release-macos-x86_64, r-release-windows-x86_64, r-oldrel-macos-arm64, r-oldrel-macos-x86_64, r-oldrel-windows-ix86+x86_64