CRAN Package Check Results for Package cocron

Last updated on 2017-10-21 00:51:36.

Flavor Version Tinstall Tcheck Ttotal Status Flags
r-devel-linux-x86_64-debian-clang 1.0-1 0.61 15.00 15.61 NOTE
r-devel-linux-x86_64-debian-gcc 1.0-1 0.72 16.40 17.12 NOTE
r-devel-linux-x86_64-fedora-clang 1.0-1 28.59 NOTE
r-devel-linux-x86_64-fedora-gcc 1.0-1 28.24 NOTE
r-devel-windows-ix86+x86_64 1.0-1 5.00 32.00 37.00 NOTE
r-patched-linux-x86_64 1.0-1 0.70 15.30 16.00 NOTE
r-patched-solaris-x86 1.0-1 39.80 NOTE
r-release-linux-x86_64 1.0-1 0.65 15.73 16.38 NOTE
r-release-windows-ix86+x86_64 1.0-1 4.00 30.00 34.00 NOTE
r-release-osx-x86_64 1.0-1 NOTE
r-oldrel-windows-ix86+x86_64 1.0-1 2.00 36.00 38.00 NOTE
r-oldrel-osx-x86_64 1.0-1 NOTE

Check Details

Version: 1.0-1
Check: package dependencies
Result: NOTE
    Package which this enhances but not available for checking: ‘rkward’
Flavors: r-devel-linux-x86_64-debian-clang, r-devel-linux-x86_64-debian-gcc, r-devel-linux-x86_64-fedora-clang, r-devel-linux-x86_64-fedora-gcc, r-devel-windows-ix86+x86_64, r-patched-linux-x86_64, r-patched-solaris-x86, r-release-linux-x86_64, r-release-windows-ix86+x86_64, r-release-osx-x86_64, r-oldrel-windows-ix86+x86_64, r-oldrel-osx-x86_64