CRAN Package Check Results for Package cocron

Last updated on 2019-08-24 22:46:22 CEST.

Flavor Version Tinstall Tcheck Ttotal Status Flags
r-devel-linux-x86_64-debian-clang 1.0-1 2.67 23.68 26.35 NOTE
r-devel-linux-x86_64-debian-gcc 1.0-1 1.91 19.25 21.16 NOTE
r-devel-linux-x86_64-fedora-clang 1.0-1 34.33 NOTE
r-devel-linux-x86_64-fedora-gcc 1.0-1 31.30 NOTE
r-devel-windows-ix86+x86_64 1.0-1 6.00 50.00 56.00 NOTE
r-patched-linux-x86_64 1.0-1 1.87 23.62 25.49 NOTE
r-patched-solaris-x86 1.0-1 50.80 NOTE
r-release-linux-x86_64 1.0-1 2.44 23.53 25.97 NOTE
r-release-windows-ix86+x86_64 1.0-1 5.00 54.00 59.00 NOTE
r-release-osx-x86_64 1.0-1 NOTE
r-oldrel-windows-ix86+x86_64 1.0-1 6.00 44.00 50.00 NOTE
r-oldrel-osx-x86_64 1.0-1 NOTE

Check Details

Version: 1.0-1
Check: package dependencies
Result: NOTE
    Package which this enhances but not available for checking: 'rkward'
Flavors: r-devel-linux-x86_64-debian-clang, r-devel-linux-x86_64-debian-gcc, r-devel-linux-x86_64-fedora-clang, r-devel-linux-x86_64-fedora-gcc, r-devel-windows-ix86+x86_64, r-patched-linux-x86_64, r-patched-solaris-x86, r-release-linux-x86_64, r-release-windows-ix86+x86_64, r-release-osx-x86_64, r-oldrel-windows-ix86+x86_64, r-oldrel-osx-x86_64