CRAN Package Check Results for Package cocron

Last updated on 2015-09-01 10:50:47.

Flavor Version Tinstall Tcheck Ttotal Status Flags
r-devel-linux-x86_64-debian-clang 1.0-0 0.55 10.97 11.52 NOTE
r-devel-linux-x86_64-debian-gcc 1.0-0 0.57 11.04 11.61 NOTE
r-devel-linux-x86_64-fedora-clang 1.0-0 22.56 NOTE
r-devel-linux-x86_64-fedora-gcc 1.0-0 20.86 NOTE
r-devel-osx-x86_64-clang 1.0-0 22.40 NOTE
r-devel-windows-ix86+x86_64 1.0-0 3.00 22.00 25.00 NOTE
r-patched-linux-x86_64 1.0-0 0.60 11.43 12.03 NOTE
r-patched-solaris-sparc 1.0-0 157.10 NOTE
r-patched-solaris-x86 1.0-0 35.10 NOTE
r-release-linux-x86_64 1.0-0 0.62 11.31 11.92 NOTE
r-release-osx-x86_64-mavericks 1.0-0 NOTE
r-release-windows-ix86+x86_64 1.0-0 3.00 22.00 25.00 NOTE
r-oldrel-windows-ix86+x86_64 1.0-0 5.00 21.00 26.00 NOTE

Check Details

Version: 1.0-0
Check: dependencies in R code
Result: NOTE
    Package in Depends field not imported from: ‘methods’
     These packages need to be imported from (in the NAMESPACE file)
     for when this namespace is loaded but not attached.
Flavors: r-devel-linux-x86_64-debian-clang, r-devel-linux-x86_64-debian-gcc, r-devel-linux-x86_64-fedora-clang, r-devel-linux-x86_64-fedora-gcc, r-devel-osx-x86_64-clang, r-devel-windows-ix86+x86_64, r-patched-linux-x86_64, r-patched-solaris-sparc, r-patched-solaris-x86, r-release-linux-x86_64, r-release-osx-x86_64-mavericks, r-release-windows-ix86+x86_64, r-oldrel-windows-ix86+x86_64

Version: 1.0-0
Check: R code for possible problems
Result: NOTE
    cocron: no visible global function definition for ‘is’
    cocron : <anonymous>: no visible global function definition for ‘is’
    cocron: no visible global function definition for ‘cor’
    cocron.n.coefficients: no visible global function definition for ‘new’
    cocron.two.coefficients: no visible global function definition for
     ‘new’
    cronbach.alpha: no visible global function definition for ‘na.exclude’
    cronbach.alpha: no visible global function definition for ‘cor’
    cronbach.alpha: no visible binding for global variable ‘var’
    cronbach.alpha: no visible global function definition for ‘var’
    cronbach.alpha.CI: no visible global function definition for ‘qf’
    Undefined global functions or variables:
     cor is na.exclude new qf var
    Consider adding
     importFrom("methods", "is", "new")
     importFrom("stats", "cor", "na.exclude", "qf", "var")
    to your NAMESPACE (and ensure that your DESCRIPTION Imports field
    contains 'methods').
Flavors: r-devel-linux-x86_64-debian-clang, r-devel-linux-x86_64-debian-gcc, r-devel-linux-x86_64-fedora-clang, r-devel-linux-x86_64-fedora-gcc, r-devel-windows-ix86+x86_64