Last updated on 2021-02-28 21:48:27 CET.
Flavor | Version | Tinstall | Tcheck | Ttotal | Status | Flags |
---|---|---|---|---|---|---|
r-devel-linux-x86_64-debian-clang | 1.0-1 | NOTE | ||||
r-devel-linux-x86_64-debian-gcc | 1.0-1 | 2.43 | 22.03 | 24.46 | NOTE | |
r-devel-linux-x86_64-fedora-clang | 1.0-1 | 47.71 | NOTE | |||
r-devel-linux-x86_64-fedora-gcc | 1.0-1 | 37.80 | NOTE | |||
r-devel-windows-ix86+x86_64 | 1.0-1 | 8.00 | 29.00 | 37.00 | NOTE | |
r-patched-linux-x86_64 | 1.0-1 | 2.82 | 27.42 | 30.24 | NOTE | |
r-patched-solaris-x86 | 1.0-1 | 62.20 | NOTE | |||
r-release-linux-x86_64 | 1.0-1 | 3.38 | 27.07 | 30.45 | NOTE | |
r-release-macos-x86_64 | 1.0-1 | NOTE | ||||
r-release-windows-ix86+x86_64 | 1.0-1 | 17.00 | 46.00 | 63.00 | NOTE | |
r-oldrel-macos-x86_64 | 1.0-1 | NOTE | ||||
r-oldrel-windows-ix86+x86_64 | 1.0-1 | 4.00 | 40.00 | 44.00 | NOTE |
Version: 1.0-1
Check: package dependencies
Result: NOTE
Package which this enhances but not available for checking: 'rkward'
Flavors: r-devel-linux-x86_64-debian-clang, r-devel-linux-x86_64-debian-gcc, r-devel-linux-x86_64-fedora-clang, r-devel-linux-x86_64-fedora-gcc, r-devel-windows-ix86+x86_64, r-patched-linux-x86_64, r-patched-solaris-x86, r-release-linux-x86_64, r-release-macos-x86_64, r-release-windows-ix86+x86_64, r-oldrel-macos-x86_64, r-oldrel-windows-ix86+x86_64