CRAN Package Check Results for Package cocron

Last updated on 2017-03-01 19:48:24.

Flavor Version Tinstall Tcheck Ttotal Status Flags
r-devel-linux-x86_64-debian-clang 1.0-1 0.76 15.43 16.19 NOTE
r-devel-linux-x86_64-debian-gcc 1.0-1 0.73 15.19 15.92 NOTE
r-devel-linux-x86_64-fedora-clang 1.0-1 27.16 NOTE --no-stop-on-test-error
r-devel-linux-x86_64-fedora-gcc 1.0-1 26.23 NOTE --no-stop-on-test-error
r-devel-macos-x86_64-clang 1.0-1 24.08 NOTE --no-stop-on-test-error
r-devel-windows-ix86+x86_64 1.0-1 3.00 41.00 44.00 NOTE
r-patched-linux-x86_64 1.0-1 0.64 12.16 12.79 NOTE
r-patched-solaris-sparc 1.0-1 135.60 NOTE
r-patched-solaris-x86 1.0-1 30.70 NOTE
r-release-linux-x86_64 1.0-1 0.66 11.85 12.51 NOTE
r-release-osx-x86_64-mavericks 1.0-1 NOTE
r-release-windows-ix86+x86_64 1.0-1 5.00 67.00 72.00 NOTE
r-oldrel-windows-ix86+x86_64 1.0-1 10.00 41.00 51.00 NOTE

Check Details

Version: 1.0-1
Check: package dependencies
Result: NOTE
    Package which this enhances but not available for checking: ‘rkward’
Flavors: r-devel-linux-x86_64-debian-clang, r-devel-linux-x86_64-debian-gcc, r-devel-windows-ix86+x86_64, r-patched-linux-x86_64, r-patched-solaris-sparc, r-patched-solaris-x86, r-release-linux-x86_64, r-release-osx-x86_64-mavericks, r-release-windows-ix86+x86_64, r-oldrel-windows-ix86+x86_64

Version: 1.0-1
Flags: --no-stop-on-test-error
Check: package dependencies
Result: NOTE
    Package which this enhances but not available for checking: ‘rkward’
Flavors: r-devel-linux-x86_64-fedora-clang, r-devel-linux-x86_64-fedora-gcc, r-devel-macos-x86_64-clang