CRAN Package Check Results for Package cocron

Last updated on 2020-03-30 13:48:48 CEST.

Flavor Version Tinstall Tcheck Ttotal Status Flags
r-devel-linux-x86_64-debian-clang 1.0-1 3.52 26.31 29.83 NOTE
r-devel-linux-x86_64-debian-gcc 1.0-1 2.11 21.33 23.44 NOTE
r-devel-linux-x86_64-fedora-clang 1.0-1 37.87 NOTE
r-devel-linux-x86_64-fedora-gcc 1.0-1 36.46 NOTE
r-devel-windows-ix86+x86_64 1.0-1 9.00 34.00 43.00 NOTE
r-devel-windows-ix86+x86_64-gcc8 1.0-1 8.00 37.00 45.00 NOTE
r-patched-linux-x86_64 1.0-1 2.97 26.20 29.17 NOTE
r-patched-solaris-x86 1.0-1 57.50 NOTE
r-release-linux-x86_64 1.0-1 1.98 24.20 26.18 NOTE
r-release-windows-ix86+x86_64 1.0-1 19.00 53.00 72.00 NOTE
r-release-osx-x86_64 1.0-1 NOTE
r-oldrel-windows-ix86+x86_64 1.0-1 5.00 48.00 53.00 NOTE
r-oldrel-osx-x86_64 1.0-1 NOTE

Check Details

Version: 1.0-1
Check: package dependencies
Result: NOTE
    Package which this enhances but not available for checking: 'rkward'
Flavors: r-devel-linux-x86_64-debian-clang, r-devel-linux-x86_64-debian-gcc, r-devel-linux-x86_64-fedora-clang, r-devel-linux-x86_64-fedora-gcc, r-devel-windows-ix86+x86_64, r-devel-windows-ix86+x86_64-gcc8, r-patched-linux-x86_64, r-patched-solaris-x86, r-release-linux-x86_64, r-release-windows-ix86+x86_64, r-release-osx-x86_64, r-oldrel-windows-ix86+x86_64, r-oldrel-osx-x86_64