CRAN Package Check Results for Package cocron

Last updated on 2020-10-25 16:49:34 CET.

Flavor Version Tinstall Tcheck Ttotal Status Flags
r-devel-linux-x86_64-debian-clang 1.0-1 2.82 28.03 30.85 NOTE
r-devel-linux-x86_64-debian-gcc 1.0-1 2.50 21.96 24.46 NOTE
r-devel-linux-x86_64-fedora-clang 1.0-1 47.53 NOTE
r-devel-linux-x86_64-fedora-gcc 1.0-1 37.23 NOTE
r-devel-windows-ix86+x86_64 1.0-1 13.00 46.00 59.00 NOTE
r-patched-linux-x86_64 1.0-1 3.02 27.02 30.04 NOTE
r-patched-solaris-x86 1.0-1 55.40 NOTE
r-release-linux-x86_64 1.0-1 2.90 26.70 29.60 NOTE
r-release-macos-x86_64 1.0-1 NOTE
r-release-windows-ix86+x86_64 1.0-1 7.00 35.00 42.00 NOTE
r-oldrel-macos-x86_64 1.0-1 NOTE
r-oldrel-windows-ix86+x86_64 1.0-1 5.00 45.00 50.00 NOTE

Check Details

Version: 1.0-1
Check: package dependencies
Result: NOTE
    Package which this enhances but not available for checking: 'rkward'
Flavors: r-devel-linux-x86_64-debian-clang, r-devel-linux-x86_64-debian-gcc, r-devel-linux-x86_64-fedora-clang, r-devel-linux-x86_64-fedora-gcc, r-devel-windows-ix86+x86_64, r-patched-linux-x86_64, r-patched-solaris-x86, r-release-linux-x86_64, r-release-macos-x86_64, r-release-windows-ix86+x86_64, r-oldrel-macos-x86_64, r-oldrel-windows-ix86+x86_64