CRAN Package Check Results for Package cocron

Last updated on 2014-04-25 05:47:13.

Flavor Version Tinstall Tcheck Ttotal Status Flags
r-devel-linux-x86_64-debian-clang 1.0-0 0.68 12.43 13.11 NOTE
r-devel-linux-x86_64-debian-gcc 1.0-0 0.68 12.39 13.07 NOTE
r-devel-linux-x86_64-fedora-clang 1.0-0 26.04 NOTE
r-devel-linux-x86_64-fedora-gcc 1.0-0 24.80 NOTE
r-devel-osx-x86_64-clang 1.0-0 25.16 NOTE
r-devel-osx-x86_64-gcc 1.0-0 NOTE
r-devel-windows-ix86+x86_64 1.0-0 2.00 19.00 21.00 NOTE
r-patched-linux-x86_64 1.0-0 0.70 12.60 13.30 NOTE
r-patched-solaris-sparc 1.0-0 147.40 NOTE
r-patched-solaris-x86 1.0-0 39.00 NOTE
r-release-linux-ix86 1.0-0 1.00 27.00 28.00 NOTE
r-release-linux-x86_64 1.0-0 0.70 12.29 12.99 NOTE
r-release-osx-x86_64-mavericks 1.0-0 NOTE
r-release-windows-ix86+x86_64 1.0-0 5.00 27.00 32.00 NOTE
r-oldrel-windows-ix86+x86_64 1.0-0 2.00 22.00 24.00 NOTE

Check Details

Version: 1.0-0
Check: dependencies in R code
Result: NOTE
    Package in Depends field not imported from: ‘methods’
     These packages need to be imported from (in the NAMESPACE file)
     for when this namespace is loaded but not attached.
    See the information on DESCRIPTION files in the chapter ‘Creating R
    packages’ of the ‘Writing R Extensions’ manual.
Flavors: r-devel-linux-x86_64-debian-clang, r-devel-linux-x86_64-debian-gcc, r-devel-linux-x86_64-fedora-clang, r-devel-linux-x86_64-fedora-gcc, r-devel-osx-x86_64-clang, r-devel-osx-x86_64-gcc, r-devel-windows-ix86+x86_64, r-patched-linux-x86_64, r-patched-solaris-sparc, r-patched-solaris-x86, r-release-linux-ix86, r-release-linux-x86_64, r-release-osx-x86_64-mavericks, r-release-windows-ix86+x86_64, r-oldrel-windows-ix86+x86_64