CRAN Package Check Results for Package cocron

Last updated on 2016-05-31 23:48:13.

Flavor Version Tinstall Tcheck Ttotal Status Flags
r-devel-linux-x86_64-debian-gcc 1.0-1 0.72 13.93 14.64 NOTE
r-devel-linux-x86_64-fedora-clang 1.0-1 23.42 NOTE
r-devel-linux-x86_64-fedora-gcc 1.0-1 20.11 NOTE
r-devel-osx-x86_64-clang 1.0-1 25.36 NOTE
r-devel-windows-ix86+x86_64 1.0-1 3.00 29.00 32.00 NOTE
r-patched-linux-x86_64 1.0-1 0.75 13.66 14.41 NOTE
r-patched-solaris-sparc 1.0-1 132.40 NOTE
r-patched-solaris-x86 1.0-1 30.20 NOTE
r-release-linux-x86_64 1.0-1 0.68 12.09 12.77 NOTE
r-release-osx-x86_64-mavericks 1.0-1 NOTE
r-release-windows-ix86+x86_64 1.0-1 5.00 37.00 42.00 NOTE
r-oldrel-windows-ix86+x86_64 1.0-1 3.00 40.00 43.00 NOTE

Check Details

Version: 1.0-1
Check: package dependencies
Result: NOTE
    Package which this enhances but not available for checking: ‘rkward’
Flavors: r-devel-linux-x86_64-debian-gcc, r-devel-linux-x86_64-fedora-clang, r-devel-linux-x86_64-fedora-gcc, r-devel-osx-x86_64-clang, r-devel-windows-ix86+x86_64, r-patched-linux-x86_64, r-patched-solaris-sparc, r-patched-solaris-x86, r-release-linux-x86_64, r-release-osx-x86_64-mavericks, r-release-windows-ix86+x86_64, r-oldrel-windows-ix86+x86_64