CRAN Package Check Results for Package cocron

Last updated on 2018-12-18 14:47:13 CET.

Flavor Version Tinstall Tcheck Ttotal Status Flags
r-devel-linux-x86_64-debian-clang 1.0-1 1.23 23.50 24.73 NOTE
r-devel-linux-x86_64-debian-gcc 1.0-1 1.19 18.94 20.13 NOTE
r-devel-linux-x86_64-fedora-clang 1.0-1 29.68 NOTE
r-devel-linux-x86_64-fedora-gcc 1.0-1 28.37 NOTE
r-devel-windows-ix86+x86_64 1.0-1 6.00 45.00 51.00 NOTE
r-patched-linux-x86_64 1.0-1 1.85 21.99 23.84 NOTE
r-patched-solaris-x86 1.0-1 43.60 NOTE
r-release-linux-x86_64 1.0-1 1.55 22.00 23.55 NOTE
r-release-windows-ix86+x86_64 1.0-1 3.00 41.00 44.00 NOTE
r-release-osx-x86_64 1.0-1 NOTE
r-oldrel-windows-ix86+x86_64 1.0-1 3.00 48.00 51.00 NOTE
r-oldrel-osx-x86_64 1.0-1 NOTE

Check Details

Version: 1.0-1
Check: package dependencies
Result: NOTE
    Package which this enhances but not available for checking: ‘rkward’
Flavors: r-devel-linux-x86_64-debian-clang, r-devel-linux-x86_64-debian-gcc, r-devel-linux-x86_64-fedora-clang, r-devel-linux-x86_64-fedora-gcc, r-devel-windows-ix86+x86_64, r-patched-linux-x86_64, r-patched-solaris-x86, r-release-linux-x86_64, r-release-windows-ix86+x86_64, r-release-osx-x86_64, r-oldrel-windows-ix86+x86_64, r-oldrel-osx-x86_64