CRAN Package Check Results for Package cocron

Last updated on 2018-08-21 01:46:17 CEST.

Flavor Version Tinstall Tcheck Ttotal Status Flags
r-devel-linux-x86_64-debian-clang 1.0-1 1.30 23.82 25.12 NOTE
r-devel-linux-x86_64-debian-gcc 1.0-1 1.24 19.84 21.08 NOTE
r-devel-linux-x86_64-fedora-clang 1.0-1 30.17 NOTE
r-devel-linux-x86_64-fedora-gcc 1.0-1 28.67 NOTE
r-devel-windows-ix86+x86_64 1.0-1 5.00 34.00 39.00 NOTE
r-patched-linux-x86_64 1.0-1 1.53 21.91 23.44 NOTE
r-patched-solaris-x86 1.0-1 46.00 NOTE
r-release-linux-x86_64 1.0-1 1.88 22.07 23.95 NOTE
r-release-windows-ix86+x86_64 1.0-1 5.00 54.00 59.00 NOTE
r-release-osx-x86_64 1.0-1 NOTE
r-oldrel-windows-ix86+x86_64 1.0-1 3.00 37.00 40.00 NOTE
r-oldrel-osx-x86_64 1.0-1 NOTE

Check Details

Version: 1.0-1
Check: package dependencies
Result: NOTE
    Package which this enhances but not available for checking: ‘rkward’
Flavors: r-devel-linux-x86_64-debian-clang, r-devel-linux-x86_64-debian-gcc, r-devel-linux-x86_64-fedora-clang, r-devel-linux-x86_64-fedora-gcc, r-devel-windows-ix86+x86_64, r-patched-linux-x86_64, r-patched-solaris-x86, r-release-linux-x86_64, r-release-windows-ix86+x86_64, r-release-osx-x86_64, r-oldrel-windows-ix86+x86_64, r-oldrel-osx-x86_64