Last updated on 2023-10-03 04:01:05 CEST.
Flavor | Version | Tinstall | Tcheck | Ttotal | Status | Flags |
---|---|---|---|---|---|---|
r-devel-linux-x86_64-debian-clang | 1.0-1 | 3.77 | 29.70 | 33.47 | NOTE | |
r-devel-linux-x86_64-debian-gcc | 1.0-1 | 2.19 | 23.13 | 25.32 | NOTE | |
r-devel-linux-x86_64-fedora-clang | 1.0-1 | 41.93 | NOTE | |||
r-devel-linux-x86_64-fedora-gcc | 1.0-1 | 40.84 | NOTE | |||
r-devel-windows-x86_64 | 1.0-1 | 3.00 | 46.00 | 49.00 | NOTE | |
r-patched-linux-x86_64 | 1.0-1 | 3.03 | 28.71 | 31.74 | NOTE | |
r-release-linux-x86_64 | 1.0-1 | 3.13 | 29.01 | 32.14 | NOTE | |
r-release-macos-arm64 | 1.0-1 | 17.00 | NOTE | |||
r-release-macos-x86_64 | 1.0-1 | 23.00 | NOTE | |||
r-release-windows-x86_64 | 1.0-1 | 5.00 | 47.00 | 52.00 | NOTE | |
r-oldrel-macos-arm64 | 1.0-1 | 17.00 | NOTE | |||
r-oldrel-macos-x86_64 | 1.0-1 | 24.00 | NOTE | |||
r-oldrel-windows-x86_64 | 1.0-1 | 8.00 | 48.00 | 56.00 | NOTE |
Version: 1.0-1
Check: package dependencies
Result: NOTE
Package which this enhances but not available for checking: ‘rkward’
Flavors: r-devel-linux-x86_64-debian-clang, r-devel-linux-x86_64-debian-gcc, r-devel-linux-x86_64-fedora-clang, r-devel-linux-x86_64-fedora-gcc, r-devel-windows-x86_64, r-patched-linux-x86_64, r-release-linux-x86_64, r-release-macos-arm64, r-release-macos-x86_64, r-release-windows-x86_64, r-oldrel-macos-arm64, r-oldrel-macos-x86_64, r-oldrel-windows-x86_64