CRAN Package Check Results for Package coda

Last updated on 2015-04-19 10:51:44.

Flavor Version Tinstall Tcheck Ttotal Status Flags
r-devel-linux-x86_64-debian-clang 0.17-1 1.16 17.50 18.66 NOTE
r-devel-linux-x86_64-debian-gcc 0.17-1 1.12 17.72 18.83 NOTE
r-devel-linux-x86_64-fedora-clang 0.17-1 34.80 NOTE
r-devel-linux-x86_64-fedora-gcc 0.17-1 32.62 OK
r-devel-osx-x86_64-clang 0.17-1 36.77 NOTE
r-devel-windows-ix86+x86_64 0.17-1 7.00 25.00 32.00 OK
r-patched-linux-x86_64 0.17-1 1.10 17.33 18.43 NOTE
r-patched-solaris-sparc 0.17-1 238.10 OK
r-patched-solaris-x86 0.17-1 44.80 OK
r-release-linux-x86_64 0.17-1 1.47 17.32 18.79 NOTE
r-release-osx-x86_64-mavericks 0.17-1 OK
r-release-osx-x86_64-snowleopard 0.17-1 OK
r-release-windows-ix86+x86_64 0.17-1 3.00 25.00 28.00 OK
r-oldrel-windows-ix86+x86_64 0.17-1 3.00 36.00 39.00 OK

Check Details

Version: 0.17-1
Check: R code for possible problems
Result: NOTE
    Found the following assignments to the global environment:
    File ‘coda/R/codamenu.R’:
     assign(fname, data, pos = 1)
Flavors: r-devel-linux-x86_64-debian-clang, r-devel-linux-x86_64-debian-gcc, r-devel-linux-x86_64-fedora-clang, r-devel-osx-x86_64-clang, r-patched-linux-x86_64, r-release-linux-x86_64