CRAN Package Check Results for Package coda

Last updated on 2014-07-25 17:47:58.

Flavor Version Tinstall Tcheck Ttotal Status Flags
r-devel-linux-x86_64-debian-clang 0.16-1 1.24 18.35 19.59 NOTE
r-devel-linux-x86_64-debian-gcc 0.16-1 1.22 18.04 19.25 NOTE
r-devel-linux-x86_64-fedora-clang 0.16-1 39.02 NOTE
r-devel-linux-x86_64-fedora-gcc 0.16-1 37.07 NOTE
r-devel-osx-x86_64-clang 0.16-1 36.92 NOTE
r-devel-windows-ix86+x86_64 0.16-1 4.00 28.00 32.00 OK
r-patched-linux-x86_64 0.16-1 1.14 18.20 19.34 NOTE
r-patched-solaris-sparc 0.16-1 220.60 OK
r-patched-solaris-x86 0.16-1 49.70 OK
r-release-linux-ix86 0.16-1 1.48 25.56 27.04 NOTE
r-release-linux-x86_64 0.16-1 1.21 19.28 20.49 NOTE
r-release-osx-x86_64-mavericks 0.16-1 OK
r-release-windows-ix86+x86_64 0.16-1 4.00 29.00 33.00 OK
r-oldrel-windows-ix86+x86_64 0.16-1 4.00 30.00 34.00 OK

Check Details

Version: 0.16-1
Check: R code for possible problems
Result: NOTE
    Found the following assignments to the global environment:
    File ‘coda/R/codamenu.R’:
     assign(fname, data, pos = 1)
    File ‘coda/R/util.R’:
     assign(".Coda.Options", copt, pos = 1)
Flavors: r-devel-linux-x86_64-debian-clang, r-devel-linux-x86_64-debian-gcc, r-devel-linux-x86_64-fedora-clang, r-devel-osx-x86_64-clang, r-patched-linux-x86_64, r-release-linux-ix86, r-release-linux-x86_64

Version: 0.16-1
Check: top-level files
Result: NOTE
    Non-standard files/directories found at top level:
     ‘AUTHORS’ ‘misc’
    Authors information should be in file inst/AUTHORS
Flavors: r-devel-linux-x86_64-fedora-clang, r-devel-linux-x86_64-fedora-gcc