CRAN Package Check Results for Package coda

Last updated on 2015-05-25 23:47:19.

Flavor Version Tinstall Tcheck Ttotal Status Flags
r-devel-linux-x86_64-debian-clang 0.17-1 1.05 17.64 18.70 NOTE
r-devel-linux-x86_64-debian-gcc 0.17-1 1.01 16.88 17.89 NOTE
r-devel-linux-x86_64-fedora-clang 0.17-1 34.66 NOTE
r-devel-linux-x86_64-fedora-gcc 0.17-1 32.49 OK
r-devel-osx-x86_64-clang 0.17-1 34.67 NOTE
r-devel-windows-ix86+x86_64 0.17-1 8.00 27.00 35.00 OK
r-patched-linux-x86_64 0.17-1 1.20 17.51 18.71 NOTE
r-patched-solaris-sparc 0.17-1 244.20 OK
r-patched-solaris-x86 0.17-1 46.10 OK
r-release-linux-x86_64 0.17-1 1.02 18.54 19.57 NOTE
r-release-osx-x86_64-mavericks 0.17-1 OK
r-release-osx-x86_64-snowleopard 0.17-1 OK
r-release-windows-ix86+x86_64 0.17-1 4.00 27.00 31.00 OK
r-oldrel-windows-ix86+x86_64 0.17-1 4.00 46.00 50.00 OK

Check Details

Version: 0.17-1
Check: R code for possible problems
Result: NOTE
    Found the following assignments to the global environment:
    File ‘coda/R/codamenu.R’:
     assign(fname, data, pos = 1)
Flavors: r-devel-linux-x86_64-debian-clang, r-devel-linux-x86_64-debian-gcc, r-devel-linux-x86_64-fedora-clang, r-devel-osx-x86_64-clang, r-patched-linux-x86_64, r-release-linux-x86_64