CRAN Package Check Results for Package coda

Last updated on 2014-09-01 19:46:20.

Flavor Version Tinstall Tcheck Ttotal Status Flags
r-devel-linux-x86_64-debian-clang 0.16-1 1.10 17.73 18.83 NOTE
r-devel-linux-x86_64-debian-gcc 0.16-1 1.05 18.06 19.11 NOTE
r-devel-linux-x86_64-fedora-clang 0.16-1 38.26 NOTE
r-devel-linux-x86_64-fedora-gcc 0.16-1 35.37 NOTE
r-devel-osx-x86_64-clang 0.16-1 35.51 NOTE
r-devel-windows-ix86+x86_64 0.16-1 4.00 28.00 32.00 NOTE
r-patched-linux-x86_64 0.16-1 1.07 18.32 19.39 NOTE
r-patched-solaris-sparc 0.16-1 229.20 OK
r-patched-solaris-x86 0.16-1 49.00 OK
r-release-linux-ix86 0.16-1 1.47 25.49 26.96 NOTE
r-release-linux-x86_64 0.16-1 1.11 18.36 19.47 NOTE
r-release-osx-x86_64-mavericks 0.16-1 OK
r-release-windows-ix86+x86_64 0.16-1 3.00 36.00 39.00 OK
r-oldrel-windows-ix86+x86_64 0.16-1 5.00 32.00 37.00 OK

Check Details

Version: 0.16-1
Check: R code for possible problems
Result: NOTE
    levelplot.mcmc: no visible global function definition for ‘do.breaks’
    panel.acfplot: no visible global function definition for
     ‘trellis.par.get’
    panel.acfplot: no visible global function definition for ‘panel.abline’
    panel.acfplot: no visible global function definition for ‘panel.xyplot’
    panel.acfplot: no visible global function definition for
     ‘panel.superpose’
    qqmath.mcmc: no visible binding for global variable
     ‘prepanel.qqmathline’
    qqmath.mcmc.list: no visible binding for global variable
     ‘prepanel.qqmathline’
    splom.mcmc: no visible global function definition for ‘do.breaks’
    splom.mcmc: no visible global function definition for ‘splom’
    
    Found the following assignments to the global environment:
    File ‘coda/R/codamenu.R’:
     assign(fname, data, pos = 1)
    File ‘coda/R/util.R’:
     assign(".Coda.Options", copt, pos = 1)
Flavors: r-devel-linux-x86_64-debian-clang, r-devel-linux-x86_64-debian-gcc, r-devel-linux-x86_64-fedora-clang, r-devel-osx-x86_64-clang

Version: 0.16-1
Check: top-level files
Result: NOTE
    Non-standard files/directories found at top level:
     ‘AUTHORS’ ‘misc’
    Authors information should be in file inst/AUTHORS
Flavors: r-devel-linux-x86_64-fedora-clang, r-devel-linux-x86_64-fedora-gcc

Version: 0.16-1
Check: R code for possible problems
Result: NOTE
    levelplot.mcmc: no visible global function definition for ‘do.breaks’
    panel.acfplot: no visible global function definition for
     ‘trellis.par.get’
    panel.acfplot: no visible global function definition for ‘panel.abline’
    panel.acfplot: no visible global function definition for ‘panel.xyplot’
    panel.acfplot: no visible global function definition for
     ‘panel.superpose’
    qqmath.mcmc: no visible binding for global variable
     ‘prepanel.qqmathline’
    qqmath.mcmc.list: no visible binding for global variable
     ‘prepanel.qqmathline’
    splom.mcmc: no visible global function definition for ‘do.breaks’
    splom.mcmc: no visible global function definition for ‘splom’
Flavors: r-devel-linux-x86_64-fedora-gcc, r-devel-windows-ix86+x86_64

Version: 0.16-1
Check: R code for possible problems
Result: NOTE
    Found the following assignments to the global environment:
    File ‘coda/R/codamenu.R’:
     assign(fname, data, pos = 1)
    File ‘coda/R/util.R’:
     assign(".Coda.Options", copt, pos = 1)
Flavors: r-patched-linux-x86_64, r-release-linux-ix86, r-release-linux-x86_64