CRAN Package Check Results for Package codadiags

Last updated on 2014-07-24 15:52:17.

Flavor Version Tinstall Tcheck Ttotal Status Flags
r-devel-linux-x86_64-debian-clang 1.0 4.29 87.29 91.58 NOTE
r-devel-linux-x86_64-debian-gcc 1.0 4.86 94.72 99.58 NOTE
r-devel-linux-x86_64-fedora-clang 1.0 219.42 NOTE
r-devel-linux-x86_64-fedora-gcc 1.0 214.48 NOTE
r-devel-osx-x86_64-clang 1.0 170.62 NOTE
r-devel-windows-ix86+x86_64 1.0 18.00 172.00 190.00 NOTE
r-patched-linux-x86_64 1.0 4.35 87.43 91.78 NOTE
r-patched-solaris-sparc 1.0 1751.90 NOTE
r-patched-solaris-x86 1.0 347.80 NOTE
r-release-linux-ix86 1.0 6.81 129.00 135.80 NOTE
r-release-linux-x86_64 1.0 4.47 86.82 91.29 NOTE
r-release-osx-x86_64-mavericks 1.0 NOTE
r-release-osx-x86_64-snowleopard 1.0 OK
r-release-windows-ix86+x86_64 1.0 16.00 172.00 188.00 NOTE
r-oldrel-windows-ix86+x86_64 1.0 18.00 201.00 219.00 NOTE

Check Details

Version: 1.0
Check: dependencies in R code
Result: NOTE
    Package in Depends field not imported from: ‘coda’
     These packages need to be imported from (in the NAMESPACE file)
     for when this namespace is loaded but not attached.
    See the information on DESCRIPTION files in the chapter ‘Creating R
    packages’ of the ‘Writing R Extensions’ manual.
Flavors: r-devel-linux-x86_64-debian-clang, r-devel-linux-x86_64-debian-gcc, r-devel-linux-x86_64-fedora-clang, r-devel-linux-x86_64-fedora-gcc, r-devel-osx-x86_64-clang, r-devel-windows-ix86+x86_64, r-patched-linux-x86_64, r-patched-solaris-sparc, r-patched-solaris-x86, r-release-linux-ix86, r-release-linux-x86_64, r-release-osx-x86_64-mavericks, r-release-windows-ix86+x86_64, r-oldrel-windows-ix86+x86_64