CRAN Package Check Results for Package codadiags

Last updated on 2015-07-05 22:47:21.

Flavor Version Tinstall Tcheck Ttotal Status Flags
r-devel-linux-x86_64-debian-clang 1.0 4.00 81.96 85.96 NOTE
r-devel-linux-x86_64-debian-gcc 1.0 4.30 83.06 87.36 NOTE
r-devel-linux-x86_64-fedora-clang 1.0 185.15 NOTE
r-devel-linux-x86_64-fedora-gcc 1.0 189.65 NOTE
r-devel-osx-x86_64-clang 1.0 166.04 NOTE
r-devel-windows-ix86+x86_64 1.0 24.00 252.00 276.00 NOTE
r-patched-linux-x86_64 1.0 4.20 83.26 87.46 NOTE
r-patched-solaris-sparc 1.0 1876.80 NOTE
r-patched-solaris-x86 1.0 322.00 NOTE
r-release-linux-x86_64 1.0 4.18 84.04 88.22 NOTE
r-release-osx-x86_64-mavericks 1.0 NOTE
r-release-windows-ix86+x86_64 1.0 23.00 245.00 268.00 NOTE
r-oldrel-windows-ix86+x86_64 1.0 23.00 181.00 204.00 NOTE

Check Details

Version: 1.0
Check: dependencies in R code
Result: NOTE
    Package in Depends field not imported from: ‘coda’
     These packages need to be imported from (in the NAMESPACE file)
     for when this namespace is loaded but not attached.
Flavors: r-devel-linux-x86_64-debian-clang, r-devel-linux-x86_64-debian-gcc, r-devel-linux-x86_64-fedora-clang, r-devel-linux-x86_64-fedora-gcc, r-devel-osx-x86_64-clang, r-devel-windows-ix86+x86_64, r-patched-linux-x86_64, r-patched-solaris-sparc, r-patched-solaris-x86, r-release-linux-x86_64, r-release-osx-x86_64-mavericks, r-release-windows-ix86+x86_64, r-oldrel-windows-ix86+x86_64

Version: 1.0
Check: R code for possible problems
Result: NOTE
    AR1 : <anonymous>: no visible global function definition for ‘rnorm’
    autocorr1: no visible global function definition for ‘is.mcmc’
    autocorr1: no visible global function definition for ‘as.mcmc’
    autocorr1: no visible global function definition for ‘autocorr’
    autocov.bridge: no visible global function definition for ‘cov’
    bridgestat.diag: no visible global function definition for
     ‘is.mcmc.list’
    bridgestat.diag: no visible global function definition for ‘as.mcmc’
    bridgestat.diag: no visible global function definition for ‘nvar’
    bridgestat.diag: no visible global function definition for ‘varnames’
    bridgestat.diag: no visible global function definition for ‘niter’
    bridgestat.diag: no visible global function definition for ‘window’
    bridgestat.diag: no visible global function definition for ‘start’
    bridgestat.diag: no visible global function definition for
     ‘spectrum0.ar’
    brownianbridge: no visible global function definition for ‘sd’
    loglik_extremum.studentbridge: no visible global function definition
     for ‘dt’
    loglik_mean.studentbridge: no visible global function definition for
     ‘dt’
    loglikbridge: no visible global function definition for ‘var’
    ratio_loglik_extremum.studentbridge: no visible global function
     definition for ‘dt’
    studentbridge: no visible global function definition for ‘var’
    transient.test: no visible global function definition for ‘as.mcmc’
    transient.test: no visible global function definition for ‘par’
    transient.test: no visible global function definition for ‘rgb’
    transient.test: no visible global function definition for ‘density’
    transient.test: no visible global function definition for ‘polygon’
    transient.test: no visible global function definition for ‘abline’
    var.bridge: no visible global function definition for ‘var’
    Undefined global functions or variables:
     abline as.mcmc autocorr cov density dt is.mcmc is.mcmc.list niter
     nvar par polygon rgb rnorm sd spectrum0.ar start var varnames window
Flavors: r-devel-linux-x86_64-debian-clang, r-devel-linux-x86_64-debian-gcc, r-devel-linux-x86_64-fedora-clang, r-devel-linux-x86_64-fedora-gcc, r-devel-windows-ix86+x86_64

Version: 1.0
Check: R code for possible problems
Result: NOTE
    autocorr1: no visible global function definition for ‘is.mcmc’
    autocorr1: no visible global function definition for ‘as.mcmc’
    autocorr1: no visible global function definition for ‘autocorr’
    bridgestat.diag: no visible global function definition for
     ‘is.mcmc.list’
    bridgestat.diag: no visible global function definition for ‘as.mcmc’
    bridgestat.diag: no visible global function definition for ‘nvar’
    bridgestat.diag: no visible global function definition for ‘varnames’
    bridgestat.diag: no visible global function definition for ‘niter’
    bridgestat.diag: no visible global function definition for
     ‘spectrum0.ar’
    transient.test: no visible global function definition for ‘as.mcmc’
    Undefined global functions or variables:
     as.mcmc autocorr is.mcmc is.mcmc.list niter nvar spectrum0.ar
     varnames
Flavor: r-devel-osx-x86_64-clang

Version: 1.0
Check: R code for possible problems
Result: NOTE
    autocorr1: no visible global function definition for ‘is.mcmc’
    autocorr1: no visible global function definition for ‘as.mcmc’
    autocorr1: no visible global function definition for ‘autocorr’
    bridgestat.diag: no visible global function definition for
     ‘is.mcmc.list’
    bridgestat.diag: no visible global function definition for ‘as.mcmc’
    bridgestat.diag: no visible global function definition for ‘nvar’
    bridgestat.diag: no visible global function definition for ‘varnames’
    bridgestat.diag: no visible global function definition for ‘niter’
    bridgestat.diag: no visible global function definition for
     ‘spectrum0.ar’
    transient.test: no visible global function definition for ‘as.mcmc’
Flavors: r-patched-linux-x86_64, r-patched-solaris-sparc, r-patched-solaris-x86, r-release-linux-x86_64, r-release-osx-x86_64-mavericks, r-release-windows-ix86+x86_64, r-oldrel-windows-ix86+x86_64