CRAN Package Check Results for Package codadiags

Last updated on 2014-10-24 11:47:11.

Flavor Version Tinstall Tcheck Ttotal Status Flags
r-devel-linux-x86_64-debian-clang 1.0 4.38 85.88 90.26 NOTE
r-devel-linux-x86_64-debian-gcc 1.0 4.40 85.52 89.92 NOTE
r-devel-linux-x86_64-fedora-clang 1.0 229.77 NOTE
r-devel-linux-x86_64-fedora-gcc 1.0 210.26 NOTE
r-devel-osx-x86_64-clang 1.0 170.85 NOTE
r-devel-windows-ix86+x86_64 1.0 16.00 181.00 197.00 NOTE
r-patched-linux-x86_64 1.0 4.36 90.17 94.53 NOTE
r-patched-solaris-sparc 1.0 1766.80 NOTE
r-patched-solaris-x86 1.0 346.40 NOTE
r-release-linux-ix86 1.0 6.57 128.31 134.88 NOTE
r-release-linux-x86_64 1.0 4.42 86.39 90.81 NOTE
r-release-osx-x86_64-mavericks 1.0 NOTE
r-release-osx-x86_64-snowleopard 1.0 OK
r-release-windows-ix86+x86_64 1.0 15.00 183.00 198.00 NOTE
r-oldrel-windows-ix86+x86_64 1.0 18.00 192.00 210.00 NOTE

Check Details

Version: 1.0
Check: dependencies in R code
Result: NOTE
    Package in Depends field not imported from: ‘coda’
     These packages need to be imported from (in the NAMESPACE file)
     for when this namespace is loaded but not attached.
    See the information on DESCRIPTION files in the chapter ‘Creating R
    packages’ of the ‘Writing R Extensions’ manual.
Flavors: r-devel-linux-x86_64-debian-clang, r-devel-linux-x86_64-debian-gcc, r-devel-linux-x86_64-fedora-clang, r-devel-linux-x86_64-fedora-gcc, r-devel-osx-x86_64-clang, r-devel-windows-ix86+x86_64, r-patched-linux-x86_64, r-patched-solaris-sparc, r-patched-solaris-x86, r-release-linux-ix86, r-release-linux-x86_64, r-release-osx-x86_64-mavericks, r-release-windows-ix86+x86_64, r-oldrel-windows-ix86+x86_64

Version: 1.0
Check: R code for possible problems
Result: NOTE
    autocorr1: no visible global function definition for ‘is.mcmc’
    autocorr1: no visible global function definition for ‘as.mcmc’
    autocorr1: no visible global function definition for ‘autocorr’
    bridgestat.diag: no visible global function definition for
     ‘is.mcmc.list’
    bridgestat.diag: no visible global function definition for ‘as.mcmc’
    bridgestat.diag: no visible global function definition for ‘nvar’
    bridgestat.diag: no visible global function definition for ‘varnames’
    bridgestat.diag: no visible global function definition for ‘niter’
    bridgestat.diag: no visible global function definition for
     ‘spectrum0.ar’
    transient.test: no visible global function definition for ‘as.mcmc’
Flavors: r-devel-linux-x86_64-debian-clang, r-devel-linux-x86_64-debian-gcc, r-devel-linux-x86_64-fedora-clang, r-devel-linux-x86_64-fedora-gcc, r-devel-osx-x86_64-clang, r-devel-windows-ix86+x86_64, r-patched-linux-x86_64, r-patched-solaris-sparc, r-patched-solaris-x86