CRAN Package Check Results for Package codadiags

Last updated on 2014-11-23 01:48:00.

Flavor Version Tinstall Tcheck Ttotal Status Flags
r-devel-linux-x86_64-debian-clang 1.0 4.28 82.91 87.19 NOTE
r-devel-linux-x86_64-debian-gcc 1.0 4.32 82.04 86.36 NOTE
r-devel-linux-x86_64-fedora-clang 1.0 241.45 NOTE
r-devel-linux-x86_64-fedora-gcc 1.0 207.84 NOTE
r-devel-osx-x86_64-clang 1.0 174.36 NOTE
r-devel-windows-ix86+x86_64 1.0 16.00 157.00 173.00 NOTE
r-patched-linux-x86_64 1.0 4.83 95.46 100.29 NOTE
r-patched-solaris-sparc 1.0 1766.80 NOTE
r-patched-solaris-x86 1.0 343.30 NOTE
r-release-linux-ix86 1.0 6.32 119.96 126.28 NOTE
r-release-linux-x86_64 1.0 4.35 85.41 89.76 NOTE
r-release-osx-x86_64-mavericks 1.0 NOTE
r-release-osx-x86_64-snowleopard 1.0 OK
r-release-windows-ix86+x86_64 1.0 21.00 184.00 205.00 NOTE
r-oldrel-windows-ix86+x86_64 1.0 17.00 207.00 224.00 NOTE

Check Details

Version: 1.0
Check: dependencies in R code
Result: NOTE
    Package in Depends field not imported from: ‘coda’
     These packages need to be imported from (in the NAMESPACE file)
     for when this namespace is loaded but not attached.
    See the information on DESCRIPTION files in the chapter ‘Creating R
    packages’ of the ‘Writing R Extensions’ manual.
Flavors: r-devel-linux-x86_64-debian-clang, r-devel-linux-x86_64-debian-gcc, r-devel-linux-x86_64-fedora-clang, r-devel-linux-x86_64-fedora-gcc, r-devel-osx-x86_64-clang, r-devel-windows-ix86+x86_64, r-patched-linux-x86_64, r-patched-solaris-sparc, r-patched-solaris-x86, r-release-linux-ix86, r-release-linux-x86_64, r-release-osx-x86_64-mavericks, r-release-windows-ix86+x86_64, r-oldrel-windows-ix86+x86_64

Version: 1.0
Check: R code for possible problems
Result: NOTE
    autocorr1: no visible global function definition for ‘is.mcmc’
    autocorr1: no visible global function definition for ‘as.mcmc’
    autocorr1: no visible global function definition for ‘autocorr’
    bridgestat.diag: no visible global function definition for
     ‘is.mcmc.list’
    bridgestat.diag: no visible global function definition for ‘as.mcmc’
    bridgestat.diag: no visible global function definition for ‘nvar’
    bridgestat.diag: no visible global function definition for ‘varnames’
    bridgestat.diag: no visible global function definition for ‘niter’
    bridgestat.diag: no visible global function definition for
     ‘spectrum0.ar’
    transient.test: no visible global function definition for ‘as.mcmc’
Flavors: r-devel-linux-x86_64-debian-clang, r-devel-linux-x86_64-debian-gcc, r-devel-linux-x86_64-fedora-clang, r-devel-linux-x86_64-fedora-gcc, r-devel-osx-x86_64-clang, r-devel-windows-ix86+x86_64, r-patched-linux-x86_64, r-patched-solaris-sparc, r-patched-solaris-x86, r-release-linux-ix86, r-release-linux-x86_64, r-release-windows-ix86+x86_64