CRAN Package Check Results for Package codadiags

Last updated on 2015-09-03 14:48:13.

Flavor Version Tinstall Tcheck Ttotal Status Flags
r-devel-linux-x86_64-debian-clang 1.0 4.03 82.22 86.24 NOTE
r-devel-linux-x86_64-debian-gcc 1.0 4.02 83.34 87.37 NOTE
r-devel-linux-x86_64-fedora-clang 1.0 199.24 NOTE
r-devel-linux-x86_64-fedora-gcc 1.0 181.57 NOTE
r-devel-osx-x86_64-clang 1.0 159.18 NOTE
r-devel-windows-ix86+x86_64 1.0 22.00 197.00 219.00 NOTE
r-patched-linux-x86_64 1.0 4.16 83.90 88.06 NOTE
r-patched-solaris-sparc 1.0 1953.80 NOTE
r-patched-solaris-x86 1.0 320.90 NOTE
r-release-linux-x86_64 1.0 4.18 82.74 86.92 NOTE
r-release-osx-x86_64-mavericks 1.0 NOTE
r-release-windows-ix86+x86_64 1.0 20.00 191.00 211.00 NOTE
r-oldrel-windows-ix86+x86_64 1.0 24.00 208.00 232.00 NOTE

Check Details

Version: 1.0
Check: dependencies in R code
Result: NOTE
    Package in Depends field not imported from: ‘coda’
     These packages need to be imported from (in the NAMESPACE file)
     for when this namespace is loaded but not attached.
Flavors: r-devel-linux-x86_64-debian-clang, r-devel-linux-x86_64-debian-gcc, r-devel-linux-x86_64-fedora-clang, r-devel-linux-x86_64-fedora-gcc, r-devel-osx-x86_64-clang, r-devel-windows-ix86+x86_64, r-patched-linux-x86_64, r-patched-solaris-sparc, r-patched-solaris-x86, r-release-linux-x86_64, r-release-osx-x86_64-mavericks, r-release-windows-ix86+x86_64, r-oldrel-windows-ix86+x86_64

Version: 1.0
Check: R code for possible problems
Result: NOTE
    AR1 : <anonymous>: no visible global function definition for ‘rnorm’
    autocorr1: no visible global function definition for ‘is.mcmc’
    autocorr1: no visible global function definition for ‘as.mcmc’
    autocorr1: no visible global function definition for ‘autocorr’
    autocov.bridge: no visible global function definition for ‘cov’
    bridgestat.diag: no visible global function definition for
     ‘is.mcmc.list’
    bridgestat.diag: no visible global function definition for ‘as.mcmc’
    bridgestat.diag: no visible global function definition for ‘nvar’
    bridgestat.diag: no visible global function definition for ‘varnames’
    bridgestat.diag: no visible global function definition for ‘niter’
    bridgestat.diag: no visible global function definition for ‘window’
    bridgestat.diag: no visible global function definition for ‘start’
    bridgestat.diag: no visible global function definition for
     ‘spectrum0.ar’
    brownianbridge: no visible global function definition for ‘sd’
    loglik_extremum.studentbridge: no visible global function definition
     for ‘dt’
    loglik_mean.studentbridge: no visible global function definition for
     ‘dt’
    loglikbridge: no visible global function definition for ‘var’
    ratio_loglik_extremum.studentbridge: no visible global function
     definition for ‘dt’
    studentbridge: no visible global function definition for ‘var’
    transient.test: no visible global function definition for ‘as.mcmc’
    transient.test: no visible global function definition for ‘par’
    transient.test: no visible global function definition for ‘rgb’
    transient.test: no visible global function definition for ‘density’
    transient.test: no visible global function definition for ‘polygon’
    transient.test: no visible global function definition for ‘abline’
    var.bridge: no visible global function definition for ‘var’
    Undefined global functions or variables:
     abline as.mcmc autocorr cov density dt is.mcmc is.mcmc.list niter
     nvar par polygon rgb rnorm sd spectrum0.ar start var varnames window
    Consider adding
     importFrom("grDevices", "rgb")
     importFrom("graphics", "abline", "par", "polygon")
     importFrom("stats", "cov", "density", "dt", "rnorm", "sd", "start",
     "var", "window")
    to your NAMESPACE.
Flavors: r-devel-linux-x86_64-debian-clang, r-devel-linux-x86_64-debian-gcc, r-devel-linux-x86_64-fedora-clang, r-devel-linux-x86_64-fedora-gcc, r-devel-windows-ix86+x86_64

Version: 1.0
Check: R code for possible problems
Result: NOTE
    autocorr1: no visible global function definition for ‘is.mcmc’
    autocorr1: no visible global function definition for ‘as.mcmc’
    autocorr1: no visible global function definition for ‘autocorr’
    bridgestat.diag: no visible global function definition for
     ‘is.mcmc.list’
    bridgestat.diag: no visible global function definition for ‘as.mcmc’
    bridgestat.diag: no visible global function definition for ‘nvar’
    bridgestat.diag: no visible global function definition for ‘varnames’
    bridgestat.diag: no visible global function definition for ‘niter’
    bridgestat.diag: no visible global function definition for
     ‘spectrum0.ar’
    transient.test: no visible global function definition for ‘as.mcmc’
    Undefined global functions or variables:
     as.mcmc autocorr is.mcmc is.mcmc.list niter nvar spectrum0.ar
     varnames
Flavor: r-devel-osx-x86_64-clang

Version: 1.0
Check: R code for possible problems
Result: NOTE
    autocorr1: no visible global function definition for ‘is.mcmc’
    autocorr1: no visible global function definition for ‘as.mcmc’
    autocorr1: no visible global function definition for ‘autocorr’
    bridgestat.diag: no visible global function definition for
     ‘is.mcmc.list’
    bridgestat.diag: no visible global function definition for ‘as.mcmc’
    bridgestat.diag: no visible global function definition for ‘nvar’
    bridgestat.diag: no visible global function definition for ‘varnames’
    bridgestat.diag: no visible global function definition for ‘niter’
    bridgestat.diag: no visible global function definition for
     ‘spectrum0.ar’
    transient.test: no visible global function definition for ‘as.mcmc’
Flavors: r-patched-linux-x86_64, r-patched-solaris-sparc, r-patched-solaris-x86, r-release-linux-x86_64, r-release-osx-x86_64-mavericks, r-release-windows-ix86+x86_64, r-oldrel-windows-ix86+x86_64