CRAN Package Check Results for Package codadiags

Last updated on 2014-12-18 11:50:02.

Flavor Version Tinstall Tcheck Ttotal Status Flags
r-devel-linux-x86_64-debian-clang 1.0 4.34 82.74 87.09 NOTE
r-devel-linux-x86_64-debian-gcc 1.0 4.28 82.56 86.83 NOTE
r-devel-linux-x86_64-fedora-clang 1.0 226.57 NOTE
r-devel-linux-x86_64-fedora-gcc 1.0 185.67 NOTE
r-devel-osx-x86_64-clang 1.0 174.34 NOTE
r-devel-windows-ix86+x86_64 1.0 17.00 175.00 192.00 NOTE
r-patched-linux-x86_64 1.0 4.68 90.38 95.06 NOTE
r-patched-solaris-sparc 1.0 1766.80 NOTE
r-patched-solaris-x86 1.0 353.00 NOTE
r-release-linux-ix86 1.0 6.22 121.29 127.52 NOTE
r-release-linux-x86_64 1.0 4.76 93.55 98.31 NOTE
r-release-osx-x86_64-mavericks 1.0 NOTE
r-release-osx-x86_64-snowleopard 1.0 OK
r-release-windows-ix86+x86_64 1.0 17.00 187.00 204.00 NOTE
r-oldrel-windows-ix86+x86_64 1.0 17.00 203.00 220.00 NOTE

Check Details

Version: 1.0
Check: dependencies in R code
Result: NOTE
    Package in Depends field not imported from: ‘coda’
     These packages need to be imported from (in the NAMESPACE file)
     for when this namespace is loaded but not attached.
    See the information on DESCRIPTION files in the chapter ‘Creating R
    packages’ of the ‘Writing R Extensions’ manual.
Flavors: r-devel-linux-x86_64-debian-clang, r-devel-linux-x86_64-debian-gcc, r-devel-linux-x86_64-fedora-clang, r-devel-linux-x86_64-fedora-gcc, r-devel-osx-x86_64-clang, r-devel-windows-ix86+x86_64, r-patched-linux-x86_64, r-patched-solaris-sparc, r-patched-solaris-x86, r-release-linux-ix86, r-release-linux-x86_64, r-release-osx-x86_64-mavericks, r-release-windows-ix86+x86_64, r-oldrel-windows-ix86+x86_64

Version: 1.0
Check: R code for possible problems
Result: NOTE
    autocorr1: no visible global function definition for ‘is.mcmc’
    autocorr1: no visible global function definition for ‘as.mcmc’
    autocorr1: no visible global function definition for ‘autocorr’
    bridgestat.diag: no visible global function definition for
     ‘is.mcmc.list’
    bridgestat.diag: no visible global function definition for ‘as.mcmc’
    bridgestat.diag: no visible global function definition for ‘nvar’
    bridgestat.diag: no visible global function definition for ‘varnames’
    bridgestat.diag: no visible global function definition for ‘niter’
    bridgestat.diag: no visible global function definition for
     ‘spectrum0.ar’
    transient.test: no visible global function definition for ‘as.mcmc’
Flavors: r-devel-linux-x86_64-debian-clang, r-devel-linux-x86_64-debian-gcc, r-devel-linux-x86_64-fedora-clang, r-devel-linux-x86_64-fedora-gcc, r-devel-osx-x86_64-clang, r-devel-windows-ix86+x86_64, r-patched-linux-x86_64, r-patched-solaris-sparc, r-patched-solaris-x86, r-release-linux-ix86, r-release-linux-x86_64, r-release-windows-ix86+x86_64