CRAN Package Check Results for Package codadiags

Last updated on 2015-04-25 19:47:17.

Flavor Version Tinstall Tcheck Ttotal Status Flags
r-devel-linux-x86_64-debian-clang 1.0 4.07 83.72 87.79 NOTE
r-devel-linux-x86_64-debian-gcc 1.0 6.15 83.66 89.81 NOTE
r-devel-linux-x86_64-fedora-clang 1.0 185.53 NOTE
r-devel-linux-x86_64-fedora-gcc 1.0 186.03 NOTE
r-devel-osx-x86_64-clang 1.0 162.84 NOTE
r-devel-windows-ix86+x86_64 1.0 15.00 192.00 207.00 NOTE
r-patched-linux-x86_64 1.0 4.14 86.95 91.09 NOTE
r-patched-solaris-sparc 1.0 1836.90 NOTE
r-patched-solaris-x86 1.0 312.70 NOTE
r-release-linux-x86_64 1.0 4.17 83.00 87.18 NOTE
r-release-osx-x86_64-mavericks 1.0 NOTE
r-release-osx-x86_64-snowleopard 1.0 NOTE
r-release-windows-ix86+x86_64 1.0 16.00 188.00 204.00 NOTE
r-oldrel-windows-ix86+x86_64 1.0 16.00 246.00 262.00 NOTE

Check Details

Version: 1.0
Check: dependencies in R code
Result: NOTE
    Package in Depends field not imported from: 'coda'
     These packages need to be imported from (in the NAMESPACE file)
     for when this namespace is loaded but not attached.
Flavors: r-devel-windows-ix86+x86_64, r-release-windows-ix86+x86_64, r-oldrel-windows-ix86+x86_64

Version: 1.0
Check: R code for possible problems
Result: NOTE
    autocorr1: no visible global function definition for 'is.mcmc'
    autocorr1: no visible global function definition for 'as.mcmc'
    autocorr1: no visible global function definition for 'autocorr'
    bridgestat.diag: no visible global function definition for
     'is.mcmc.list'
    bridgestat.diag: no visible global function definition for 'as.mcmc'
    bridgestat.diag: no visible global function definition for 'nvar'
    bridgestat.diag: no visible global function definition for 'varnames'
    bridgestat.diag: no visible global function definition for 'niter'
    bridgestat.diag: no visible global function definition for
     'spectrum0.ar'
    transient.test: no visible global function definition for 'as.mcmc'
Flavors: r-devel-windows-ix86+x86_64, r-release-windows-ix86+x86_64, r-oldrel-windows-ix86+x86_64