CRAN Package Check Results for Package codename

Last updated on 2024-03-02 13:50:17 CET.

Flavor Version Tinstall Tcheck Ttotal Status Flags
r-devel-linux-x86_64-debian-clang 0.5.0 2.26 22.82 25.08 OK
r-devel-linux-x86_64-debian-gcc 0.5.0 1.76 17.57 19.33 OK
r-devel-linux-x86_64-fedora-clang 0.5.0 30.97 NOTE
r-devel-linux-x86_64-fedora-gcc 0.5.0 30.23 NOTE
r-devel-windows-x86_64 0.5.0 3.00 42.00 45.00 OK
r-patched-linux-x86_64 0.5.0 2.21 22.36 24.57 OK
r-release-linux-x86_64 0.5.0 1.95 22.31 24.26 OK
r-release-macos-arm64 0.5.0 17.00 OK
r-release-macos-x86_64 0.5.0 22.00 OK
r-release-windows-x86_64 0.5.0 3.00 40.00 43.00 OK
r-oldrel-macos-arm64 0.5.0 14.00 OK
r-oldrel-windows-x86_64 0.5.0 4.00 45.00 49.00 OK

Check Details

Version: 0.5.0
Check: data for non-ASCII characters
Result: NOTE Note: found 6 marked UTF-8 strings Flavors: r-devel-linux-x86_64-fedora-clang, r-devel-linux-x86_64-fedora-gcc