CRAN Package Check Results for Package codetools

Last updated on 2015-03-02 05:47:35.

Flavor Version Tinstall Tcheck Ttotal Status Flags
r-devel-linux-x86_64-debian-clang 0.2-10 4.58 10.57 15.14 NOTE
r-devel-linux-x86_64-debian-gcc 0.2-10 2.80 10.63 13.43 NOTE
r-devel-linux-x86_64-fedora-clang 0.2-10 22.47 NOTE
r-devel-linux-x86_64-fedora-gcc 0.2-10 21.10 NOTE
r-devel-osx-x86_64-clang 0.2-10 24.62 NOTE
r-patched-linux-x86_64 0.2-10 2.96 11.46 14.42 OK
r-patched-solaris-sparc 0.2-10 OK
r-patched-solaris-x86 0.2-10 OK
r-release-linux-ix86 0.2-10 0.82 16.97 17.79 OK
r-release-linux-x86_64 0.2-10 0.72 11.27 11.99 OK
r-release-osx-x86_64-mavericks 0.2-10 OK
r-release-osx-x86_64-snowleopard 0.2-10 OK
r-release-windows-ix86+x86_64 0.2-10 3.00 19.00 22.00 OK
r-oldrel-windows-ix86+x86_64 0.2-10 3.00 19.00 22.00 OK

Check Details

Version: 0.2-10
Check: DESCRIPTION meta-information
Result: NOTE
    Malformed Description field: should contain one or more complete sentences.
Flavors: r-devel-linux-x86_64-debian-clang, r-devel-linux-x86_64-debian-gcc, r-devel-linux-x86_64-fedora-clang, r-devel-linux-x86_64-fedora-gcc, r-devel-osx-x86_64-clang