CRAN Package Check Results for Package coefplot

Last updated on 2014-12-22 01:47:33.

Flavor Version Tinstall Tcheck Ttotal Status Flags
r-devel-linux-x86_64-debian-clang 1.2.0 2.00 35.34 37.34 NOTE
r-devel-linux-x86_64-debian-gcc 1.2.0 1.95 34.27 36.22 NOTE
r-devel-linux-x86_64-fedora-clang 1.2.0 79.13 NOTE
r-devel-linux-x86_64-fedora-gcc 1.2.0 76.22 NOTE
r-devel-osx-x86_64-clang 1.2.0 73.05 NOTE
r-devel-windows-ix86+x86_64 1.2.0 9.00 56.00 65.00 OK
r-patched-linux-x86_64 1.2.0 2.07 37.16 39.23 NOTE
r-patched-solaris-sparc 1.2.0 470.10 NOTE
r-patched-solaris-x86 1.2.0 102.00 NOTE
r-release-linux-ix86 1.2.0 2.49 44.82 47.31 NOTE
r-release-linux-x86_64 1.2.0 2.06 36.46 38.52 NOTE
r-release-osx-x86_64-mavericks 1.2.0 NOTE
r-release-osx-x86_64-snowleopard 1.2.0 NOTE
r-release-windows-ix86+x86_64 1.2.0 8.00 57.00 65.00 OK
r-oldrel-windows-ix86+x86_64 1.2.0 7.00 61.00 68.00 OK

Check Details

Version: 1.2.0
Check: DESCRIPTION meta-information
Result: NOTE
    Deprecated license: BSD
Flavors: r-devel-linux-x86_64-debian-clang, r-devel-linux-x86_64-debian-gcc, r-devel-linux-x86_64-fedora-clang, r-devel-linux-x86_64-fedora-gcc, r-devel-osx-x86_64-clang, r-patched-linux-x86_64, r-patched-solaris-sparc, r-patched-solaris-x86, r-release-linux-ix86, r-release-linux-x86_64, r-release-osx-x86_64-mavericks, r-release-osx-x86_64-snowleopard