CRAN Package Check Results for Package coefplot

Last updated on 2015-08-03 03:47:35.

Flavor Version Tinstall Tcheck Ttotal Status Flags
r-devel-linux-x86_64-debian-clang 1.2.0 1.81 30.38 32.19 NOTE
r-devel-linux-x86_64-debian-gcc 1.2.0 1.78 30.22 32.00 NOTE
r-devel-linux-x86_64-fedora-clang 1.2.0 62.40 NOTE
r-devel-linux-x86_64-fedora-gcc 1.2.0 53.08 NOTE
r-devel-osx-x86_64-clang 1.2.0 54.73 NOTE
r-devel-windows-ix86+x86_64 1.2.0 6.00 51.00 57.00 NOTE
r-patched-linux-x86_64 1.2.0 1.63 30.88 32.51 NOTE
r-patched-solaris-sparc 1.2.0 412.60 NOTE
r-patched-solaris-x86 1.2.0 88.40 NOTE
r-release-linux-x86_64 1.2.0 1.65 30.04 31.69 NOTE
r-release-osx-x86_64-mavericks 1.2.0 NOTE
r-release-windows-ix86+x86_64 1.2.0 11.00 54.00 65.00 NOTE
r-oldrel-windows-ix86+x86_64 1.2.0 15.00 73.00 88.00 OK

Check Details

Version: 1.2.0
Check: DESCRIPTION meta-information
Result: NOTE
    Malformed Description field: should contain one or more complete sentences.
    Deprecated license: BSD
Flavors: r-devel-linux-x86_64-debian-clang, r-devel-linux-x86_64-debian-gcc, r-devel-linux-x86_64-fedora-clang, r-devel-linux-x86_64-fedora-gcc, r-devel-osx-x86_64-clang, r-patched-linux-x86_64, r-patched-solaris-sparc, r-patched-solaris-x86, r-release-linux-x86_64, r-release-osx-x86_64-mavericks

Version: 1.2.0
Check: R code for possible problems
Result: NOTE
    get.assign.glm: no visible global function definition for
     ‘model.matrix’
    getCoefsFromPredictorsRevo: no visible global function definition for
     ‘coef’
    matchCoefs.default: no visible global function definition for ‘coef’
    Undefined global functions or variables:
     coef model.matrix
    Consider adding
     importFrom("stats", "coef", "model.matrix")
    to your NAMESPACE.
Flavors: r-devel-linux-x86_64-debian-clang, r-devel-linux-x86_64-debian-gcc, r-devel-linux-x86_64-fedora-clang, r-devel-linux-x86_64-fedora-gcc, r-devel-windows-ix86+x86_64

Version: 1.2.0
Check: DESCRIPTION meta-information
Result: NOTE
    Malformed Description field: should contain one or more complete sentences.
Flavors: r-devel-windows-ix86+x86_64, r-release-windows-ix86+x86_64