CRAN Package Check Results for Package coefplot

Last updated on 2014-10-02 11:48:03.

Flavor Version Tinstall Tcheck Ttotal Status Flags
r-devel-linux-x86_64-debian-clang 1.2.0 2.07 34.64 36.71 NOTE
r-devel-linux-x86_64-debian-gcc 1.2.0 2.04 34.22 36.26 NOTE
r-devel-linux-x86_64-fedora-clang 1.2.0 78.62 NOTE
r-devel-linux-x86_64-fedora-gcc 1.2.0 75.88 NOTE
r-devel-osx-x86_64-clang 1.2.0 67.18 NOTE
r-devel-windows-ix86+x86_64 1.2.0 7.00 57.00 64.00 OK
r-patched-linux-x86_64 1.2.0 2.20 37.12 39.32 NOTE
r-patched-solaris-sparc 1.2.0 470.10 NOTE
r-patched-solaris-x86 1.2.0 102.30 NOTE
r-release-linux-ix86 1.2.0 2.64 46.11 48.75 NOTE
r-release-linux-x86_64 1.2.0 2.15 36.11 38.26 NOTE
r-release-osx-x86_64-mavericks 1.2.0 NOTE
r-release-osx-x86_64-snowleopard 1.2.0 NOTE
r-release-windows-ix86+x86_64 1.2.0 7.00 66.00 73.00 OK
r-oldrel-windows-ix86+x86_64 1.2.0 7.00 59.00 66.00 OK

Check Details

Version: 1.2.0
Check: DESCRIPTION meta-information
Result: NOTE
    Deprecated license: BSD
Flavors: r-devel-linux-x86_64-debian-clang, r-devel-linux-x86_64-debian-gcc, r-devel-linux-x86_64-fedora-clang, r-devel-linux-x86_64-fedora-gcc, r-devel-osx-x86_64-clang, r-patched-linux-x86_64, r-patched-solaris-sparc, r-patched-solaris-x86, r-release-linux-ix86, r-release-linux-x86_64, r-release-osx-x86_64-mavericks, r-release-osx-x86_64-snowleopard