CRAN Package Check Results for Package coefplot

Last updated on 2015-04-25 03:47:40.

Flavor Version Tinstall Tcheck Ttotal Status Flags
r-devel-linux-x86_64-debian-clang 1.2.0 1.65 30.09 31.74 NOTE
r-devel-linux-x86_64-debian-gcc 1.2.0 1.60 28.91 30.50 NOTE
r-devel-linux-x86_64-fedora-clang 1.2.0 62.78 NOTE
r-devel-linux-x86_64-fedora-gcc 1.2.0 63.43 NOTE
r-devel-osx-x86_64-clang 1.2.0 61.41 NOTE
r-devel-windows-ix86+x86_64 1.2.0 6.00 48.00 54.00 NOTE
r-patched-linux-x86_64 1.2.0 1.62 30.18 31.80 NOTE
r-patched-solaris-sparc 1.2.0 431.50 NOTE
r-patched-solaris-x86 1.2.0 82.20 NOTE
r-release-linux-x86_64 1.2.0 1.61 28.60 30.21 NOTE
r-release-osx-x86_64-mavericks 1.2.0 NOTE
r-release-osx-x86_64-snowleopard 1.2.0 ERROR
r-release-windows-ix86+x86_64 1.2.0 5.00 48.00 53.00 NOTE
r-oldrel-windows-ix86+x86_64 1.2.0 7.00 56.00 63.00 OK

Check Details

Version: 1.2.0
Check: DESCRIPTION meta-information
Result: NOTE
    Malformed Description field: should contain one or more complete sentences.
Flavors: r-devel-windows-ix86+x86_64, r-release-windows-ix86+x86_64

Version: 1.2.0
Check: DESCRIPTION meta-information
Result: NOTE
    Malformed Description field: should contain one or more complete sentences.
    Deprecated license: BSD
Flavor: r-patched-linux-x86_64