CRAN Package Check Results for Package coefplot

Last updated on 2014-08-27 18:48:17.

Flavor Version Tinstall Tcheck Ttotal Status Flags
r-devel-linux-x86_64-debian-clang 1.2.0 2.11 34.68 36.79 NOTE
r-devel-linux-x86_64-debian-gcc 1.2.0 2.02 34.39 36.41 NOTE
r-devel-linux-x86_64-fedora-clang 1.2.0 79.45 NOTE
r-devel-linux-x86_64-fedora-gcc 1.2.0 75.05 NOTE
r-devel-osx-x86_64-clang 1.2.0 65.44 NOTE
r-devel-windows-ix86+x86_64 1.2.0 8.00 55.00 63.00 OK
r-patched-linux-x86_64 1.2.0 2.12 35.70 37.82 NOTE
r-patched-solaris-sparc 1.2.0 470.10 NOTE
r-patched-solaris-x86 1.2.0 100.20 NOTE
r-release-linux-ix86 1.2.0 2.64 46.27 48.91 NOTE
r-release-linux-x86_64 1.2.0 2.17 35.76 37.93 NOTE
r-release-osx-x86_64-mavericks 1.2.0 NOTE
r-release-osx-x86_64-snowleopard 1.2.0 NOTE
r-release-windows-ix86+x86_64 1.2.0 8.00 56.00 64.00 OK
r-oldrel-windows-ix86+x86_64 1.2.0 7.00 57.00 64.00 OK

Check Details

Version: 1.2.0
Check: DESCRIPTION meta-information
Result: NOTE
    Deprecated license: BSD
Flavors: r-devel-linux-x86_64-debian-clang, r-devel-linux-x86_64-debian-gcc, r-devel-linux-x86_64-fedora-clang, r-devel-linux-x86_64-fedora-gcc, r-devel-osx-x86_64-clang, r-patched-linux-x86_64, r-patched-solaris-sparc, r-patched-solaris-x86, r-release-linux-ix86, r-release-linux-x86_64, r-release-osx-x86_64-mavericks, r-release-osx-x86_64-snowleopard