CRAN Package Check Results for Package coefplot

Last updated on 2014-11-01 11:48:59.

Flavor Version Tinstall Tcheck Ttotal Status Flags
r-devel-linux-x86_64-debian-clang 1.2.0 2.10 35.53 37.63 NOTE
r-devel-linux-x86_64-debian-gcc 1.2.0 1.94 39.51 41.45 NOTE
r-devel-linux-x86_64-fedora-clang 1.2.0 77.40 NOTE
r-devel-linux-x86_64-fedora-gcc 1.2.0 73.59 NOTE
r-devel-osx-x86_64-clang 1.2.0 70.31 NOTE
r-devel-windows-ix86+x86_64 1.2.0 9.00 54.00 63.00 OK
r-patched-linux-x86_64 1.2.0 2.86 38.43 41.29 NOTE
r-patched-solaris-sparc 1.2.0 470.10 NOTE
r-patched-solaris-x86 1.2.0 104.10 NOTE
r-release-linux-ix86 1.2.0 2.64 46.26 48.90 NOTE
r-release-linux-x86_64 1.2.0 2.16 36.32 38.48 NOTE
r-release-osx-x86_64-mavericks 1.2.0 NOTE
r-release-osx-x86_64-snowleopard 1.2.0 NOTE
r-release-windows-ix86+x86_64 1.2.0 6.00 58.00 64.00 OK
r-oldrel-windows-ix86+x86_64 1.2.0 6.00 59.00 65.00 OK

Check Details

Version: 1.2.0
Check: DESCRIPTION meta-information
Result: NOTE
    Deprecated license: BSD
Flavors: r-devel-linux-x86_64-debian-clang, r-devel-linux-x86_64-debian-gcc, r-devel-linux-x86_64-fedora-clang, r-devel-linux-x86_64-fedora-gcc, r-devel-osx-x86_64-clang, r-patched-linux-x86_64, r-patched-solaris-sparc, r-patched-solaris-x86, r-release-linux-ix86, r-release-linux-x86_64, r-release-osx-x86_64-mavericks, r-release-osx-x86_64-snowleopard