CRAN Package Check Results for Package coefplot

Last updated on 2014-04-24 23:48:00.

Flavor Version Tinstall Tcheck Ttotal Status Flags
r-devel-linux-x86_64-debian-clang 1.2.0 2.46 38.40 40.86 NOTE
r-devel-linux-x86_64-debian-gcc 1.2.0 2.52 37.34 39.85 NOTE
r-devel-linux-x86_64-fedora-clang 1.2.0 80.58 NOTE
r-devel-linux-x86_64-fedora-gcc 1.2.0 79.36 NOTE
r-devel-osx-x86_64-clang 1.2.0 71.58 NOTE
r-devel-osx-x86_64-gcc 1.2.0 ERROR
r-devel-windows-ix86+x86_64 1.2.0 7.00 56.00 63.00 OK
r-patched-linux-x86_64 1.2.0 2.20 38.02 40.22 NOTE
r-patched-solaris-sparc 1.2.0 460.50 NOTE
r-patched-solaris-x86 1.2.0 106.30 NOTE
r-release-linux-ix86 1.2.0 4.00 67.00 71.00 NOTE
r-release-linux-x86_64 1.2.0 2.19 37.67 39.86 NOTE
r-release-osx-x86_64-mavericks 1.2.0 WARN
r-release-osx-x86_64-snowleopard 1.2.0 NOTE
r-release-windows-ix86+x86_64 1.2.0 6.00 59.00 65.00 OK
r-oldrel-windows-ix86+x86_64 1.2.0 7.00 58.00 65.00 OK

Check Details

Version: 1.2.0
Check: DESCRIPTION meta-information
Result: NOTE
    Deprecated license: BSD
Flavors: r-devel-linux-x86_64-debian-clang, r-devel-linux-x86_64-debian-gcc, r-devel-linux-x86_64-fedora-clang, r-devel-linux-x86_64-fedora-gcc, r-devel-osx-x86_64-clang, r-patched-linux-x86_64, r-patched-solaris-sparc, r-patched-solaris-x86, r-release-linux-ix86, r-release-linux-x86_64, r-release-osx-x86_64-mavericks, r-release-osx-x86_64-snowleopard

Version: 1.2.0
Check: package dependencies
Result: ERROR
    Packages required but not available: ‘ggplot2’ ‘useful’ ‘scales’
    
    See the information on DESCRIPTION files in the chapter ‘Creating R
    packages’ of the ‘Writing R Extensions’ manual.
Flavor: r-devel-osx-x86_64-gcc

Version: 1.2.0
Check: PDF version of manual
Result: WARNING
    LaTeX errors when creating PDF version.
    This typically indicates Rd problems.
    LaTeX errors found:
    ! LaTeX Error: File `upquote.sty' not found.
    
    Type X to quit or <RETURN> to proceed,
    or enter new name. (Default extension: sty)
    
    48fcf63/Rd2.tex:8: ==> Fatal error occurred, no output PDF file produced!
Flavor: r-release-osx-x86_64-mavericks