CRAN Package Check Results for Package coefplot

Last updated on 2015-09-02 23:46:47.

Flavor Version Tinstall Tcheck Ttotal Status Flags
r-devel-linux-x86_64-debian-clang 1.2.0 1.56 30.16 31.72 NOTE
r-devel-linux-x86_64-debian-gcc 1.2.0 1.50 30.79 32.29 NOTE
r-devel-linux-x86_64-fedora-clang 1.2.0 58.52 NOTE
r-devel-linux-x86_64-fedora-gcc 1.2.0 56.84 NOTE
r-devel-osx-x86_64-clang 1.2.0 53.14 NOTE
r-devel-windows-ix86+x86_64 1.2.0 11.00 52.00 63.00 NOTE
r-patched-linux-x86_64 1.2.0 1.62 31.34 32.96 NOTE
r-patched-solaris-sparc 1.2.0 412.60 NOTE
r-patched-solaris-x86 1.2.0 88.60 NOTE
r-release-linux-x86_64 1.2.0 1.77 31.35 33.12 NOTE
r-release-osx-x86_64-mavericks 1.2.0 NOTE
r-release-windows-ix86+x86_64 1.2.0 9.00 51.00 60.00 NOTE
r-oldrel-windows-ix86+x86_64 1.2.0 14.00 74.00 88.00 OK

Check Details

Version: 1.2.0
Check: DESCRIPTION meta-information
Result: NOTE
    Malformed Description field: should contain one or more complete sentences.
    Deprecated license: BSD
Flavors: r-devel-linux-x86_64-debian-clang, r-devel-linux-x86_64-debian-gcc, r-devel-linux-x86_64-fedora-clang, r-devel-linux-x86_64-fedora-gcc, r-devel-osx-x86_64-clang, r-patched-linux-x86_64, r-patched-solaris-sparc, r-patched-solaris-x86, r-release-linux-x86_64, r-release-osx-x86_64-mavericks

Version: 1.2.0
Check: R code for possible problems
Result: NOTE
    get.assign.glm: no visible global function definition for
     ‘model.matrix’
    getCoefsFromPredictorsRevo: no visible global function definition for
     ‘coef’
    matchCoefs.default: no visible global function definition for ‘coef’
    Undefined global functions or variables:
     coef model.matrix
    Consider adding
     importFrom("stats", "coef", "model.matrix")
    to your NAMESPACE.
Flavors: r-devel-linux-x86_64-debian-clang, r-devel-linux-x86_64-debian-gcc, r-devel-linux-x86_64-fedora-clang, r-devel-linux-x86_64-fedora-gcc, r-devel-windows-ix86+x86_64

Version: 1.2.0
Check: DESCRIPTION meta-information
Result: NOTE
    Malformed Description field: should contain one or more complete sentences.
Flavors: r-devel-windows-ix86+x86_64, r-release-windows-ix86+x86_64