CRAN Package Check Results for Package coefplot

Last updated on 2015-07-07 03:47:32.

Flavor Version Tinstall Tcheck Ttotal Status Flags
r-devel-linux-x86_64-debian-clang 1.2.0 1.67 29.37 31.04 NOTE
r-devel-linux-x86_64-debian-gcc 1.2.0 2.29 29.22 31.52 NOTE
r-devel-linux-x86_64-fedora-clang 1.2.0 61.80 NOTE
r-devel-linux-x86_64-fedora-gcc 1.2.0 58.89 NOTE
r-devel-osx-x86_64-clang 1.2.0 53.47 NOTE
r-devel-windows-ix86+x86_64 1.2.0 7.00 47.00 54.00 NOTE
r-patched-linux-x86_64 1.2.0 1.64 29.29 30.94 NOTE
r-patched-solaris-sparc 1.2.0 412.20 NOTE
r-patched-solaris-x86 1.2.0 88.10 NOTE
r-release-linux-x86_64 1.2.0 1.64 29.62 31.27 NOTE
r-release-osx-x86_64-mavericks 1.2.0 NOTE
r-release-windows-ix86+x86_64 1.2.0 10.00 48.00 58.00 NOTE
r-oldrel-windows-ix86+x86_64 1.2.0 12.00 73.00 85.00 OK

Check Details

Version: 1.2.0
Check: DESCRIPTION meta-information
Result: NOTE
    Malformed Description field: should contain one or more complete sentences.
    Deprecated license: BSD
Flavors: r-devel-linux-x86_64-debian-clang, r-devel-linux-x86_64-debian-gcc, r-devel-linux-x86_64-fedora-clang, r-devel-linux-x86_64-fedora-gcc, r-devel-osx-x86_64-clang, r-patched-linux-x86_64, r-patched-solaris-sparc, r-patched-solaris-x86, r-release-linux-x86_64, r-release-osx-x86_64-mavericks

Version: 1.2.0
Check: R code for possible problems
Result: NOTE
    get.assign.glm: no visible global function definition for
     ‘model.matrix’
    getCoefsFromPredictorsRevo: no visible global function definition for
     ‘coef’
    matchCoefs.default: no visible global function definition for ‘coef’
    Undefined global functions or variables:
     coef model.matrix
Flavors: r-devel-linux-x86_64-debian-clang, r-devel-linux-x86_64-debian-gcc, r-devel-linux-x86_64-fedora-clang, r-devel-linux-x86_64-fedora-gcc, r-devel-windows-ix86+x86_64

Version: 1.2.0
Check: DESCRIPTION meta-information
Result: NOTE
    Malformed Description field: should contain one or more complete sentences.
Flavors: r-devel-windows-ix86+x86_64, r-release-windows-ix86+x86_64