CRAN Package Check Results for Package coefplot

Last updated on 2015-05-28 15:47:24.

Flavor Version Tinstall Tcheck Ttotal Status Flags
r-devel-linux-x86_64-debian-clang 1.2.0 1.74 29.77 31.51 NOTE
r-devel-linux-x86_64-debian-gcc 1.2.0 1.62 28.70 30.32 NOTE
r-devel-linux-x86_64-fedora-clang 1.2.0 62.92 NOTE
r-devel-linux-x86_64-fedora-gcc 1.2.0 60.37 NOTE
r-devel-osx-x86_64-clang 1.2.0 57.16 NOTE
r-devel-windows-ix86+x86_64 1.2.0 7.00 50.00 57.00 NOTE
r-patched-linux-x86_64 1.2.0 1.61 28.91 30.52 NOTE
r-patched-solaris-sparc 1.2.0 412.20 NOTE
r-patched-solaris-x86 1.2.0 85.70 NOTE
r-release-linux-x86_64 1.2.0 1.54 29.67 31.21 NOTE
r-release-osx-x86_64-mavericks 1.2.0 NOTE
r-release-osx-x86_64-snowleopard 1.2.0 ERROR
r-release-windows-ix86+x86_64 1.2.0 6.00 52.00 58.00 NOTE
r-oldrel-windows-ix86+x86_64 1.2.0 11.00 65.00 76.00 OK

Check Details

Version: 1.2.0
Check: DESCRIPTION meta-information
Result: NOTE
    Malformed Description field: should contain one or more complete sentences.
    Deprecated license: BSD
Flavors: r-devel-linux-x86_64-debian-clang, r-devel-linux-x86_64-debian-gcc, r-devel-linux-x86_64-fedora-clang, r-devel-linux-x86_64-fedora-gcc, r-devel-osx-x86_64-clang, r-patched-linux-x86_64, r-patched-solaris-sparc, r-patched-solaris-x86, r-release-linux-x86_64, r-release-osx-x86_64-mavericks

Version: 1.2.0
Check: DESCRIPTION meta-information
Result: NOTE
    Malformed Description field: should contain one or more complete sentences.
Flavors: r-devel-windows-ix86+x86_64, r-release-windows-ix86+x86_64

Version: 1.2.0
Check: package dependencies
Result: ERROR
    Packages required but not available: ‘ggplot2’ ‘useful’ ‘scales’
    
    See section ‘The DESCRIPTION file’ in the ‘Writing R Extensions’
    manual.
Flavor: r-release-osx-x86_64-snowleopard