CRAN Package Check Results for Package coefplot

Last updated on 2015-01-26 11:48:46.

Flavor Version Tinstall Tcheck Ttotal Status Flags
r-devel-linux-x86_64-debian-clang 1.2.0 1.80 30.50 32.30 NOTE
r-devel-linux-x86_64-debian-gcc 1.2.0 1.70 31.10 32.79 NOTE
r-devel-linux-x86_64-fedora-clang 1.2.0 78.88 NOTE
r-devel-linux-x86_64-fedora-gcc 1.2.0 78.96 NOTE
r-devel-osx-x86_64-clang 1.2.0 70.63 NOTE
r-devel-windows-ix86+x86_64 1.2.0 7.00 44.00 51.00 OK
r-patched-linux-x86_64 1.2.0 2.16 36.18 38.34 NOTE
r-patched-solaris-sparc 1.2.0 475.90 NOTE
r-patched-solaris-x86 1.2.0 106.10 NOTE
r-release-linux-ix86 1.2.0 2.48 45.30 47.78 NOTE
r-release-linux-x86_64 1.2.0 2.09 36.50 38.60 NOTE
r-release-osx-x86_64-mavericks 1.2.0 NOTE
r-release-osx-x86_64-snowleopard 1.2.0 NOTE
r-release-windows-ix86+x86_64 1.2.0 9.00 60.00 69.00 OK
r-oldrel-windows-ix86+x86_64 1.2.0 11.00 64.00 75.00 OK

Check Details

Version: 1.2.0
Check: DESCRIPTION meta-information
Result: NOTE
    Deprecated license: BSD
Flavors: r-devel-linux-x86_64-debian-clang, r-devel-linux-x86_64-debian-gcc, r-devel-linux-x86_64-fedora-clang, r-devel-linux-x86_64-fedora-gcc, r-devel-osx-x86_64-clang, r-patched-linux-x86_64, r-patched-solaris-sparc, r-patched-solaris-x86, r-release-linux-ix86, r-release-linux-x86_64, r-release-osx-x86_64-mavericks, r-release-osx-x86_64-snowleopard