CRAN Package Check Results for Package coefplot

Last updated on 2014-07-30 01:47:46.

Flavor Version Tinstall Tcheck Ttotal Status Flags
r-devel-linux-x86_64-debian-clang 1.2.0 2.05 35.44 37.49 NOTE
r-devel-linux-x86_64-debian-gcc 1.2.0 2.05 35.78 37.83 NOTE
r-devel-linux-x86_64-fedora-clang 1.2.0 80.76 NOTE
r-devel-linux-x86_64-fedora-gcc 1.2.0 77.11 NOTE
r-devel-osx-x86_64-clang 1.2.0 68.00 NOTE
r-devel-windows-ix86+x86_64 1.2.0 7.00 55.00 62.00 OK
r-patched-linux-x86_64 1.2.0 2.09 35.96 38.04 NOTE
r-patched-solaris-sparc 1.2.0 460.50 NOTE
r-patched-solaris-x86 1.2.0 101.70 NOTE
r-release-linux-ix86 1.2.0 2.59 45.38 47.97 NOTE
r-release-linux-x86_64 1.2.0 2.12 35.83 37.96 NOTE
r-release-osx-x86_64-mavericks 1.2.0 NOTE
r-release-osx-x86_64-snowleopard 1.2.0 NOTE
r-release-windows-ix86+x86_64 1.2.0 7.00 55.00 62.00 OK
r-oldrel-windows-ix86+x86_64 1.2.0 7.00 61.00 68.00 OK

Check Details

Version: 1.2.0
Check: DESCRIPTION meta-information
Result: NOTE
    Deprecated license: BSD
Flavors: r-devel-linux-x86_64-debian-clang, r-devel-linux-x86_64-debian-gcc, r-devel-linux-x86_64-fedora-clang, r-devel-linux-x86_64-fedora-gcc, r-devel-osx-x86_64-clang, r-patched-linux-x86_64, r-patched-solaris-sparc, r-patched-solaris-x86, r-release-linux-ix86, r-release-linux-x86_64, r-release-osx-x86_64-mavericks, r-release-osx-x86_64-snowleopard