CRAN Package Check Results for Package coefplot

Last updated on 2014-09-21 11:48:11.

Flavor Version Tinstall Tcheck Ttotal Status Flags
r-devel-linux-x86_64-debian-clang 1.2.0 2.06 34.28 36.34 NOTE
r-devel-linux-x86_64-debian-gcc 1.2.0 1.98 33.30 35.28 NOTE
r-devel-linux-x86_64-fedora-clang 1.2.0 77.01 NOTE
r-devel-linux-x86_64-fedora-gcc 1.2.0 73.55 NOTE
r-devel-osx-x86_64-clang 1.2.0 67.24 NOTE
r-devel-windows-ix86+x86_64 1.2.0 7.00 54.00 61.00 OK
r-patched-linux-x86_64 1.2.0 2.12 35.91 38.03 NOTE
r-patched-solaris-sparc 1.2.0 470.10 NOTE
r-patched-solaris-x86 1.2.0 100.60 NOTE
r-release-linux-ix86 1.2.0 2.66 49.06 51.72 NOTE
r-release-linux-x86_64 1.2.0 2.16 37.03 39.19 NOTE
r-release-osx-x86_64-mavericks 1.2.0 NOTE
r-release-osx-x86_64-snowleopard 1.2.0 NOTE
r-release-windows-ix86+x86_64 1.2.0 6.00 57.00 63.00 OK
r-oldrel-windows-ix86+x86_64 1.2.0 9.00 60.00 69.00 OK

Check Details

Version: 1.2.0
Check: DESCRIPTION meta-information
Result: NOTE
    Deprecated license: BSD
Flavors: r-devel-linux-x86_64-debian-clang, r-devel-linux-x86_64-debian-gcc, r-devel-linux-x86_64-fedora-clang, r-devel-linux-x86_64-fedora-gcc, r-devel-osx-x86_64-clang, r-patched-linux-x86_64, r-patched-solaris-sparc, r-patched-solaris-x86, r-release-linux-ix86, r-release-linux-x86_64, r-release-osx-x86_64-mavericks, r-release-osx-x86_64-snowleopard