CRAN Package Check Results for Package coefplot

Last updated on 2015-03-05 12:47:55.

Flavor Version Tinstall Tcheck Ttotal Status Flags
r-devel-linux-x86_64-debian-clang 1.2.0 1.87 31.48 33.35 NOTE
r-devel-linux-x86_64-debian-gcc 1.2.0 1.80 30.38 32.18 NOTE
r-devel-linux-x86_64-fedora-clang 1.2.0 63.78 NOTE
r-devel-linux-x86_64-fedora-gcc 1.2.0 62.02 NOTE
r-devel-osx-x86_64-clang 1.2.0 66.25 NOTE
r-devel-windows-ix86+x86_64 1.2.0 6.00 55.00 61.00 NOTE
r-patched-linux-x86_64 1.2.0 3.07 39.61 42.68 NOTE
r-patched-solaris-sparc 1.2.0 482.10 NOTE
r-patched-solaris-x86 1.2.0 105.10 NOTE
r-release-linux-ix86 1.2.0 2.79 46.05 48.84 NOTE
r-release-linux-x86_64 1.2.0 3.06 39.35 42.41 NOTE
r-release-osx-x86_64-mavericks 1.2.0 NOTE
r-release-osx-x86_64-snowleopard 1.2.0 NOTE
r-release-windows-ix86+x86_64 1.2.0 8.00 64.00 72.00 OK
r-oldrel-windows-ix86+x86_64 1.2.0 8.00 60.00 68.00 OK

Check Details

Version: 1.2.0
Check: DESCRIPTION meta-information
Result: NOTE
    Malformed Description field: should contain one or more complete sentences.
    Deprecated license: BSD
Flavors: r-devel-linux-x86_64-debian-clang, r-devel-linux-x86_64-debian-gcc, r-devel-linux-x86_64-fedora-clang, r-devel-linux-x86_64-fedora-gcc, r-devel-osx-x86_64-clang

Version: 1.2.0
Check: DESCRIPTION meta-information
Result: NOTE
    Malformed Description field: should contain one or more complete sentences.
Flavor: r-devel-windows-ix86+x86_64

Version: 1.2.0
Check: DESCRIPTION meta-information
Result: NOTE
    Deprecated license: BSD
Flavors: r-patched-linux-x86_64, r-patched-solaris-sparc, r-patched-solaris-x86, r-release-linux-ix86, r-release-linux-x86_64, r-release-osx-x86_64-mavericks, r-release-osx-x86_64-snowleopard