CRAN Package Check Results for Package coenoflex

Last updated on 2017-12-17 04:46:53 CET.

Flavor Version Tinstall Tcheck Ttotal Status Flags
r-devel-linux-x86_64-debian-clang 2.2-0 3.81 44.25 48.06 NOTE
r-devel-linux-x86_64-debian-gcc 2.2-0 3.41 35.94 39.35 NOTE
r-devel-linux-x86_64-fedora-clang 2.2-0 63.69 NOTE
r-devel-linux-x86_64-fedora-gcc 2.2-0 61.28 NOTE
r-devel-windows-ix86+x86_64 2.2-0 12.00 71.00 83.00 OK
r-patched-linux-x86_64 2.2-0 5.20 49.10 54.30 NOTE
r-patched-solaris-x86 2.2-0 104.90 OK
r-release-linux-x86_64 2.2-0 4.15 47.74 51.89 NOTE
r-release-windows-ix86+x86_64 2.2-0 11.00 109.00 120.00 OK
r-release-osx-x86_64 2.2-0 OK
r-oldrel-windows-ix86+x86_64 2.2-0 14.00 87.00 101.00 OK
r-oldrel-osx-x86_64 2.2-0 OK

Check Details

Version: 2.2-0
Check: compiled code
Result: NOTE
    File ‘coenoflex/libs/coenoflex.so’:
     Found no calls to: ‘R_registerRoutines’, ‘R_useDynamicSymbols’
    
    It is good practice to register native routines and to disable symbol
    search.
    
    See ‘Writing portable packages’ in the ‘Writing R Extensions’ manual.
Flavors: r-devel-linux-x86_64-debian-clang, r-devel-linux-x86_64-debian-gcc, r-devel-linux-x86_64-fedora-clang, r-devel-linux-x86_64-fedora-gcc, r-patched-linux-x86_64, r-release-linux-x86_64