CRAN Package Check Results for Package coenoflex

Last updated on 2017-06-23 04:46:57.

Flavor Version Tinstall Tcheck Ttotal Status Flags
r-devel-linux-x86_64-debian-clang 2.2-0 3.78 31.14 34.91 NOTE
r-devel-linux-x86_64-debian-gcc 2.2-0 3.42 30.90 34.32 NOTE
r-devel-linux-x86_64-fedora-clang 2.2-0 76.75 NOTE
r-devel-linux-x86_64-fedora-gcc 2.2-0 74.89 NOTE
r-devel-windows-ix86+x86_64 2.2-0 16.00 78.00 94.00 OK
r-patched-linux-x86_64 2.2-0 3.16 30.85 34.01 NOTE
r-patched-solaris-sparc 2.2-0 440.70 OK
r-patched-solaris-x86 2.2-0 105.90 OK
r-release-linux-x86_64 2.2-0 3.18 31.55 34.73 NOTE
r-release-windows-ix86+x86_64 2.2-0 17.00 81.00 98.00 OK
r-release-osx-x86_64 2.2-0 OK
r-oldrel-windows-ix86+x86_64 2.2-0 14.00 65.00 79.00 OK
r-oldrel-osx-x86_64 2.2-0 OK

Check Details

Version: 2.2-0
Check: compiled code
Result: NOTE
    File ‘coenoflex/libs/coenoflex.so’:
     Found no calls to: ‘R_registerRoutines’, ‘R_useDynamicSymbols’
    
    It is good practice to register native routines and to disable symbol
    search.
    
    See ‘Writing portable packages’ in the ‘Writing R Extensions’ manual.
Flavors: r-devel-linux-x86_64-debian-clang, r-devel-linux-x86_64-debian-gcc, r-devel-linux-x86_64-fedora-clang, r-devel-linux-x86_64-fedora-gcc, r-patched-linux-x86_64, r-release-linux-x86_64