CRAN Package Check Results for Package coenoflex

Last updated on 2017-04-28 21:47:05.

Flavor Version Tinstall Tcheck Ttotal Status Flags
r-devel-linux-x86_64-debian-clang 2.2-0 3.17 30.97 34.14 NOTE
r-devel-linux-x86_64-debian-gcc 2.2-0 3.48 30.31 33.80 NOTE
r-devel-linux-x86_64-fedora-clang 2.2-0 75.98 NOTE --no-stop-on-test-error
r-devel-linux-x86_64-fedora-gcc 2.2-0 73.34 NOTE --no-stop-on-test-error
r-devel-windows-ix86+x86_64 2.2-0 12.00 101.00 113.00 OK
r-patched-linux-x86_64 2.2-0 3.10 30.52 33.62 NOTE
r-patched-solaris-sparc 2.2-0 440.70 OK
r-patched-solaris-x86 2.2-0 102.10 OK
r-release-linux-x86_64 2.2-0 3.06 31.20 34.26 NOTE
r-release-windows-ix86+x86_64 2.2-0 21.00 99.00 120.00 OK
r-release-osx-x86_64 2.2-0 OK
r-oldrel-windows-ix86+x86_64 2.2-0 17.00 64.00 81.00 OK
r-oldrel-osx-x86_64 2.2-0 OK

Check Details

Version: 2.2-0
Check: compiled code
Result: NOTE
    File ‘coenoflex/libs/coenoflex.so’:
     Found no calls to: ‘R_registerRoutines’, ‘R_useDynamicSymbols’
    
    It is good practice to register native routines and to disable symbol
    search.
    
    See ‘Writing portable packages’ in the ‘Writing R Extensions’ manual.
Flavors: r-devel-linux-x86_64-debian-clang, r-devel-linux-x86_64-debian-gcc, r-patched-linux-x86_64, r-release-linux-x86_64

Version: 2.2-0
Flags: --no-stop-on-test-error
Check: compiled code
Result: NOTE
    File ‘coenoflex/libs/coenoflex.so’:
     Found no calls to: ‘R_registerRoutines’, ‘R_useDynamicSymbols’
    
    It is good practice to register native routines and to disable symbol
    search.
    
    See ‘Writing portable packages’ in the ‘Writing R Extensions’ manual.
Flavors: r-devel-linux-x86_64-fedora-clang, r-devel-linux-x86_64-fedora-gcc