CRAN Package Check Results for Package coenoflex

Last updated on 2018-05-21 04:48:59 CEST.

Flavor Version Tinstall Tcheck Ttotal Status Flags
r-devel-linux-x86_64-debian-clang 2.2-0 6.43 50.39 56.82 NOTE
r-devel-linux-x86_64-debian-gcc 2.2-0 4.98 45.02 50.00 NOTE
r-devel-linux-x86_64-fedora-clang 2.2-0 76.79 NOTE
r-devel-linux-x86_64-fedora-gcc 2.2-0 74.00 NOTE
r-devel-windows-ix86+x86_64 2.2-0 19.00 82.00 101.00 OK
r-patched-linux-x86_64 2.2-0 5.52 48.82 54.34 NOTE
r-patched-solaris-x86 2.2-0 105.60 OK
r-release-linux-x86_64 2.2-0 5.03 47.84 52.87 NOTE
r-release-windows-ix86+x86_64 2.2-0 11.00 79.00 90.00 OK
r-release-osx-x86_64 2.2-0 OK
r-oldrel-windows-ix86+x86_64 2.2-0 11.00 95.00 106.00 OK
r-oldrel-osx-x86_64 2.2-0 OK

Check Details

Version: 2.2-0
Check: compiled code
Result: NOTE
    File ‘coenoflex/libs/coenoflex.so’:
     Found no calls to: ‘R_registerRoutines’, ‘R_useDynamicSymbols’
    
    It is good practice to register native routines and to disable symbol
    search.
    
    See ‘Writing portable packages’ in the ‘Writing R Extensions’ manual.
Flavors: r-devel-linux-x86_64-debian-clang, r-devel-linux-x86_64-debian-gcc, r-devel-linux-x86_64-fedora-clang, r-devel-linux-x86_64-fedora-gcc, r-patched-linux-x86_64, r-release-linux-x86_64