CRAN Package Check Results for Package coenoflex

Last updated on 2017-10-17 19:47:47.

Flavor Version Tinstall Tcheck Ttotal Status Flags
r-devel-linux-x86_64-debian-clang 2.2-0 2.96 31.16 34.12 NOTE
r-devel-linux-x86_64-debian-gcc 2.2-0 3.48 33.41 36.90 NOTE
r-devel-linux-x86_64-fedora-clang 2.2-0 78.17 NOTE
r-devel-linux-x86_64-fedora-gcc 2.2-0 78.25 NOTE
r-devel-windows-ix86+x86_64 2.2-0 11.00 71.00 82.00 OK
r-patched-linux-x86_64 2.2-0 3.05 30.98 34.03 NOTE
r-patched-solaris-x86 2.2-0 108.50 OK
r-release-linux-x86_64 2.2-0 3.05 30.78 33.84 NOTE
r-release-windows-ix86+x86_64 2.2-0 16.00 72.00 88.00 OK
r-release-osx-x86_64 2.2-0 OK
r-oldrel-windows-ix86+x86_64 2.2-0 15.00 85.00 100.00 OK
r-oldrel-osx-x86_64 2.2-0 OK

Check Details

Version: 2.2-0
Check: compiled code
Result: NOTE
    File ‘coenoflex/libs/coenoflex.so’:
     Found no calls to: ‘R_registerRoutines’, ‘R_useDynamicSymbols’
    
    It is good practice to register native routines and to disable symbol
    search.
    
    See ‘Writing portable packages’ in the ‘Writing R Extensions’ manual.
Flavors: r-devel-linux-x86_64-debian-clang, r-devel-linux-x86_64-debian-gcc, r-devel-linux-x86_64-fedora-clang, r-devel-linux-x86_64-fedora-gcc, r-patched-linux-x86_64, r-release-linux-x86_64