CRAN Package Check Results for Package coenoflex

Last updated on 2024-02-24 10:49:16 CET.

Flavor Version Tinstall Tcheck Ttotal Status Flags
r-devel-linux-x86_64-debian-clang 2.2-0 10.18 65.29 75.47 OK
r-devel-linux-x86_64-debian-gcc 2.2-0 7.80 50.80 58.60 OK
r-devel-linux-x86_64-fedora-clang 2.2-0 94.53 NOTE
r-devel-linux-x86_64-fedora-gcc 2.2-0 90.77 NOTE
r-devel-windows-x86_64 2.2-0 10.00 67.00 77.00 OK
r-patched-linux-x86_64 2.2-0 9.75 65.26 75.01 OK
r-release-linux-x86_64 2.2-0 7.14 64.88 72.02 OK
r-release-macos-arm64 2.2-0 36.00 OK
r-release-macos-x86_64 2.2-0 54.00 OK
r-release-windows-x86_64 2.2-0 13.00 77.00 90.00 OK
r-oldrel-macos-arm64 2.2-0 33.00 OK
r-oldrel-windows-x86_64 2.2-0 12.00 82.00 94.00 OK

Check Details

Version: 2.2-0
Check: compiled code
Result: NOTE File ‘coenoflex/libs/coenoflex.so’: Found no calls to: ‘R_registerRoutines’, ‘R_useDynamicSymbols’ It is good practice to register native routines and to disable symbol search. See ‘Writing portable packages’ in the ‘Writing R Extensions’ manual. Flavors: r-devel-linux-x86_64-fedora-clang, r-devel-linux-x86_64-fedora-gcc