CRAN Package Check Results for Package coenoflex

Last updated on 2017-01-17 06:48:00.

Flavor Version Tinstall Tcheck Ttotal Status Flags
r-devel-linux-x86_64-debian-clang 2.2-0 3.17 29.38 32.54 OK
r-devel-linux-x86_64-debian-gcc 2.2-0 3.18 29.26 32.44 OK
r-devel-linux-x86_64-fedora-clang 2.2-0 72.92 OK --no-stop-on-test-error
r-devel-linux-x86_64-fedora-gcc 2.2-0 69.10 NOTE --no-stop-on-test-error
r-devel-macos-x86_64-clang 2.2-0 54.92 OK --no-stop-on-test-error
r-devel-windows-ix86+x86_64 2.2-0 14.00 70.00 84.00 OK
r-patched-linux-x86_64 2.2-0 2.87 26.02 28.90 OK
r-patched-solaris-sparc 2.2-0 385.80 OK
r-patched-solaris-x86 2.2-0 85.10 OK
r-release-linux-x86_64 2.2-0 2.94 26.25 29.20 OK
r-release-osx-x86_64-mavericks 2.2-0 OK
r-release-windows-ix86+x86_64 2.2-0 13.00 82.00 95.00 OK
r-oldrel-windows-ix86+x86_64 2.2-0 11.00 91.00 102.00 OK

Check Details

Version: 2.2-0
Flags: --no-stop-on-test-error
Check: compiled code
Result: NOTE
    File ‘coenoflex/libs/coenoflex.so’:
     Found no calls to: ‘R_registerRoutines’, ‘R_useDynamicSymbols’
    
    It is good practice to use registered native symbols and disable symbol
    search.
    
    See ‘Writing portable packages’ in the ‘Writing R Extensions’ manual.
Flavor: r-devel-linux-x86_64-fedora-gcc