CRAN Package Check Results for Package coenoflex

Last updated on 2017-02-20 11:50:26.

Flavor Version Tinstall Tcheck Ttotal Status Flags
r-devel-linux-x86_64-debian-clang 2.2-0 3.14 30.76 33.90 NOTE
r-devel-linux-x86_64-debian-gcc 2.2-0 3.02 30.33 33.36 NOTE
r-devel-linux-x86_64-fedora-clang 2.2-0 75.34 NOTE --no-stop-on-test-error
r-devel-linux-x86_64-fedora-gcc 2.2-0 73.22 NOTE --no-stop-on-test-error
r-devel-macos-x86_64-clang 2.2-0 57.91 NOTE --no-stop-on-test-error
r-devel-windows-ix86+x86_64 2.2-0 17.00 96.00 113.00 OK
r-patched-linux-x86_64 2.2-0 2.87 27.21 30.08 OK
r-patched-solaris-sparc 2.2-0 385.80 OK
r-patched-solaris-x86 2.2-0 88.00 OK
r-release-linux-x86_64 2.2-0 2.94 27.49 30.43 OK
r-release-osx-x86_64-mavericks 2.2-0 OK
r-release-windows-ix86+x86_64 2.2-0 10.00 60.00 70.00 OK
r-oldrel-windows-ix86+x86_64 2.2-0 11.00 99.00 110.00 OK

Check Details

Version: 2.2-0
Check: compiled code
Result: NOTE
    File ‘coenoflex/libs/coenoflex.so’:
     Found no calls to: ‘R_registerRoutines’, ‘R_useDynamicSymbols’
    
    It is good practice to register native routines and to disable symbol
    search.
    
    See ‘Writing portable packages’ in the ‘Writing R Extensions’ manual.
Flavors: r-devel-linux-x86_64-debian-clang, r-devel-linux-x86_64-debian-gcc

Version: 2.2-0
Flags: --no-stop-on-test-error
Check: compiled code
Result: NOTE
    File ‘coenoflex/libs/coenoflex.so’:
     Found no calls to: ‘R_registerRoutines’, ‘R_useDynamicSymbols’
    
    It is good practice to register native routines and to disable symbol
    search.
    
    See ‘Writing portable packages’ in the ‘Writing R Extensions’ manual.
Flavors: r-devel-linux-x86_64-fedora-clang, r-devel-linux-x86_64-fedora-gcc, r-devel-macos-x86_64-clang