CRAN Package Check Results for Package coenoflex

Last updated on 2016-08-30 00:47:23.

Flavor Version Tinstall Tcheck Ttotal Status Flags
r-devel-linux-x86_64-debian-clang 2.1-0 3.43 30.84 34.26 WARN
r-devel-linux-x86_64-debian-gcc 2.1-0 3.08 27.54 30.62 WARN
r-devel-linux-x86_64-fedora-clang 2.1-0 66.67 WARN
r-devel-linux-x86_64-fedora-gcc 2.1-0 63.76 WARN
r-devel-osx-x86_64-clang 2.1-0 51.22 WARN
r-devel-windows-ix86+x86_64 2.1-0 14.00 73.00 87.00 OK
r-patched-linux-x86_64 2.1-0 3.46 29.66 33.12 OK
r-patched-solaris-sparc 2.1-0 381.50 OK
r-patched-solaris-x86 2.1-0 83.80 OK
r-release-linux-x86_64 2.1-0 2.84 26.62 29.46 OK
r-release-osx-x86_64-mavericks 2.1-0 OK
r-release-windows-ix86+x86_64 2.1-0 8.00 56.00 64.00 OK
r-oldrel-windows-ix86+x86_64 2.1-0 15.00 94.00 109.00 OK

Check Details

Version: 2.1-0
Check: whether package can be installed
Result: WARN
    Found the following significant warnings:
     Warning: GNU Extension: Different type kinds at (1)
Flavors: r-devel-linux-x86_64-debian-clang, r-devel-linux-x86_64-debian-gcc, r-devel-linux-x86_64-fedora-clang, r-devel-linux-x86_64-fedora-gcc, r-devel-osx-x86_64-clang