CRAN Package Check Results for Package coenoflex

Last updated on 2017-08-16 20:47:53.

Flavor Version Tinstall Tcheck Ttotal Status Flags
r-devel-linux-x86_64-debian-clang 2.2-0 2.91 30.31 33.22 NOTE
r-devel-linux-x86_64-debian-gcc 2.2-0 3.24 30.18 33.41 NOTE
r-devel-linux-x86_64-fedora-clang 2.2-0 81.26 NOTE
r-devel-linux-x86_64-fedora-gcc 2.2-0 83.54 NOTE
r-devel-windows-ix86+x86_64 2.2-0 12.00 76.00 88.00 OK
r-patched-linux-x86_64 2.2-0 3.18 30.20 33.38 NOTE
r-patched-solaris-x86 2.2-0 106.50 OK
r-release-linux-x86_64 2.2-0 3.00 30.48 33.47 NOTE
r-release-windows-ix86+x86_64 2.2-0 13.00 95.00 108.00 OK
r-release-osx-x86_64 2.2-0 OK
r-oldrel-windows-ix86+x86_64 2.2-0 8.00 64.00 72.00 OK
r-oldrel-osx-x86_64 2.2-0 OK

Check Details

Version: 2.2-0
Check: compiled code
Result: NOTE
    File ‘coenoflex/libs/coenoflex.so’:
     Found no calls to: ‘R_registerRoutines’, ‘R_useDynamicSymbols’
    
    It is good practice to register native routines and to disable symbol
    search.
    
    See ‘Writing portable packages’ in the ‘Writing R Extensions’ manual.
Flavors: r-devel-linux-x86_64-debian-clang, r-devel-linux-x86_64-debian-gcc, r-devel-linux-x86_64-fedora-clang, r-devel-linux-x86_64-fedora-gcc, r-patched-linux-x86_64, r-release-linux-x86_64