CRAN Package Check Results for Package cofeatureR

Last updated on 2022-05-29 04:58:01 CEST.

Flavor Version Tinstall Tcheck Ttotal Status Flags
r-devel-linux-x86_64-debian-clang 1.1.1 2.29 34.44 36.73 NOTE
r-devel-linux-x86_64-debian-gcc 1.1.1 1.79 26.62 28.41 NOTE
r-devel-linux-x86_64-fedora-clang 1.1.1 44.03 NOTE
r-devel-linux-x86_64-fedora-gcc 1.1.1 43.30 NOTE
r-devel-windows-x86_64 1.1.1 18.00 51.00 69.00 NOTE
r-patched-linux-x86_64 1.1.1 1.75 33.35 35.10 NOTE
r-release-linux-x86_64 1.1.1 2.21 32.81 35.02 NOTE
r-release-macos-arm64 1.1.1 15.00 NOTE
r-release-macos-x86_64 1.1.1 27.00 NOTE
r-release-windows-x86_64 1.1.1 17.00 49.00 66.00 NOTE
r-oldrel-macos-arm64 1.1.1 21.00 NOTE
r-oldrel-macos-x86_64 1.1.1 26.00 NOTE
r-oldrel-windows-ix86+x86_64 1.1.1 6.00 47.00 53.00 NOTE

Check Details

Version: 1.1.1
Check: LazyData
Result: NOTE
     'LazyData' is specified without a 'data' directory
Flavors: r-devel-linux-x86_64-debian-clang, r-devel-linux-x86_64-debian-gcc, r-devel-linux-x86_64-fedora-clang, r-devel-linux-x86_64-fedora-gcc, r-devel-windows-x86_64, r-patched-linux-x86_64, r-release-linux-x86_64, r-release-macos-arm64, r-release-macos-x86_64, r-release-windows-x86_64, r-oldrel-macos-arm64, r-oldrel-macos-x86_64, r-oldrel-windows-ix86+x86_64

Version: 1.1.1
Check: dependencies in R code
Result: NOTE
    Namespace in Imports field not imported from: ‘tibble’
     All declared Imports should be used.
Flavors: r-devel-linux-x86_64-fedora-clang, r-devel-linux-x86_64-fedora-gcc, r-release-macos-arm64, r-release-macos-x86_64, r-oldrel-macos-arm64, r-oldrel-macos-x86_64