CRAN Package Check Results for Package coin

Last updated on 2014-10-01 01:47:47.

Flavor Version Tinstall Tcheck Ttotal Status Flags
r-devel-linux-x86_64-debian-clang 1.0-24 2.95 117.46 120.41 OK
r-devel-linux-x86_64-debian-gcc 1.0-24 3.32 118.23 121.55 OK
r-devel-linux-x86_64-fedora-clang 1.0-24 228.34 OK
r-devel-linux-x86_64-fedora-gcc 1.0-24 220.26 OK
r-devel-osx-x86_64-clang 1.0-24 204.88 OK
r-devel-windows-ix86+x86_64 1.0-24 13.00 190.00 203.00 OK
r-patched-linux-x86_64 1.0-24 3.88 121.12 124.99 OK
r-patched-solaris-sparc 1.0-24 1565.50 OK
r-patched-solaris-x86 1.0-24 281.40 OK
r-release-linux-ix86 1.0-24 4.04 164.76 168.80 OK
r-release-linux-x86_64 1.0-24 3.12 121.22 124.34 OK
r-release-osx-x86_64-mavericks 1.0-24 NOTE
r-release-osx-x86_64-snowleopard 1.0-24 OK
r-release-windows-ix86+x86_64 1.0-24 13.00 215.00 228.00 OK
r-oldrel-windows-ix86+x86_64 1.0-24 14.00 223.00 237.00 OK

Check Details

Version: 1.0-24
Check: re-building of vignette outputs
Result: NOTE
    Error in re-building vignettes:
     ...
    Loading required package: coin
    Loading required package: survival
    Loading required package: splines
    Warning in sub(object$syntax$docexpr, val, chunk[pos[1L]]) :
     argument 'replacement' has length > 1 and only the first element will be used
    Error in texi2dvi(file = file, pdf = TRUE, clean = clean, quiet = quiet, :
     Running 'texi2dvi' on 'LegoCondInf.tex' failed.
    LaTeX errors:
    ! LaTeX Error: File `relsize.sty' not found.
    
    Type X to quit or <RETURN> to proceed,
    or enter new name. (Default extension: sty)
    
    st/coin/vignettes/LegoCondInf.tex:77: ==> Fatal error occurred, no output PDF
    file produced!
    Calls: buildVignettes -> texi2pdf -> texi2dvi
    Execution halted
Flavor: r-release-osx-x86_64-mavericks