CRAN Package Check Results for Package coin

Last updated on 2014-04-24 15:50:35.

Flavor Version Tinstall Tcheck Ttotal Status Flags
r-devel-linux-x86_64-debian-clang 1.0-23 3.36 119.03 122.40 OK
r-devel-linux-x86_64-debian-gcc 1.0-23 3.36 117.80 121.16 OK
r-devel-linux-x86_64-fedora-clang 1.0-23 240.29 OK
r-devel-linux-x86_64-fedora-gcc 1.0-23 233.38 OK
r-devel-osx-x86_64-clang 1.0-23 192.29 OK
r-devel-osx-x86_64-gcc 1.0-23 WARN
r-devel-windows-ix86+x86_64 1.0-23 14.00 196.00 210.00 OK
r-patched-linux-x86_64 1.0-23 3.46 118.48 121.94 OK
r-patched-solaris-sparc 1.0-23 1602.50 OK
r-patched-solaris-x86 1.0-23 280.80 OK
r-release-linux-ix86 1.0-23 6.00 185.00 191.00 OK
r-release-linux-x86_64 1.0-23 3.36 117.74 121.10 OK
r-release-osx-x86_64-mavericks 1.0-23 WARN
r-release-windows-ix86+x86_64 1.0-23 14.00 206.00 220.00 OK
r-oldrel-windows-ix86+x86_64 1.0-23 15.00 219.00 234.00 OK

Check Details

Version: 1.0-23
Check: package dependencies
Result: NOTE
    Packages suggested but not available for checking: ‘multcomp’ ‘vcd’
    
    Package which this enhances but not available for checking: ‘Biobase’
Flavors: r-devel-osx-x86_64-gcc, r-release-osx-x86_64-mavericks

Version: 1.0-23
Check: Rd cross-references
Result: NOTE
    Package unavailable to check Rd xrefs: ‘Biobase’
Flavors: r-devel-osx-x86_64-gcc, r-release-osx-x86_64-mavericks

Version: 1.0-23
Check: running R code from vignettes
Result: WARNING
    Errors in running code in vignettes:
    when running code in ‘coin_implementation.Rnw’
     ...
    Male <5000 1 1 2 1
     5000-15000 0 3 5 1
     15000-25000 0 0 7 3
     >25000 0 1 9 6
    
    > library("vcd")
    
     When sourcing ‘coin_implementation.R’:
    Error: there is no package called ‘vcd’
    Execution halted
Flavors: r-devel-osx-x86_64-gcc, r-release-osx-x86_64-mavericks

Version: 1.0-23
Check: re-building of vignette outputs
Result: NOTE
    Error in re-building vignettes:
     ...
    Loading required package: coin
    Loading required package: survival
    Loading required package: splines
    Warning in sub(object$syntax$docexpr, val, chunk[pos[1L]]) :
     argument 'replacement' has length > 1 and only the first element will be used
    Loading required package: Biobase
    Warning in library(package, lib.loc = lib.loc, character.only = TRUE, logical.return = TRUE, :
     there is no package called ‘Biobase’
    Loading required package: multcomp
    Warning in library(package, lib.loc = lib.loc, character.only = TRUE, logical.return = TRUE, :
     there is no package called ‘multcomp’
    Loading required package: multcomp
    Warning in library(package, lib.loc = lib.loc, character.only = TRUE, logical.return = TRUE, :
     there is no package called ‘multcomp’
    
    Error: processing vignette 'coin_implementation.Rnw' failed with diagnostics:
     chunk 28 (label = js-plot)
    Error in library("vcd") : there is no package called ‘vcd’
    Execution halted
Flavor: r-devel-osx-x86_64-gcc

Version: 1.0-23
Check: re-building of vignette outputs
Result: NOTE
    Error in re-building vignettes:
     ...
    Loading required package: coin
    Loading required package: survival
    Loading required package: splines
    Warning in sub(object$syntax$docexpr, val, chunk[pos[1L]]) :
     argument 'replacement' has length > 1 and only the first element will be used
    Error in texi2dvi(file = file, pdf = TRUE, clean = clean, quiet = quiet, :
     Running 'texi2dvi' on 'LegoCondInf.tex' failed.
    LaTeX errors:
    ! LaTeX Error: File `relsize.sty' not found.
    
    Type X to quit or <RETURN> to proceed,
    or enter new name. (Default extension: sty)
    
    st/coin/vignettes/LegoCondInf.tex:77: ==> Fatal error occurred, no output PDF
    file produced!
    Calls: buildVignettes -> texi2pdf -> texi2dvi
    Execution halted
Flavor: r-release-osx-x86_64-mavericks

Version: 1.0-23
Check: PDF version of manual
Result: WARNING
    LaTeX errors when creating PDF version.
    This typically indicates Rd problems.
    LaTeX errors found:
    ! LaTeX Error: File `upquote.sty' not found.
    
    Type X to quit or <RETURN> to proceed,
    or enter new name. (Default extension: sty)
    
    1c16ec23/Rd2.tex:8: ==> Fatal error occurred, no output PDF file produced!
Flavor: r-release-osx-x86_64-mavericks