CRAN Package Check Results for Package coin

Last updated on 2017-07-28 08:47:46.

Flavor Version Tinstall Tcheck Ttotal Status Flags
r-devel-linux-x86_64-debian-clang 1.2-1 9.33 205.05 214.39 OK
r-devel-linux-x86_64-debian-gcc 1.2-1 9.11 189.19 198.30 OK
r-devel-linux-x86_64-fedora-clang 1.2-1 377.15 OK
r-devel-linux-x86_64-fedora-gcc 1.2-1 377.26 OK
r-devel-windows-ix86+x86_64 1.2-1 23.00 376.00 399.00 OK
r-patched-linux-x86_64 1.2-1 9.20 198.73 207.93 OK
r-patched-solaris-x86 1.2-1 494.10 OK
r-release-linux-x86_64 1.2-1 13.51 200.01 213.53 OK
r-release-windows-ix86+x86_64 1.2-1 41.00 502.00 543.00 OK
r-release-osx-x86_64 1.2-1 NOTE
r-oldrel-windows-ix86+x86_64 1.2-1 24.00 388.00 412.00 OK
r-oldrel-osx-x86_64 1.2-1 OK

Check Details

Version: 1.2-1
Check: re-building of vignette outputs
Result: NOTE
    Error in re-building vignettes:
     ...
    Loading required package: coin
    Loading required package: survival
    Error in texi2dvi(file = file, pdf = TRUE, clean = clean, quiet = quiet, :
     Running 'texi2dvi' on 'LegoCondInf.tex' failed.
    LaTeX errors:
    ! LaTeX Error: File `relsize.sty' not found.
    
    Type X to quit or <RETURN> to proceed,
    or enter new name. (Default extension: sty)
    
    ! Emergency stop.
    <read *>
    
    l.77 ^^M
    
    ! ==> Fatal error occurred, no output PDF file produced!
    Calls: buildVignettes -> texi2pdf -> texi2dvi
    Execution halted
Flavor: r-release-osx-x86_64