CRAN Package Check Results for Package coin

Last updated on 2014-11-20 19:48:16.

Flavor Version Tinstall Tcheck Ttotal Status Flags
r-devel-linux-x86_64-debian-clang 1.0-24 3.02 121.46 124.48 OK
r-devel-linux-x86_64-debian-gcc 1.0-24 2.97 117.34 120.31 OK
r-devel-linux-x86_64-fedora-clang 1.0-24 220.29 OK
r-devel-linux-x86_64-fedora-gcc 1.0-24 213.63 OK
r-devel-osx-x86_64-clang 1.0-24 204.67 OK
r-devel-windows-ix86+x86_64 1.0-24 14.00 198.00 212.00 OK
r-patched-linux-x86_64 1.0-24 3.12 119.35 122.46 OK
r-patched-solaris-sparc 1.0-24 1670.30 OK
r-patched-solaris-x86 1.0-24 280.50 OK
r-release-linux-ix86 1.0-24 3.85 151.16 155.01 OK
r-release-linux-x86_64 1.0-24 3.11 123.45 126.56 OK
r-release-osx-x86_64-mavericks 1.0-24 NOTE
r-release-osx-x86_64-snowleopard 1.0-24 OK
r-release-windows-ix86+x86_64 1.0-24 18.00 201.00 219.00 OK
r-oldrel-windows-ix86+x86_64 1.0-24 13.00 216.00 229.00 OK

Check Details

Version: 1.0-24
Check: re-building of vignette outputs
Result: NOTE
    Error in re-building vignettes:
     ...
    Loading required package: coin
    Loading required package: survival
    Loading required package: splines
    Warning in sub(object$syntax$docexpr, val, chunk[pos[1L]]) :
     argument 'replacement' has length > 1 and only the first element will be used
    Error in texi2dvi(file = file, pdf = TRUE, clean = clean, quiet = quiet, :
     Running 'texi2dvi' on 'LegoCondInf.tex' failed.
    LaTeX errors:
    ! LaTeX Error: File `relsize.sty' not found.
    
    Type X to quit or <RETURN> to proceed,
    or enter new name. (Default extension: sty)
    
    st/coin/vignettes/LegoCondInf.tex:77: ==> Fatal error occurred, no output PDF
    file produced!
    Calls: buildVignettes -> texi2pdf -> texi2dvi
    Execution halted
Flavor: r-release-osx-x86_64-mavericks