CRAN Package Check Results for Package coin

Last updated on 2017-05-27 14:46:55.

Flavor Version Tinstall Tcheck Ttotal Status Flags
r-devel-linux-x86_64-debian-clang 1.1-3 9.89 184.35 194.25 NOTE
r-devel-linux-x86_64-debian-gcc 1.1-3 9.85 181.24 191.09 NOTE
r-devel-linux-x86_64-fedora-clang 1.1-3 365.02 NOTE
r-devel-linux-x86_64-fedora-gcc 1.1-3 358.67 NOTE
r-devel-windows-ix86+x86_64 1.1-3 26.00 434.00 460.00 OK
r-patched-linux-x86_64 1.1-3 9.49 186.62 196.11 NOTE
r-patched-solaris-sparc 1.1-3 2635.10 OK
r-patched-solaris-x86 1.1-3 464.00 OK
r-release-linux-x86_64 1.1-3 8.86 181.65 190.50 NOTE
r-release-windows-ix86+x86_64 1.1-3 23.00 379.00 402.00 OK
r-release-osx-x86_64 1.1-3 NOTE
r-oldrel-windows-ix86+x86_64 1.1-3 30.00 370.00 400.00 OK
r-oldrel-osx-x86_64 1.1-3 OK

Additional issues

rchk

Check Details

Version: 1.1-3
Check: compiled code
Result: NOTE
    File ‘coin/libs/coin.so’:
     Found no calls to: ‘R_registerRoutines’, ‘R_useDynamicSymbols’
    
    It is good practice to register native routines and to disable symbol
    search.
    
    See ‘Writing portable packages’ in the ‘Writing R Extensions’ manual.
Flavors: r-devel-linux-x86_64-debian-clang, r-devel-linux-x86_64-debian-gcc, r-devel-linux-x86_64-fedora-clang, r-devel-linux-x86_64-fedora-gcc, r-patched-linux-x86_64, r-release-linux-x86_64

Version: 1.1-3
Check: re-building of vignette outputs
Result: NOTE
    Error in re-building vignettes:
     ...
    Loading required package: coin
    Loading required package: survival
    Error in texi2dvi(file = file, pdf = TRUE, clean = clean, quiet = quiet, :
     Running 'texi2dvi' on 'LegoCondInf.tex' failed.
    LaTeX errors:
    ! LaTeX Error: File `relsize.sty' not found.
    
    Type X to quit or <RETURN> to proceed,
    or enter new name. (Default extension: sty)
    
    ! Emergency stop.
    <read *>
    
    l.77 ^^M
    
    ! ==> Fatal error occurred, no output PDF file produced!
    Calls: buildVignettes -> texi2pdf -> texi2dvi
    Execution halted
Flavor: r-release-osx-x86_64