CRAN Package Check Results for Package coin

Last updated on 2017-04-24 12:47:25.

Flavor Version Tinstall Tcheck Ttotal Status Flags
r-devel-linux-x86_64-debian-clang 1.1-3 8.91 187.77 196.68 NOTE
r-devel-linux-x86_64-debian-gcc 1.1-3 9.02 180.42 189.44 NOTE
r-devel-linux-x86_64-fedora-clang 1.1-3 364.21 NOTE --no-stop-on-test-error
r-devel-linux-x86_64-fedora-gcc 1.1-3 361.87 NOTE --no-stop-on-test-error
r-devel-windows-ix86+x86_64 1.1-3 32.00 517.00 549.00 OK
r-patched-linux-x86_64 1.1-3 8.91 178.16 187.07 NOTE
r-patched-solaris-sparc 1.1-3 2635.10 OK
r-patched-solaris-x86 1.1-3 454.20 OK
r-release-linux-x86_64 1.1-3 8.61 178.73 187.34 NOTE
r-release-windows-ix86+x86_64 1.1-3 25.00 427.00 452.00 OK
r-release-osx-x86_64 1.1-3 NOTE
r-oldrel-windows-ix86+x86_64 1.1-3 24.00 366.00 390.00 OK
r-oldrel-osx-x86_64 1.1-3 OK

Check Details

Version: 1.1-3
Check: compiled code
Result: NOTE
    File ‘coin/libs/coin.so’:
     Found no calls to: ‘R_registerRoutines’, ‘R_useDynamicSymbols’
    
    It is good practice to register native routines and to disable symbol
    search.
    
    See ‘Writing portable packages’ in the ‘Writing R Extensions’ manual.
Flavors: r-devel-linux-x86_64-debian-clang, r-devel-linux-x86_64-debian-gcc, r-patched-linux-x86_64, r-release-linux-x86_64

Version: 1.1-3
Flags: --no-stop-on-test-error
Check: compiled code
Result: NOTE
    File ‘coin/libs/coin.so’:
     Found no calls to: ‘R_registerRoutines’, ‘R_useDynamicSymbols’
    
    It is good practice to register native routines and to disable symbol
    search.
    
    See ‘Writing portable packages’ in the ‘Writing R Extensions’ manual.
Flavors: r-devel-linux-x86_64-fedora-clang, r-devel-linux-x86_64-fedora-gcc

Version: 1.1-3
Check: re-building of vignette outputs
Result: NOTE
    Error in re-building vignettes:
     ...
    Loading required package: coin
    Loading required package: survival
    Error in texi2dvi(file = file, pdf = TRUE, clean = clean, quiet = quiet, :
     Running 'texi2dvi' on 'LegoCondInf.tex' failed.
    LaTeX errors:
    ! LaTeX Error: File `relsize.sty' not found.
    
    Type X to quit or <RETURN> to proceed,
    or enter new name. (Default extension: sty)
    
    ! Emergency stop.
    <read *>
    
    l.77 ^^M
    
    ! ==> Fatal error occurred, no output PDF file produced!
    Calls: buildVignettes -> texi2pdf -> texi2dvi
    Execution halted
Flavor: r-release-osx-x86_64