CRAN Package Check Results for Package coin

Last updated on 2015-07-29 08:49:56.

Flavor Version Tinstall Tcheck Ttotal Status Flags
r-devel-linux-x86_64-debian-clang 1.0-24 2.67 115.76 118.43 NOTE
r-devel-linux-x86_64-debian-gcc 1.0-24 2.86 113.35 116.21 NOTE
r-devel-linux-x86_64-fedora-clang 1.0-24 204.62 NOTE
r-devel-linux-x86_64-fedora-gcc 1.0-24 199.62 NOTE
r-devel-osx-x86_64-clang 1.0-24 176.92 OK
r-devel-windows-ix86+x86_64 1.0-24 13.00 197.00 210.00 NOTE
r-patched-linux-x86_64 1.0-24 2.89 116.06 118.95 OK
r-patched-solaris-sparc 1.0-24 1728.20 OK
r-patched-solaris-x86 1.0-24 258.70 OK
r-release-linux-x86_64 1.0-24 2.77 117.48 120.25 OK
r-release-osx-x86_64-mavericks 1.0-24 NOTE
r-release-windows-ix86+x86_64 1.0-24 20.00 210.00 230.00 OK
r-oldrel-windows-ix86+x86_64 1.0-24 20.00 301.00 321.00 OK

Check Details

Version: 1.0-24
Check: R code for possible problems
Result: NOTE
    confint_location : ccia: no visible global function definition for
     ‘uniroot’
    confint_location: no visible global function definition for ‘uniroot’
    confint_scale : ccia: no visible global function definition for
     ‘uniroot’
    confint_scale: no visible global function definition for ‘uniroot’
    f_trafo: no visible global function definition for ‘model.frame’
    f_trafo: no visible binding for global variable ‘na.pass’
    f_trafo: no visible global function definition for ‘model.matrix’
    fligner_test.IndependenceProblem: no visible binding for global
     variable ‘median’
    fligner_trafo: no visible global function definition for ‘qnorm’
    logrank_trafo: no visible global function definition for ‘runif’
    maxstat_trafo: no visible global function definition for ‘quantile’
    median_trafo: no visible global function definition for ‘median’
    normal_trafo: no visible global function definition for ‘qnorm’
    vdW_split_up_2sample : <anonymous>: no visible global function
     definition for ‘uniroot’
    ApproxNullDistribution,MaxTypeIndependenceTestStatistic : <anonymous>:
     no visible global function definition for ‘binom.test’
    ApproxNullDistribution,MaxTypeIndependenceTestStatistic : <anonymous>:
     no visible global function definition for ‘quantile’
    ApproxNullDistribution,QuadTypeIndependenceTestStatistic : <anonymous>:
     no visible global function definition for ‘binom.test’
    ApproxNullDistribution,QuadTypeIndependenceTestStatistic : <anonymous>:
     no visible global function definition for ‘quantile’
    ApproxNullDistribution,ScalarIndependenceTestStatistic : <anonymous>:
     no visible global function definition for ‘binom.test’
    ApproxNullDistribution,ScalarIndependenceTestStatistic : <anonymous>:
     no visible global function definition for ‘quantile’
    AsymptNullDistribution,MaxTypeIndependenceTestStatistic: no visible
     global function definition for ‘cov2cor’
    AsymptNullDistribution,QuadTypeIndependenceTestStatistic : <anonymous>:
     no visible global function definition for ‘pchisq’
    AsymptNullDistribution,QuadTypeIndependenceTestStatistic : <anonymous>:
     no visible global function definition for ‘qchisq’
    AsymptNullDistribution,QuadTypeIndependenceTestStatistic : <anonymous>:
     no visible global function definition for ‘dchisq’
    AsymptNullDistribution,ScalarIndependenceTestStatistic : <anonymous>:
     no visible global function definition for ‘pnorm’
    AsymptNullDistribution,ScalarIndependenceTestStatistic : <anonymous>:
     no visible global function definition for ‘qnorm’
    AsymptNullDistribution,ScalarIndependenceTestStatistic : <anonymous>:
     no visible global function definition for ‘dnorm’
    show,ScalarIndependenceTestConfint: no visible global function
     definition for ‘confint’
    Undefined global functions or variables:
     binom.test confint cov2cor dchisq dnorm median model.frame
     model.matrix na.pass pchisq pnorm qchisq qnorm quantile runif uniroot
    Consider adding
     importFrom("stats", "binom.test", "confint", "cov2cor", "dchisq",
     "dnorm", "median", "model.frame", "model.matrix", "na.pass",
     "pchisq", "pnorm", "qchisq", "qnorm", "quantile", "runif",
     "uniroot")
    to your NAMESPACE.
Flavors: r-devel-linux-x86_64-debian-clang, r-devel-linux-x86_64-debian-gcc, r-devel-linux-x86_64-fedora-clang, r-devel-linux-x86_64-fedora-gcc, r-devel-windows-ix86+x86_64

Version: 1.0-24
Check: re-building of vignette outputs
Result: NOTE
    Error in re-building vignettes:
     ...
    Warning in sub(object$syntax$docexpr, val, chunk[pos[1L]]) :
     argument 'replacement' has length > 1 and only the first element will be used
    Error in texi2dvi(file = file, pdf = TRUE, clean = clean, quiet = quiet, :
     Running 'texi2dvi' on 'MAXtest.tex' failed.
    LaTeX errors:
    ! Undefined control sequence.
    l.18 ...<88> ^^H<d2><e9>4<bb><be><9e><e7><c5><e3>q!D<db>9<fd><9e><86><e1>^^Pּg<f7><ba>Y<da>0'<bc><d8>#.<b9>\n
     '<90>^^_sp<ee><dd><ee>E^^U<98><b2><9f>~<fa>)^^^<8f><87>a...
    The control sequence at the end of the top line
    of your error message was never \def'ed. If you have
    ! LaTeX Error: Missing \begin{document}.
    
    See the LaTeX manual or LaTeX Companion for explanation.
    Type H <return> for immediate help.
     ...
    ! Missing $ inserted.
    <inserted text>
     $
    l.20 ...^^CC7M<93>O<91><ac>-<f1>}<df><f7>}!<84>mۜ^^Bo+<c7><dc>)<eb><bb>u<eb>V<87>U<a5><94><a5>R<a9>^
     <af>c<db><c0>"^^CZ<b4><b5>^^N^^_?~<dc><d8><d8>@5!<84>...
    ! Undefined control sequence.
    l.20 ...^^Y^^R3<aa><9b>&<dd>d^^S^^QJ<88>(<9b>͢-^^HS7<8c><ae><eb><a2> <80>Z.<97><af>\<b9>
    
    Calls: buildVignettes -> texi2pdf -> texi2dvi
    Execution halted
Flavor: r-release-osx-x86_64-mavericks