CRAN Package Check Results for Package coin

Last updated on 2020-02-27 18:49:55 CET.

Flavor Version Tinstall Tcheck Ttotal Status Flags
r-devel-linux-x86_64-debian-clang 1.3-1 17.74 311.69 329.43 OK
r-devel-linux-x86_64-debian-gcc 1.3-1 13.48 243.47 256.95 OK
r-devel-linux-x86_64-fedora-clang 1.3-1 388.07 OK
r-devel-linux-x86_64-fedora-gcc 1.3-1 383.38 OK
r-devel-windows-ix86+x86_64 1.3-1 35.00 462.00 497.00 OK
r-devel-windows-ix86+x86_64-gcc8 1.3-1 35.00 448.00 483.00 OK
r-patched-linux-x86_64 1.3-1 15.47 283.39 298.86 OK
r-patched-solaris-x86 1.3-1 559.40 OK
r-release-linux-x86_64 1.3-1 15.04 285.88 300.92 OK
r-release-windows-ix86+x86_64 1.3-1 30.00 436.00 466.00 OK
r-release-osx-x86_64 1.3-1 OK
r-oldrel-windows-ix86+x86_64 1.3-1 20.00 423.00 443.00 WARN
r-oldrel-osx-x86_64 1.3-1 WARN

Check Details

Version: 1.3-1
Check: package subdirectories
Result: WARN
    Problems with news in 'inst/NEWS.Rd':
     inst/NEWS.Rd:833: unknown macro '\proglang'
     inst/NEWS.Rd:893: unknown macro '\proglang'
     inst/NEWS.Rd:1034: unknown macro '\proglang'
     inst/NEWS.Rd:1050: unknown macro '\proglang'
     inst/NEWS.Rd:1052: unknown macro '\proglang'
     inst/NEWS.Rd:1057: unknown macro '\proglang'
Flavors: r-oldrel-windows-ix86+x86_64, r-oldrel-osx-x86_64