CRAN Package Check Results for Package coin

Last updated on 2015-03-05 19:47:49.

Flavor Version Tinstall Tcheck Ttotal Status Flags
r-devel-linux-x86_64-debian-clang 1.0-24 2.75 117.59 120.34 OK
r-devel-linux-x86_64-debian-gcc 1.0-24 2.69 114.32 117.01 OK
r-devel-linux-x86_64-fedora-clang 1.0-24 138.66 OK
r-devel-linux-x86_64-fedora-gcc 1.0-24 137.14 OK
r-devel-osx-x86_64-clang 1.0-24 204.32 OK
r-devel-windows-ix86+x86_64 1.0-24 14.00 193.00 207.00 OK
r-patched-linux-x86_64 1.0-24 3.05 118.84 121.90 OK
r-patched-solaris-sparc 1.0-24 1746.50 OK
r-patched-solaris-x86 1.0-24 281.10 OK
r-release-linux-ix86 1.0-24 3.85 160.40 164.25 OK
r-release-linux-x86_64 1.0-24 3.24 120.80 124.04 OK
r-release-osx-x86_64-mavericks 1.0-24 NOTE
r-release-osx-x86_64-snowleopard 1.0-24 OK
r-release-windows-ix86+x86_64 1.0-24 16.00 212.00 228.00 OK
r-oldrel-windows-ix86+x86_64 1.0-24 14.00 215.00 229.00 OK

Check Details

Version: 1.0-24
Check: re-building of vignette outputs
Result: NOTE
    Error in re-building vignettes:
     ...
    Warning in sub(object$syntax$docexpr, val, chunk[pos[1L]]) :
     argument 'replacement' has length > 1 and only the first element will be used
    Error in texi2dvi(file = file, pdf = TRUE, clean = clean, quiet = quiet, :
     Running 'texi2dvi' on 'MAXtest.tex' failed.
    LaTeX errors:
    ! Undefined control sequence.
    l.18 ...<88> ^^H<d2><e9>4<bb><be><9e><e7><c5><e3>q!D<db>9<fd><9e><86><e1>^^Pּg<f7><ba>Y<da>0'<bc><d8>#.<b9>\n
     '<90>^^_sp<ee><dd><ee>E^^U<98><b2><9f>~<fa>)^^^<8f><87>a...
    The control sequence at the end of the top line
    of your error message was never \def'ed. If you have
    ! LaTeX Error: Missing \begin{document}.
    
    See the LaTeX manual or LaTeX Companion for explanation.
    Type H <return> for immediate help.
     ...
    ! Missing $ inserted.
    <inserted text>
     $
    l.20 ...^^CC7M<93>O<91><ac>-<f1>}<df><f7>}!<84>mۜ^^Bo+<c7><dc>)<eb><bb>u<eb>V<87>U<a5><94><a5>R<a9>^
     <af>c<db><c0>"^^CZ<b4><b5>^^N^^_?~<dc><d8><d8>@5!<84>...
    ! Undefined control sequence.
    l.20 ...^^Y^^R3<aa><9b>&<dd>d^^S^^QJ<88>(<9b>͢-^^HS7<8c><ae><eb><a2> <80>Z.<97><af>\<b9>
    
    Calls: buildVignettes -> texi2pdf -> texi2dvi
    Execution halted
Flavor: r-release-osx-x86_64-mavericks