CRAN Package Check Results for Package coin

Last updated on 2017-11-24 22:50:56 CET.

Flavor Version Tinstall Tcheck Ttotal Status Flags
r-devel-linux-x86_64-debian-clang 1.2-1 11.06 387.06 398.13 OK
r-devel-linux-x86_64-debian-gcc 1.2-1 11.49 340.27 351.75 OK
r-devel-linux-x86_64-fedora-clang 1.2-1 341.55 OK
r-devel-linux-x86_64-fedora-gcc 1.2-1 330.43 OK
r-devel-windows-ix86+x86_64 1.2-1 22.00 545.00 567.00 OK
r-patched-linux-x86_64 1.2-1 11.40 404.53 415.93 OK
r-patched-solaris-x86 1.2-1 493.50 OK
r-release-linux-x86_64 1.2-1 11.66 400.76 412.42 OK
r-release-windows-ix86+x86_64 1.2-1 24.00 402.00 426.00 OK
r-release-osx-x86_64 1.2-1 NOTE
r-oldrel-windows-ix86+x86_64 1.2-1 23.00 407.00 430.00 OK
r-oldrel-osx-x86_64 1.2-1 OK

Check Details

Version: 1.2-1
Check: re-building of vignette outputs
Result: NOTE
    Error in re-building vignettes:
     ...
    Loading required package: coin
    Loading required package: survival
    Error in texi2dvi(file = file, pdf = TRUE, clean = clean, quiet = quiet, :
     Running 'texi2dvi' on 'LegoCondInf.tex' failed.
    LaTeX errors:
    ! LaTeX Error: File `relsize.sty' not found.
    
    Type X to quit or <RETURN> to proceed,
    or enter new name. (Default extension: sty)
    
    ! Emergency stop.
    <read *>
    
    l.77 ^^M
    
    ! ==> Fatal error occurred, no output PDF file produced!
    Calls: buildVignettes -> texi2pdf -> texi2dvi
    Execution halted
Flavor: r-release-osx-x86_64