CRAN Package Check Results for Package coin

Last updated on 2014-08-20 12:46:34.

Flavor Version Tinstall Tcheck Ttotal Status Flags
r-devel-linux-x86_64-debian-clang 1.0-23 3.05 116.04 119.08 OK
r-devel-linux-x86_64-debian-gcc 1.0-23 3.34 114.60 117.94 OK
r-devel-linux-x86_64-fedora-clang 1.0-23 238.07 OK
r-devel-linux-x86_64-fedora-gcc 1.0-23 228.44 OK
r-devel-osx-x86_64-clang 1.0-23 200.95 OK
r-devel-windows-ix86+x86_64 1.0-23 14.00 196.00 210.00 OK
r-patched-linux-x86_64 1.0-23 3.60 116.19 119.79 OK
r-patched-solaris-sparc 1.0-23 1691.00 OK
r-patched-solaris-x86 1.0-23 298.50 OK
r-release-linux-ix86 1.0-23 4.27 162.77 167.04 OK
r-release-linux-x86_64 1.0-23 3.64 116.37 120.01 OK
r-release-osx-x86_64-mavericks 1.0-23 NOTE
r-release-windows-ix86+x86_64 1.0-23 15.00 203.00 218.00 OK
r-oldrel-windows-ix86+x86_64 1.0-23 15.00 211.00 226.00 OK

Check Details

Version: 1.0-23
Check: package dependencies
Result: NOTE
    Package which this enhances but not available for checking: ‘Biobase’
Flavor: r-release-osx-x86_64-mavericks

Version: 1.0-23
Check: Rd cross-references
Result: NOTE
    Package unavailable to check Rd xrefs: ‘Biobase’
Flavor: r-release-osx-x86_64-mavericks

Version: 1.0-23
Check: re-building of vignette outputs
Result: NOTE
    Error in re-building vignettes:
     ...
    Loading required package: coin
    Loading required package: survival
    Loading required package: splines
    Warning in sub(object$syntax$docexpr, val, chunk[pos[1L]]) :
     argument 'replacement' has length > 1 and only the first element will be used
    Error in texi2dvi(file = file, pdf = TRUE, clean = clean, quiet = quiet, :
     Running 'texi2dvi' on 'LegoCondInf.tex' failed.
    LaTeX errors:
    ! LaTeX Error: File `relsize.sty' not found.
    
    Type X to quit or <RETURN> to proceed,
    or enter new name. (Default extension: sty)
    
    st/coin/vignettes/LegoCondInf.tex:77: ==> Fatal error occurred, no output PDF
    file produced!
    Calls: buildVignettes -> texi2pdf -> texi2dvi
    Execution halted
Flavor: r-release-osx-x86_64-mavericks