CRAN Package Check Results for Package coin

Last updated on 2015-09-01 19:47:08.

Flavor Version Tinstall Tcheck Ttotal Status Flags
r-devel-linux-x86_64-debian-clang 1.1-0 6.67 141.02 147.69 NOTE
r-devel-linux-x86_64-debian-gcc 1.1-0 6.44 133.96 140.39 NOTE
r-devel-linux-x86_64-fedora-clang 1.1-0 239.70 NOTE
r-devel-linux-x86_64-fedora-gcc 1.1-0 243.82 NOTE
r-devel-osx-x86_64-clang 1.1-0 216.22 NOTE
r-devel-windows-ix86+x86_64 1.1-0 33.00 374.00 407.00 NOTE
r-patched-linux-x86_64 1.1-0 6.59 138.30 144.89 OK
r-patched-solaris-sparc 1.1-0 1946.20 ERROR
r-patched-solaris-x86 1.1-0 305.10 OK
r-release-linux-x86_64 1.1-0 6.64 137.45 144.09 OK
r-release-osx-x86_64-mavericks 1.1-0 OK
r-release-windows-ix86+x86_64 1.1-0 28.00 292.00 320.00 OK
r-oldrel-windows-ix86+x86_64 1.1-0 37.00 416.00 453.00 OK

Check Details

Version: 1.1-0
Check: whether the namespace can be loaded with stated dependencies
Result: NOTE
    Warning: no function found corresponding to methods exports from ‘coin’ for: ‘initialize’, ‘show’
    
    A namespace must be able to be loaded with just the base namespace
    loaded: otherwise if the namespace gets loaded by a saved object, the
    session will be unable to start.
    
    Probably some imports need to be declared in the NAMESPACE file.
Flavors: r-devel-linux-x86_64-debian-clang, r-devel-linux-x86_64-debian-gcc, r-devel-linux-x86_64-fedora-clang, r-devel-linux-x86_64-fedora-gcc, r-devel-osx-x86_64-clang, r-devel-windows-ix86+x86_64, r-devel-windows-ix86+x86_64

Version: 1.1-0
Check: tests
Result: ERROR
    Running the tests in ‘tests/regtest_distribution.R’ failed.
    Last 13 lines of output:
     [57] 0.1839101143597 0.2090026733175 0.2377673201631 0.2640839127182
     [61] 0.2928485532954 0.3173290974951 0.3436456870270 0.3724103343983
     [65] 0.3999509607384 0.4287155969932 0.4550321851681 0.4844088377611
     [69] 0.5143975067943 0.5443861827061 0.5743748561777 0.6019154649325
     [73] 0.6355762219880 0.6674009370227 0.6980016214787 0.7292143127438
     [77] 0.7647111168165 0.7965358201036 0.8320326134909 0.8693654606294
     [81] 0.9066982946291 0.9434191114702 0.9813639658480 1.0229808918264
     [85] 1.0652098364326 1.1086628097986 1.1563998819872 1.2016888947610
     [89] 1.2555460963652 1.3100153192019 1.3669325918945 1.4281339646070
     [93] 1.4942314430876 1.5731812087959 1.6582511107460 1.7525012138781
     [97] 1.8687838215030 2.0193391916458 2.2408881427512
     Error: isequal(qp_it1_SR[-c(1, 101)], qp_it1_vdW[-c(1, 101)]) is not TRUE
     Execution halted
Flavor: r-patched-solaris-sparc