CRAN Package Check Results for Package coin

Last updated on 2017-03-27 17:47:16.

Flavor Version Tinstall Tcheck Ttotal Status Flags
r-devel-linux-x86_64-debian-clang 1.1-3 9.06 190.84 199.90 NOTE
r-devel-linux-x86_64-debian-gcc 1.1-3 8.80 181.57 190.37 NOTE
r-devel-linux-x86_64-fedora-clang 1.1-3 369.96 NOTE --no-stop-on-test-error
r-devel-linux-x86_64-fedora-gcc 1.1-3 362.27 NOTE --no-stop-on-test-error
r-devel-macos-x86_64-clang 1.1-3 268.10 NOTE --no-stop-on-test-error
r-devel-windows-ix86+x86_64 1.1-3 27.00 407.00 434.00 OK
r-patched-linux-x86_64 1.1-3 8.45 179.22 187.67 NOTE
r-patched-solaris-sparc 1.1-3 2635.10 OK
r-patched-solaris-x86 1.1-3 465.20 OK
r-release-linux-x86_64 1.1-3 9.09 166.70 175.79 OK
r-release-osx-x86_64-mavericks 1.1-3 OK
r-release-windows-ix86+x86_64 1.1-3 33.00 394.00 427.00 OK
r-oldrel-windows-ix86+x86_64 1.1-3 24.00 400.00 424.00 OK

Check Details

Version: 1.1-3
Check: compiled code
Result: NOTE
    File ‘coin/libs/coin.so’:
     Found no calls to: ‘R_registerRoutines’, ‘R_useDynamicSymbols’
    
    It is good practice to register native routines and to disable symbol
    search.
    
    See ‘Writing portable packages’ in the ‘Writing R Extensions’ manual.
Flavors: r-devel-linux-x86_64-debian-clang, r-devel-linux-x86_64-debian-gcc, r-patched-linux-x86_64

Version: 1.1-3
Flags: --no-stop-on-test-error
Check: compiled code
Result: NOTE
    File ‘coin/libs/coin.so’:
     Found no calls to: ‘R_registerRoutines’, ‘R_useDynamicSymbols’
    
    It is good practice to register native routines and to disable symbol
    search.
    
    See ‘Writing portable packages’ in the ‘Writing R Extensions’ manual.
Flavors: r-devel-linux-x86_64-fedora-clang, r-devel-linux-x86_64-fedora-gcc, r-devel-macos-x86_64-clang