CRAN Package Check Results for Package coin

Last updated on 2017-02-20 20:47:42.

Flavor Version Tinstall Tcheck Ttotal Status Flags
r-devel-linux-x86_64-debian-clang 1.1-3 8.95 184.54 193.49 NOTE
r-devel-linux-x86_64-debian-gcc 1.1-3 8.87 175.24 184.11 NOTE
r-devel-linux-x86_64-fedora-clang 1.1-3 366.56 NOTE --no-stop-on-test-error
r-devel-linux-x86_64-fedora-gcc 1.1-3 354.65 NOTE --no-stop-on-test-error
r-devel-macos-x86_64-clang 1.1-3 274.33 NOTE --no-stop-on-test-error
r-devel-windows-ix86+x86_64 1.1-3 36.00 490.00 526.00 OK
r-patched-linux-x86_64 1.1-3 9.27 164.04 173.32 OK
r-patched-solaris-sparc 1.1-3 2469.30 OK
r-patched-solaris-x86 1.1-3 428.40 OK
r-release-linux-x86_64 1.1-3 8.98 164.23 173.21 OK
r-release-osx-x86_64-mavericks 1.1-3 OK
r-release-windows-ix86+x86_64 1.1-3 20.00 366.00 386.00 OK
r-oldrel-windows-ix86+x86_64 1.1-3 25.00 370.00 395.00 OK

Check Details

Version: 1.1-3
Check: compiled code
Result: NOTE
    File ‘coin/libs/coin.so’:
     Found no calls to: ‘R_registerRoutines’, ‘R_useDynamicSymbols’
    
    It is good practice to register native routines and to disable symbol
    search.
    
    See ‘Writing portable packages’ in the ‘Writing R Extensions’ manual.
Flavors: r-devel-linux-x86_64-debian-clang, r-devel-linux-x86_64-debian-gcc

Version: 1.1-3
Flags: --no-stop-on-test-error
Check: compiled code
Result: NOTE
    File ‘coin/libs/coin.so’:
     Found no calls to: ‘R_registerRoutines’, ‘R_useDynamicSymbols’
    
    It is good practice to register native routines and to disable symbol
    search.
    
    See ‘Writing portable packages’ in the ‘Writing R Extensions’ manual.
Flavors: r-devel-linux-x86_64-fedora-clang, r-devel-linux-x86_64-fedora-gcc, r-devel-macos-x86_64-clang