CRAN Package Check Results for Package coin

Last updated on 2017-09-20 19:46:59.

Flavor Version Tinstall Tcheck Ttotal Status Flags
r-devel-linux-x86_64-debian-clang 1.2-1 8.80 188.71 197.51 OK
r-devel-linux-x86_64-debian-gcc 1.2-1 9.51 181.91 191.43 OK
r-devel-linux-x86_64-fedora-clang 1.2-1 373.74 OK
r-devel-linux-x86_64-fedora-gcc 1.2-1 366.35 OK
r-devel-windows-ix86+x86_64 1.2-1 25.00 511.00 536.00 OK
r-patched-linux-x86_64 1.2-1 9.27 189.54 198.81 OK
r-patched-solaris-x86 1.2-1 499.10 OK
r-release-linux-x86_64 1.2-1 9.01 189.29 198.30 OK
r-release-windows-ix86+x86_64 1.2-1 26.00 431.00 457.00 OK
r-release-osx-x86_64 1.2-1 NOTE
r-oldrel-windows-ix86+x86_64 1.2-1 24.00 386.00 410.00 OK
r-oldrel-osx-x86_64 1.2-1 OK

Check Details

Version: 1.2-1
Check: re-building of vignette outputs
Result: NOTE
    Error in re-building vignettes:
     ...
    Loading required package: coin
    Loading required package: survival
    Error in texi2dvi(file = file, pdf = TRUE, clean = clean, quiet = quiet, :
     Running 'texi2dvi' on 'LegoCondInf.tex' failed.
    LaTeX errors:
    ! LaTeX Error: File `relsize.sty' not found.
    
    Type X to quit or <RETURN> to proceed,
    or enter new name. (Default extension: sty)
    
    ! Emergency stop.
    <read *>
    
    l.77 ^^M
    
    ! ==> Fatal error occurred, no output PDF file produced!
    Calls: buildVignettes -> texi2pdf -> texi2dvi
    Execution halted
Flavor: r-release-osx-x86_64