CRAN Package Check Results for Package coinmarketcapr

Last updated on 2019-03-23 14:46:57 CET.

Flavor Version Tinstall Tcheck Ttotal Status Flags
r-devel-linux-x86_64-debian-clang 0.1 3.64 37.89 41.53 OK
r-devel-linux-x86_64-debian-gcc 0.1 3.15 30.70 33.85 OK
r-devel-linux-x86_64-fedora-clang 0.1 51.39 OK
r-devel-linux-x86_64-fedora-gcc 0.1 47.52 OK
r-devel-windows-ix86+x86_64 0.1 14.00 80.00 94.00 OK
r-patched-linux-x86_64 0.1 1.99 36.27 38.26 OK
r-patched-solaris-x86 0.1 72.90 OK
r-release-linux-x86_64 0.1 0.24 1.80 2.04 ERROR
r-release-windows-ix86+x86_64 0.1 6.00 55.00 61.00 OK
r-release-osx-x86_64 0.1 OK
r-oldrel-windows-ix86+x86_64 0.1 11.00 81.00 92.00 OK
r-oldrel-osx-x86_64 0.1 OK

Check Details

Version: 0.1
Check: whether package can be installed
Result: ERROR
    Installation failed.
Flavor: r-release-linux-x86_64