CRAN Package Check Results for Package colbycol

Last updated on 2014-08-28 23:48:18.

Flavor Version Tinstall Tcheck Ttotal Status Flags
r-devel-linux-x86_64-debian-clang 0.8 1.70 23.51 25.21 NOTE
r-devel-linux-x86_64-debian-gcc 0.8 1.66 22.72 24.38 NOTE
r-devel-linux-x86_64-fedora-clang 0.8 54.65 NOTE
r-devel-linux-x86_64-fedora-gcc 0.8 50.82 NOTE
r-devel-osx-x86_64-clang 0.8 47.18 NOTE
r-devel-windows-ix86+x86_64 0.8 6.00 36.00 42.00 NOTE
r-patched-linux-x86_64 0.8 1.75 23.78 25.52 OK
r-patched-solaris-sparc 0.8 320.70 OK
r-patched-solaris-x86 0.8 75.50 OK
r-release-linux-ix86 0.8 2.25 30.37 32.62 OK
r-release-linux-x86_64 0.8 1.79 23.96 25.75 OK
r-release-osx-x86_64-mavericks 0.8 OK
r-release-windows-ix86+x86_64 0.8 8.00 43.00 51.00 OK
r-oldrel-windows-ix86+x86_64 0.8 6.00 38.00 44.00 OK

Check Details

Version: 0.8
Check: R code for possible problems
Result: NOTE
    cbc.read.table: no visible global function definition for ‘dbCreate’
Flavors: r-devel-linux-x86_64-debian-clang, r-devel-linux-x86_64-debian-gcc, r-devel-linux-x86_64-fedora-clang, r-devel-linux-x86_64-fedora-gcc, r-devel-osx-x86_64-clang, r-devel-windows-ix86+x86_64