CRAN Package Check Results for Package colf

Last updated on 2021-11-30 11:51:52 CET.

Flavor Version Tinstall Tcheck Ttotal Status Flags
r-devel-linux-x86_64-debian-clang 0.1.3 2.27 28.22 30.49 NOTE
r-devel-linux-x86_64-debian-gcc 0.1.3 1.69 22.31 24.00 NOTE
r-devel-linux-x86_64-fedora-clang 0.1.3 49.30 NOTE
r-devel-linux-x86_64-fedora-gcc 0.1.3 37.90 NOTE
r-devel-windows-x86_64-new-UL 0.1.3 8.00 69.00 77.00 NOTE
r-devel-windows-x86_64-new-TK 0.1.3 NOTE
r-devel-windows-x86_64-old 0.1.3 5.00 39.00 44.00 NOTE
r-patched-linux-x86_64 0.1.3 2.43 27.38 29.81 NOTE
r-patched-solaris-x86 0.1.3 56.10 NOTE
r-release-linux-x86_64 0.1.3 2.32 27.02 29.34 NOTE
r-release-macos-arm64 0.1.3 NOTE
r-release-macos-x86_64 0.1.3 NOTE
r-release-windows-ix86+x86_64 0.1.3 6.00 49.00 55.00 NOTE
r-oldrel-macos-x86_64 0.1.3 OK
r-oldrel-windows-ix86+x86_64 0.1.3 4.00 40.00 44.00 OK

Check Details

Version: 0.1.3
Check: LazyData
Result: NOTE
     'LazyData' is specified without a 'data' directory
Flavors: r-devel-linux-x86_64-debian-clang, r-devel-linux-x86_64-debian-gcc, r-devel-linux-x86_64-fedora-clang, r-devel-linux-x86_64-fedora-gcc, r-devel-windows-x86_64-new-UL, r-devel-windows-x86_64-new-TK, r-devel-windows-x86_64-old, r-patched-linux-x86_64, r-patched-solaris-x86, r-release-linux-x86_64, r-release-macos-arm64, r-release-macos-x86_64, r-release-windows-ix86+x86_64