CRAN Package Check Results for Package collUtils

Last updated on 2020-01-27 00:47:59 CET.

Flavor Version Tinstall Tcheck Ttotal Status Flags
r-devel-linux-x86_64-debian-clang 1.0.5 23.04 34.92 57.96 OK
r-devel-linux-x86_64-debian-gcc 1.0.5 14.90 27.35 42.25 OK
r-devel-linux-x86_64-fedora-clang 1.0.5 83.27 NOTE
r-devel-linux-x86_64-fedora-gcc 1.0.5 71.62 NOTE
r-devel-windows-ix86+x86_64 1.0.5 61.00 104.00 165.00 OK
r-devel-windows-ix86+x86_64-gcc8 1.0.5 65.00 78.00 143.00 OK
r-patched-linux-x86_64 1.0.5 17.08 31.45 48.53 OK
r-patched-solaris-x86 1.0.5 81.00 OK
r-release-linux-x86_64 1.0.5 17.35 31.19 48.54 OK
r-release-windows-ix86+x86_64 1.0.5 45.00 69.00 114.00 OK
r-release-osx-x86_64 1.0.5 OK
r-oldrel-windows-ix86+x86_64 1.0.5 38.00 65.00 103.00 OK
r-oldrel-osx-x86_64 1.0.5 OK

Check Details

Version: 1.0.5
Check: compiled code
Result: NOTE
    File ‘collUtils/libs/collUtils.so’:
     Found no calls to: ‘R_registerRoutines’, ‘R_useDynamicSymbols’
    
    It is good practice to register native routines and to disable symbol
    search.
    
    See ‘Writing portable packages’ in the ‘Writing R Extensions’ manual.
Flavors: r-devel-linux-x86_64-fedora-clang, r-devel-linux-x86_64-fedora-gcc