CRAN Package Check Results for Package collUtils

Last updated on 2019-08-26 11:48:41 CEST.

Flavor Version Tinstall Tcheck Ttotal Status Flags
r-devel-linux-x86_64-debian-clang 1.0.5 20.02 33.87 53.89 OK
r-devel-linux-x86_64-debian-gcc 1.0.5 15.08 26.74 41.82 OK
r-devel-linux-x86_64-fedora-clang 1.0.5 79.88 NOTE
r-devel-linux-x86_64-fedora-gcc 1.0.5 67.75 NOTE
r-devel-windows-ix86+x86_64 1.0.5 83.00 5.00 88.00 ERROR
r-patched-linux-x86_64 1.0.5 16.35 33.06 49.41 OK
r-patched-solaris-x86 1.0.5 88.70 OK
r-release-linux-x86_64 1.0.5 16.74 33.01 49.75 OK
r-release-windows-ix86+x86_64 1.0.5 52.00 91.00 143.00 OK
r-release-osx-x86_64 1.0.5 OK
r-oldrel-windows-ix86+x86_64 1.0.5 86.00 91.00 177.00 OK
r-oldrel-osx-x86_64 1.0.5 OK

Check Details

Version: 1.0.5
Check: compiled code
Result: NOTE
    File ‘collUtils/libs/collUtils.so’:
     Found no calls to: ‘R_registerRoutines’, ‘R_useDynamicSymbols’
    
    It is good practice to register native routines and to disable symbol
    search.
    
    See ‘Writing portable packages’ in the ‘Writing R Extensions’ manual.
Flavors: r-devel-linux-x86_64-fedora-clang, r-devel-linux-x86_64-fedora-gcc

Version: 1.0.5
Check: whether package can be installed
Result: ERROR
    Installation failed.
Flavor: r-devel-windows-ix86+x86_64