CRAN Package Check Results for Package collections

Last updated on 2021-10-20 01:48:37 CEST.

Flavor Version Tinstall Tcheck Ttotal Status Flags
r-devel-linux-x86_64-debian-clang 0.3.5 5.87 24.52 30.39 NOTE
r-devel-linux-x86_64-debian-gcc 0.3.5 4.30 18.66 22.96 NOTE
r-devel-linux-x86_64-fedora-clang 0.3.5 48.99 NOTE
r-devel-linux-x86_64-fedora-gcc 0.3.5 36.73 NOTE
r-devel-windows-x86_64 0.3.5 12.00 43.00 55.00 NOTE
r-devel-windows-x86_64-gcc10-UCRT 0.3.5 NOTE
r-patched-linux-x86_64 0.3.5 5.54 23.07 28.61 NOTE
r-patched-solaris-x86 0.3.5 55.00 NOTE
r-release-linux-x86_64 0.3.5 5.08 23.65 28.73 NOTE
r-release-macos-arm64 0.3.5 NOTE
r-release-macos-x86_64 0.3.5 NOTE
r-release-windows-ix86+x86_64 0.3.5 17.00 53.00 70.00 NOTE
r-oldrel-macos-x86_64 0.3.5 OK
r-oldrel-windows-ix86+x86_64 0.3.5 21.00 51.00 72.00 OK

Check Details

Version: 0.3.5
Check: LazyData
Result: NOTE
     'LazyData' is specified without a 'data' directory
Flavors: r-devel-linux-x86_64-debian-clang, r-devel-linux-x86_64-debian-gcc, r-devel-linux-x86_64-fedora-clang, r-devel-linux-x86_64-fedora-gcc, r-devel-windows-x86_64, r-devel-windows-x86_64-gcc10-UCRT, r-patched-linux-x86_64, r-patched-solaris-x86, r-release-linux-x86_64, r-release-macos-arm64, r-release-macos-x86_64, r-release-windows-ix86+x86_64