CRAN Package Check Results for Package coloc

Last updated on 2015-03-02 16:50:01.

Flavor Version Tinstall Tcheck Ttotal Status Flags
r-devel-linux-x86_64-debian-clang 2.3-1 1.53 35.12 36.65 NOTE
r-devel-linux-x86_64-debian-gcc 2.3-1 1.34 34.56 35.90 NOTE
r-devel-linux-x86_64-fedora-clang 2.3-1 74.91 NOTE
r-devel-linux-x86_64-fedora-gcc 2.3-1 70.35 NOTE
r-devel-osx-x86_64-clang 2.3-1 70.48 NOTE
r-devel-windows-ix86+x86_64 2.3-1 9.00 77.00 86.00 NOTE
r-patched-linux-x86_64 2.3-1 1.80 45.35 47.15 NOTE
r-patched-solaris-sparc 2.3-1 560.00 NOTE
r-patched-solaris-x86 2.3-1 119.50 NOTE
r-release-linux-ix86 2.3-1 2.14 74.60 76.73 NOTE
r-release-linux-x86_64 2.3-1 1.80 45.67 47.47 NOTE
r-release-osx-x86_64-mavericks 2.3-1 NOTE
r-release-windows-ix86+x86_64 2.3-1 13.00 101.00 114.00 NOTE
r-oldrel-windows-ix86+x86_64 2.3-1 7.00 73.00 80.00 OK

Check Details

Version: 2.3-1
Check: R code for possible problems
Result: NOTE
    coloc.abf.snpStats: no visible global function definition for
     ‘single.snp.tests’
    coloc.abf.snpStats: no visible global function definition for
     ‘col.summary’
    fillin: no visible global function definition for ‘col.summary’
    fillin: no visible global function definition for ‘snp.imputation’
    fillin: no visible global function definition for ‘impute.snps’
Flavors: r-devel-linux-x86_64-debian-clang, r-devel-linux-x86_64-debian-gcc, r-devel-linux-x86_64-fedora-clang, r-devel-linux-x86_64-fedora-gcc, r-devel-osx-x86_64-clang, r-devel-windows-ix86+x86_64, r-patched-linux-x86_64, r-patched-solaris-sparc, r-patched-solaris-x86, r-release-linux-ix86, r-release-linux-x86_64, r-release-osx-x86_64-mavericks, r-release-windows-ix86+x86_64