CRAN Package Check Results for Package coloc

Last updated on 2015-01-30 09:54:16.

Flavor Version Tinstall Tcheck Ttotal Status Flags
r-devel-linux-x86_64-debian-clang 2.3-1 1.51 38.09 39.60 NOTE
r-devel-linux-x86_64-debian-gcc 2.3-1 1.57 37.16 38.73 NOTE
r-devel-linux-x86_64-fedora-clang 2.3-1 88.34 NOTE
r-devel-linux-x86_64-fedora-gcc 2.3-1 83.46 NOTE
r-devel-osx-x86_64-clang 2.3-1 82.70 NOTE
r-devel-windows-ix86+x86_64 2.3-1 7.00 63.00 70.00 NOTE
r-patched-linux-x86_64 2.3-1 1.97 46.07 48.04 NOTE
r-patched-solaris-sparc 2.3-1 560.00 NOTE
r-patched-solaris-x86 2.3-1 120.20 NOTE
r-release-linux-ix86 2.3-1 2.10 54.30 56.40 NOTE
r-release-linux-x86_64 2.3-1 1.62 45.05 46.68 NOTE
r-release-osx-x86_64-mavericks 2.3-1 NOTE
r-release-windows-ix86+x86_64 2.3-1 8.00 70.00 78.00 NOTE
r-oldrel-windows-ix86+x86_64 2.3-1 7.00 72.00 79.00 OK

Check Details

Version: 2.3-1
Check: R code for possible problems
Result: NOTE
    coloc.abf.snpStats: no visible global function definition for
     ‘single.snp.tests’
    coloc.abf.snpStats: no visible global function definition for
     ‘col.summary’
    fillin: no visible global function definition for ‘col.summary’
    fillin: no visible global function definition for ‘snp.imputation’
    fillin: no visible global function definition for ‘impute.snps’
Flavors: r-devel-linux-x86_64-debian-clang, r-devel-linux-x86_64-debian-gcc, r-devel-linux-x86_64-fedora-clang, r-devel-linux-x86_64-fedora-gcc, r-devel-osx-x86_64-clang, r-devel-windows-ix86+x86_64, r-patched-linux-x86_64, r-patched-solaris-sparc, r-patched-solaris-x86, r-release-linux-ix86, r-release-linux-x86_64, r-release-osx-x86_64-mavericks, r-release-windows-ix86+x86_64