CRAN Package Check Results for Package coloc

Last updated on 2018-05-22 05:49:16 CEST.

Flavor Version Tinstall Tcheck Ttotal Status Flags
r-devel-linux-x86_64-debian-clang 3.1 8.85 111.41 120.26 OK
r-devel-linux-x86_64-debian-gcc 3.1 9.51 99.22 108.73 OK
r-devel-linux-x86_64-fedora-clang 3.1 173.54 NOTE
r-devel-linux-x86_64-fedora-gcc 3.1 165.82 NOTE
r-devel-windows-ix86+x86_64 3.1 20.00 127.00 147.00 OK
r-patched-linux-x86_64 3.1 9.71 109.68 119.39 OK
r-patched-solaris-x86 3.1 211.40 NOTE
r-release-linux-x86_64 3.1 9.92 108.39 118.31 OK
r-release-windows-ix86+x86_64 3.1 23.00 172.00 195.00 OK
r-release-osx-x86_64 3.1 NOTE
r-oldrel-windows-ix86+x86_64 3.1 24.00 175.00 199.00 OK
r-oldrel-osx-x86_64 3.1 NOTE

Check Details

Version: 3.1
Check: dependencies in R code
Result: NOTE
    Namespaces in Imports field not imported from:
     ‘flashClust’ ‘speedglm’
     All declared Imports should be used.
Flavors: r-devel-linux-x86_64-fedora-clang, r-devel-linux-x86_64-fedora-gcc, r-patched-solaris-x86, r-release-osx-x86_64, r-oldrel-osx-x86_64