CRAN Package Check Results for Package colorRamps

Last updated on 2015-02-27 16:47:44.

Flavor Version Tinstall Tcheck Ttotal Status Flags
r-devel-linux-x86_64-debian-clang 2.3 0.59 8.64 9.23 NOTE
r-devel-linux-x86_64-debian-gcc 2.3 0.53 8.95 9.48 NOTE
r-devel-linux-x86_64-fedora-clang 2.3 18.04 NOTE
r-devel-linux-x86_64-fedora-gcc 2.3 17.29 NOTE
r-devel-osx-x86_64-clang 2.3 23.14 NOTE
r-devel-windows-ix86+x86_64 2.3 4.00 13.00 17.00 NOTE
r-patched-linux-x86_64 2.3 0.59 9.24 9.82 OK
r-patched-solaris-sparc 2.3 137.60 OK
r-release-linux-ix86 2.3 0.88 18.20 19.08 OK
r-release-linux-x86_64 2.3 0.56 9.38 9.94 OK
r-release-osx-x86_64-mavericks 2.3 OK
r-release-windows-ix86+x86_64 2.3 2.00 15.00 17.00 OK
r-oldrel-windows-ix86+x86_64 2.3 2.00 15.00 17.00 OK

Check Details

Version: 2.3
Check: DESCRIPTION meta-information
Result: NOTE
    Malformed Description field: should contain one or more complete sentences.
Flavors: r-devel-linux-x86_64-debian-clang, r-devel-linux-x86_64-debian-gcc, r-devel-linux-x86_64-fedora-clang, r-devel-linux-x86_64-fedora-gcc, r-devel-osx-x86_64-clang, r-devel-windows-ix86+x86_64