CRAN Package Check Results for Package colorRamps

Last updated on 2022-01-25 16:50:14 CET.

Flavor Version Tinstall Tcheck Ttotal Status Flags
r-devel-linux-x86_64-debian-clang 2.3 1.94 30.07 32.01 NOTE
r-devel-linux-x86_64-debian-gcc 2.3 1.24 25.38 26.62 NOTE
r-devel-linux-x86_64-fedora-clang 2.3 39.58 NOTE
r-devel-linux-x86_64-fedora-gcc 2.3 28.85 NOTE
r-devel-windows-x86_64-new-UL 2.3 25.00 54.00 79.00 NOTE
r-devel-windows-x86_64-new-TK 2.3 NOTE
r-patched-linux-x86_64 2.3 1.55 28.72 30.27 NOTE
r-release-linux-x86_64 2.3 1.53 29.04 30.57 NOTE
r-release-macos-arm64 2.3 NOTE
r-release-macos-x86_64 2.3 NOTE
r-release-windows-ix86+x86_64 2.3 4.00 28.00 32.00 NOTE
r-oldrel-macos-x86_64 2.3 NOTE
r-oldrel-windows-ix86+x86_64 2.3 4.00 27.00 31.00 NOTE

Check Details

Version: 2.3
Check: DESCRIPTION meta-information
Result: NOTE
    Malformed Description field: should contain one or more complete sentences.
Flavors: r-devel-linux-x86_64-debian-clang, r-devel-linux-x86_64-debian-gcc, r-devel-linux-x86_64-fedora-clang, r-devel-linux-x86_64-fedora-gcc, r-devel-windows-x86_64-new-UL, r-devel-windows-x86_64-new-TK, r-patched-linux-x86_64, r-release-linux-x86_64, r-release-macos-arm64, r-release-macos-x86_64, r-release-windows-ix86+x86_64, r-oldrel-macos-x86_64, r-oldrel-windows-ix86+x86_64

Version: 2.3
Check: R code for possible problems
Result: NOTE
    primary.colors: no visible global function definition for 'rgb'
    rgb.tables: no visible global function definition for 'rgb'
    ygobb: no visible global function definition for 'approx'
    ygobb: no visible global function definition for 'rgb'
    Undefined global functions or variables:
     approx rgb
    Consider adding
     importFrom("grDevices", "rgb")
     importFrom("stats", "approx")
    to your NAMESPACE file.
Flavors: r-devel-linux-x86_64-debian-clang, r-devel-linux-x86_64-debian-gcc, r-devel-linux-x86_64-fedora-clang, r-devel-linux-x86_64-fedora-gcc, r-devel-windows-x86_64-new-UL, r-devel-windows-x86_64-new-TK, r-patched-linux-x86_64, r-release-linux-x86_64, r-release-macos-arm64, r-release-macos-x86_64, r-release-windows-ix86+x86_64, r-oldrel-macos-x86_64, r-oldrel-windows-ix86+x86_64