CRAN Package Check Results for Package colorRamps

Last updated on 2018-04-22 23:50:01 CEST.

Flavor Version Tinstall Tcheck Ttotal Status Flags
r-devel-linux-x86_64-debian-clang 2.3 0.86 15.50 16.36 NOTE
r-devel-linux-x86_64-debian-gcc 2.3 0.66 13.35 14.01 NOTE
r-devel-linux-x86_64-fedora-clang 2.3 20.66 NOTE
r-devel-linux-x86_64-fedora-gcc 2.3 19.45 NOTE
r-devel-windows-ix86+x86_64 2.3 4.00 28.00 32.00 NOTE
r-devel-osx-x86_64 2.3 NOTE
r-patched-linux-x86_64 2.3 0.77 16.34 17.11 NOTE
r-patched-solaris-x86 2.3 32.20 NOTE
r-release-linux-x86_64 2.3 0.80 15.34 16.14 NOTE
r-release-windows-ix86+x86_64 2.3 2.00 25.00 27.00 NOTE
r-release-osx-x86_64 2.3 NOTE
r-oldrel-windows-ix86+x86_64 2.3 2.00 25.00 27.00 NOTE

Check Details

Version: 2.3
Check: DESCRIPTION meta-information
Result: NOTE
    Malformed Description field: should contain one or more complete sentences.
Flavors: r-devel-linux-x86_64-debian-clang, r-devel-linux-x86_64-debian-gcc, r-devel-linux-x86_64-fedora-clang, r-devel-linux-x86_64-fedora-gcc, r-devel-windows-ix86+x86_64, r-devel-osx-x86_64, r-patched-linux-x86_64, r-patched-solaris-x86, r-release-linux-x86_64, r-release-windows-ix86+x86_64, r-release-osx-x86_64, r-oldrel-windows-ix86+x86_64

Version: 2.3
Check: R code for possible problems
Result: NOTE
    primary.colors: no visible global function definition for ‘rgb’
    rgb.tables: no visible global function definition for ‘rgb’
    ygobb: no visible global function definition for ‘approx’
    ygobb: no visible global function definition for ‘rgb’
    Undefined global functions or variables:
     approx rgb
    Consider adding
     importFrom("grDevices", "rgb")
     importFrom("stats", "approx")
    to your NAMESPACE file.
Flavors: r-devel-linux-x86_64-debian-clang, r-devel-linux-x86_64-debian-gcc, r-devel-linux-x86_64-fedora-clang, r-devel-linux-x86_64-fedora-gcc, r-devel-windows-ix86+x86_64, r-devel-osx-x86_64, r-patched-linux-x86_64, r-patched-solaris-x86, r-release-linux-x86_64, r-release-windows-ix86+x86_64, r-release-osx-x86_64, r-oldrel-windows-ix86+x86_64