CRAN Package Check Results for Package colorRamps

Last updated on 2016-09-30 20:47:27.

Flavor Version Tinstall Tcheck Ttotal Status Flags
r-devel-linux-x86_64-debian-clang 2.3 0.60 9.83 10.44 NOTE
r-devel-linux-x86_64-debian-gcc 2.3 0.65 9.56 10.21 NOTE
r-devel-linux-x86_64-fedora-clang 2.3 17.00 NOTE
r-devel-linux-x86_64-fedora-gcc 2.3 14.71 NOTE
r-devel-macos-x86_64-clang 2.3 14.82 NOTE
r-devel-windows-ix86+x86_64 2.3 4.00 33.00 37.00 NOTE
r-patched-linux-x86_64 2.3 0.56 8.95 9.51 NOTE
r-patched-solaris-sparc 2.3 100.30 NOTE
r-patched-solaris-x86 2.3 22.70 NOTE
r-release-linux-x86_64 2.3 0.56 9.33 9.88 NOTE
r-release-osx-x86_64-mavericks 2.3 NOTE
r-release-windows-ix86+x86_64 2.3 2.00 22.00 24.00 NOTE
r-oldrel-windows-ix86+x86_64 2.3 2.00 19.00 21.00 NOTE

Check Details

Version: 2.3
Check: DESCRIPTION meta-information
Result: NOTE
    Malformed Description field: should contain one or more complete sentences.
Flavors: r-devel-linux-x86_64-debian-clang, r-devel-linux-x86_64-debian-gcc, r-devel-linux-x86_64-fedora-clang, r-devel-linux-x86_64-fedora-gcc, r-devel-macos-x86_64-clang, r-devel-windows-ix86+x86_64, r-patched-linux-x86_64, r-patched-solaris-sparc, r-patched-solaris-x86, r-release-linux-x86_64, r-release-osx-x86_64-mavericks, r-release-windows-ix86+x86_64, r-oldrel-windows-ix86+x86_64

Version: 2.3
Check: R code for possible problems
Result: NOTE
    primary.colors: no visible global function definition for ‘rgb’
    rgb.tables: no visible global function definition for ‘rgb’
    ygobb: no visible global function definition for ‘approx’
    ygobb: no visible global function definition for ‘rgb’
    Undefined global functions or variables:
     approx rgb
    Consider adding
     importFrom("grDevices", "rgb")
     importFrom("stats", "approx")
    to your NAMESPACE file.
Flavors: r-devel-linux-x86_64-debian-clang, r-devel-linux-x86_64-debian-gcc, r-devel-linux-x86_64-fedora-clang, r-devel-linux-x86_64-fedora-gcc, r-devel-macos-x86_64-clang, r-devel-windows-ix86+x86_64, r-patched-linux-x86_64, r-patched-solaris-sparc, r-patched-solaris-x86, r-release-linux-x86_64, r-release-osx-x86_64-mavericks, r-release-windows-ix86+x86_64