CRAN Package Check Results for Package colorRamps

Last updated on 2015-04-19 11:51:03.

Flavor Version Tinstall Tcheck Ttotal Status Flags
r-devel-linux-x86_64-debian-clang 2.3 0.60 8.70 9.29 NOTE
r-devel-linux-x86_64-debian-gcc 2.3 0.52 8.75 9.27 NOTE
r-devel-linux-x86_64-fedora-clang 2.3 17.75 NOTE
r-devel-linux-x86_64-fedora-gcc 2.3 17.07 NOTE
r-devel-osx-x86_64-clang 2.3 24.16 NOTE
r-devel-windows-ix86+x86_64 2.3 4.00 15.00 19.00 NOTE
r-patched-linux-x86_64 2.3 0.51 8.94 9.46 NOTE
r-patched-solaris-sparc 2.3 131.40 NOTE
r-patched-solaris-x86 2.3 26.00 NOTE
r-release-linux-x86_64 2.3 0.52 8.50 9.02 NOTE
r-release-osx-x86_64-mavericks 2.3 NOTE
r-release-osx-x86_64-snowleopard 2.3 NOTE
r-release-windows-ix86+x86_64 2.3 1.00 16.00 17.00 NOTE
r-oldrel-windows-ix86+x86_64 2.3 4.00 14.00 18.00 OK

Check Details

Version: 2.3
Check: DESCRIPTION meta-information
Result: NOTE
    Malformed Description field: should contain one or more complete sentences.
Flavors: r-devel-linux-x86_64-debian-clang, r-devel-linux-x86_64-debian-gcc, r-devel-linux-x86_64-fedora-clang, r-devel-linux-x86_64-fedora-gcc, r-devel-osx-x86_64-clang, r-devel-windows-ix86+x86_64, r-patched-linux-x86_64, r-patched-solaris-sparc, r-patched-solaris-x86, r-release-linux-x86_64, r-release-osx-x86_64-mavericks, r-release-osx-x86_64-snowleopard, r-release-windows-ix86+x86_64