CRAN Package Check Results for Package colorRamps

Last updated on 2015-07-28 15:47:59.

Flavor Version Tinstall Tcheck Ttotal Status Flags
r-devel-linux-x86_64-debian-clang 2.3 0.52 9.43 9.95 NOTE
r-devel-linux-x86_64-debian-gcc 2.3 0.97 9.10 10.06 NOTE
r-devel-linux-x86_64-fedora-clang 2.3 16.68 NOTE
r-devel-linux-x86_64-fedora-gcc 2.3 15.58 NOTE
r-devel-osx-x86_64-clang 2.3 18.03 NOTE
r-devel-windows-ix86+x86_64 2.3 4.00 15.00 19.00 NOTE
r-patched-linux-x86_64 2.3 0.64 9.12 9.76 NOTE
r-patched-solaris-sparc 2.3 116.30 NOTE
r-patched-solaris-x86 2.3 26.30 NOTE
r-release-linux-x86_64 2.3 0.56 8.81 9.37 NOTE
r-release-osx-x86_64-mavericks 2.3 NOTE
r-release-windows-ix86+x86_64 2.3 2.00 14.00 16.00 NOTE
r-oldrel-windows-ix86+x86_64 2.3 4.00 14.00 18.00 OK

Check Details

Version: 2.3
Check: DESCRIPTION meta-information
Result: NOTE
    Malformed Description field: should contain one or more complete sentences.
Flavors: r-devel-linux-x86_64-debian-clang, r-devel-linux-x86_64-debian-gcc, r-devel-linux-x86_64-fedora-clang, r-devel-linux-x86_64-fedora-gcc, r-devel-osx-x86_64-clang, r-devel-windows-ix86+x86_64, r-patched-linux-x86_64, r-patched-solaris-sparc, r-patched-solaris-x86, r-release-linux-x86_64, r-release-osx-x86_64-mavericks, r-release-windows-ix86+x86_64

Version: 2.3
Check: R code for possible problems
Result: NOTE
    primary.colors: no visible global function definition for ‘rgb’
    rgb.tables: no visible global function definition for ‘rgb’
    ygobb: no visible global function definition for ‘approx’
    ygobb: no visible global function definition for ‘rgb’
    Undefined global functions or variables:
     approx rgb
    Consider adding
     importFrom("grDevices", "rgb")
     importFrom("stats", "approx")
    to your NAMESPACE.
Flavors: r-devel-linux-x86_64-debian-clang, r-devel-linux-x86_64-debian-gcc, r-devel-linux-x86_64-fedora-clang, r-devel-linux-x86_64-fedora-gcc, r-devel-windows-ix86+x86_64