CRAN Package Check Results for Package colorRamps

Last updated on 2015-05-28 15:47:24.

Flavor Version Tinstall Tcheck Ttotal Status Flags
r-devel-linux-x86_64-debian-clang 2.3 0.54 8.78 9.32 NOTE
r-devel-linux-x86_64-debian-gcc 2.3 0.56 8.54 9.10 NOTE
r-devel-linux-x86_64-fedora-clang 2.3 17.76 NOTE
r-devel-linux-x86_64-fedora-gcc 2.3 17.04 NOTE
r-devel-osx-x86_64-clang 2.3 22.50 NOTE
r-devel-windows-ix86+x86_64 2.3 3.00 14.00 17.00 NOTE
r-patched-linux-x86_64 2.3 0.55 8.69 9.24 NOTE
r-patched-solaris-sparc 2.3 127.40 NOTE
r-patched-solaris-x86 2.3 25.50 NOTE
r-release-linux-x86_64 2.3 0.52 8.82 9.34 NOTE
r-release-osx-x86_64-mavericks 2.3 NOTE
r-release-osx-x86_64-snowleopard 2.3 NOTE
r-release-windows-ix86+x86_64 2.3 1.00 16.00 17.00 NOTE
r-oldrel-windows-ix86+x86_64 2.3 4.00 14.00 18.00 OK

Check Details

Version: 2.3
Check: DESCRIPTION meta-information
Result: NOTE
    Malformed Description field: should contain one or more complete sentences.
Flavors: r-devel-linux-x86_64-debian-clang, r-devel-linux-x86_64-debian-gcc, r-devel-linux-x86_64-fedora-clang, r-devel-linux-x86_64-fedora-gcc, r-devel-osx-x86_64-clang, r-devel-windows-ix86+x86_64, r-patched-linux-x86_64, r-patched-solaris-sparc, r-patched-solaris-x86, r-release-linux-x86_64, r-release-osx-x86_64-mavericks, r-release-osx-x86_64-snowleopard, r-release-windows-ix86+x86_64