CRAN Package Check Results for Package colorRamps

Last updated on 2015-06-30 22:47:12.

Flavor Version Tinstall Tcheck Ttotal Status Flags
r-devel-linux-x86_64-debian-clang 2.3 0.52 8.20 8.73 NOTE
r-devel-linux-x86_64-debian-gcc 2.3 0.51 8.29 8.80 NOTE
r-devel-linux-x86_64-fedora-clang 2.3 16.18 NOTE
r-devel-linux-x86_64-fedora-gcc 2.3 15.03 NOTE
r-devel-osx-x86_64-clang 2.3 19.11 NOTE
r-devel-windows-ix86+x86_64 2.3 4.00 15.00 19.00 NOTE
r-patched-linux-x86_64 2.3 0.52 8.47 8.99 NOTE
r-patched-solaris-sparc 2.3 127.40 NOTE
r-patched-solaris-x86 2.3 26.10 NOTE
r-release-linux-x86_64 2.3 0.64 8.70 9.34 NOTE
r-release-osx-x86_64-mavericks 2.3 NOTE
r-release-windows-ix86+x86_64 2.3 1.00 16.00 17.00 NOTE
r-oldrel-windows-ix86+x86_64 2.3 4.00 14.00 18.00 OK

Check Details

Version: 2.3
Check: DESCRIPTION meta-information
Result: NOTE
    Malformed Description field: should contain one or more complete sentences.
Flavors: r-devel-linux-x86_64-debian-clang, r-devel-linux-x86_64-debian-gcc, r-devel-linux-x86_64-fedora-clang, r-devel-linux-x86_64-fedora-gcc, r-devel-osx-x86_64-clang, r-devel-windows-ix86+x86_64, r-patched-linux-x86_64, r-patched-solaris-sparc, r-patched-solaris-x86, r-release-linux-x86_64, r-release-osx-x86_64-mavericks, r-release-windows-ix86+x86_64

Version: 2.3
Check: R code for possible problems
Result: NOTE
    primary.colors: no visible global function definition for ‘rgb’
    rgb.tables: no visible global function definition for ‘rgb’
    ygobb: no visible global function definition for ‘approx’
    ygobb: no visible global function definition for ‘rgb’
Flavors: r-devel-linux-x86_64-debian-clang, r-devel-linux-x86_64-debian-gcc, r-devel-linux-x86_64-fedora-clang, r-devel-linux-x86_64-fedora-gcc