CRAN Package Check Results for Package colorRamps

Last updated on 2017-01-20 05:47:44.

Flavor Version Tinstall Tcheck Ttotal Status Flags
r-devel-linux-x86_64-debian-clang 2.3 0.62 10.62 11.24 NOTE
r-devel-linux-x86_64-debian-gcc 2.3 0.59 10.47 11.06 NOTE
r-devel-linux-x86_64-fedora-clang 2.3 18.24 NOTE --no-stop-on-test-error
r-devel-linux-x86_64-fedora-gcc 2.3 17.40 NOTE --no-stop-on-test-error
r-devel-macos-x86_64-clang 2.3 16.69 NOTE --no-stop-on-test-error
r-devel-windows-ix86+x86_64 2.3 3.00 28.00 31.00 NOTE
r-patched-linux-x86_64 2.3 0.61 8.81 9.42 NOTE
r-patched-solaris-sparc 2.3 104.90 NOTE
r-patched-solaris-x86 2.3 23.20 NOTE
r-release-linux-x86_64 2.3 0.68 8.74 9.42 NOTE
r-release-osx-x86_64-mavericks 2.3 NOTE
r-release-windows-ix86+x86_64 2.3 2.00 25.00 27.00 NOTE
r-oldrel-windows-ix86+x86_64 2.3 2.00 22.00 24.00 NOTE

Check Details

Version: 2.3
Check: DESCRIPTION meta-information
Result: NOTE
    Malformed Description field: should contain one or more complete sentences.
Flavors: r-devel-linux-x86_64-debian-clang, r-devel-linux-x86_64-debian-gcc, r-devel-windows-ix86+x86_64, r-patched-linux-x86_64, r-patched-solaris-sparc, r-patched-solaris-x86, r-release-linux-x86_64, r-release-osx-x86_64-mavericks, r-release-windows-ix86+x86_64, r-oldrel-windows-ix86+x86_64

Version: 2.3
Check: R code for possible problems
Result: NOTE
    primary.colors: no visible global function definition for ‘rgb’
    rgb.tables: no visible global function definition for ‘rgb’
    ygobb: no visible global function definition for ‘approx’
    ygobb: no visible global function definition for ‘rgb’
    Undefined global functions or variables:
     approx rgb
    Consider adding
     importFrom("grDevices", "rgb")
     importFrom("stats", "approx")
    to your NAMESPACE file.
Flavors: r-devel-linux-x86_64-debian-clang, r-devel-linux-x86_64-debian-gcc, r-devel-windows-ix86+x86_64, r-patched-linux-x86_64, r-patched-solaris-sparc, r-patched-solaris-x86, r-release-linux-x86_64, r-release-osx-x86_64-mavericks, r-release-windows-ix86+x86_64

Version: 2.3
Flags: --no-stop-on-test-error
Check: DESCRIPTION meta-information
Result: NOTE
    Malformed Description field: should contain one or more complete sentences.
Flavors: r-devel-linux-x86_64-fedora-clang, r-devel-linux-x86_64-fedora-gcc, r-devel-macos-x86_64-clang

Version: 2.3
Flags: --no-stop-on-test-error
Check: R code for possible problems
Result: NOTE
    primary.colors: no visible global function definition for ‘rgb’
    rgb.tables: no visible global function definition for ‘rgb’
    ygobb: no visible global function definition for ‘approx’
    ygobb: no visible global function definition for ‘rgb’
    Undefined global functions or variables:
     approx rgb
    Consider adding
     importFrom("grDevices", "rgb")
     importFrom("stats", "approx")
    to your NAMESPACE file.
Flavors: r-devel-linux-x86_64-fedora-clang, r-devel-linux-x86_64-fedora-gcc, r-devel-macos-x86_64-clang