CRAN Package Check Results for Package colorRamps

Last updated on 2016-12-06 06:47:37.

Flavor Version Tinstall Tcheck Ttotal Status Flags
r-devel-linux-x86_64-debian-clang 2.3 0.68 10.52 11.20 NOTE
r-devel-linux-x86_64-debian-gcc 2.3 0.67 10.35 11.03 NOTE
r-devel-linux-x86_64-fedora-clang 2.3 19.60 NOTE --no-stop-on-test-error
r-devel-linux-x86_64-fedora-gcc 2.3 17.85 NOTE --no-stop-on-test-error
r-devel-macos-x86_64-clang 2.3 17.36 NOTE
r-devel-windows-ix86+x86_64 2.3 5.00 33.00 38.00 NOTE
r-patched-linux-x86_64 2.3 0.57 8.73 9.31 NOTE
r-patched-solaris-sparc 2.3 100.30 NOTE
r-patched-solaris-x86 2.3 23.10 NOTE
r-release-linux-x86_64 2.3 0.62 8.73 9.35 NOTE
r-release-osx-x86_64-mavericks 2.3 NOTE
r-release-windows-ix86+x86_64 2.3 2.00 25.00 27.00 NOTE
r-oldrel-windows-ix86+x86_64 2.3 2.00 22.00 24.00 NOTE

Check Details

Version: 2.3
Check: DESCRIPTION meta-information
Result: NOTE
    Malformed Description field: should contain one or more complete sentences.
Flavors: r-devel-linux-x86_64-debian-clang, r-devel-linux-x86_64-debian-gcc, r-devel-macos-x86_64-clang, r-devel-windows-ix86+x86_64, r-patched-linux-x86_64, r-patched-solaris-sparc, r-patched-solaris-x86, r-release-linux-x86_64, r-release-osx-x86_64-mavericks, r-release-windows-ix86+x86_64, r-oldrel-windows-ix86+x86_64

Version: 2.3
Check: R code for possible problems
Result: NOTE
    primary.colors: no visible global function definition for ‘rgb’
    rgb.tables: no visible global function definition for ‘rgb’
    ygobb: no visible global function definition for ‘approx’
    ygobb: no visible global function definition for ‘rgb’
    Undefined global functions or variables:
     approx rgb
    Consider adding
     importFrom("grDevices", "rgb")
     importFrom("stats", "approx")
    to your NAMESPACE file.
Flavors: r-devel-linux-x86_64-debian-clang, r-devel-linux-x86_64-debian-gcc, r-devel-macos-x86_64-clang, r-devel-windows-ix86+x86_64, r-patched-linux-x86_64, r-patched-solaris-sparc, r-patched-solaris-x86, r-release-linux-x86_64, r-release-osx-x86_64-mavericks, r-release-windows-ix86+x86_64

Version: 2.3
Flags: --no-stop-on-test-error
Check: DESCRIPTION meta-information
Result: NOTE
    Malformed Description field: should contain one or more complete sentences.
Flavors: r-devel-linux-x86_64-fedora-clang, r-devel-linux-x86_64-fedora-gcc

Version: 2.3
Flags: --no-stop-on-test-error
Check: R code for possible problems
Result: NOTE
    primary.colors: no visible global function definition for ‘rgb’
    rgb.tables: no visible global function definition for ‘rgb’
    ygobb: no visible global function definition for ‘approx’
    ygobb: no visible global function definition for ‘rgb’
    Undefined global functions or variables:
     approx rgb
    Consider adding
     importFrom("grDevices", "rgb")
     importFrom("stats", "approx")
    to your NAMESPACE file.
Flavors: r-devel-linux-x86_64-fedora-clang, r-devel-linux-x86_64-fedora-gcc