Last updated on 2021-01-18 21:49:11 CET.
Flavor | Version | Tinstall | Tcheck | Ttotal | Status | Flags |
---|---|---|---|---|---|---|
r-devel-linux-x86_64-debian-clang | 1.2-1 | 4.89 | 292.57 | 297.46 | OK | |
r-devel-linux-x86_64-debian-gcc | 1.2-1 | 3.36 | 229.34 | 232.70 | OK | |
r-devel-linux-x86_64-fedora-clang | 1.2-1 | 349.75 | NOTE | |||
r-devel-linux-x86_64-fedora-gcc | 1.2-1 | 340.93 | OK | |||
r-devel-windows-ix86+x86_64 | 1.2-1 | 9.00 | 230.00 | 239.00 | NOTE | |
r-patched-linux-x86_64 | 1.2-1 | 4.93 | 278.47 | 283.40 | OK | |
r-patched-solaris-x86 | 1.2-1 | 309.70 | NOTE | |||
r-release-linux-x86_64 | 1.2-1 | 4.33 | 280.09 | 284.42 | OK | |
r-release-macos-x86_64 | 1.2-1 | NOTE | ||||
r-release-windows-ix86+x86_64 | 1.2-1 | 9.00 | 228.00 | 237.00 | NOTE | |
r-oldrel-macos-x86_64 | 1.2-1 | NOTE | ||||
r-oldrel-windows-ix86+x86_64 | 1.2-1 | 6.00 | 203.00 | 209.00 | NOTE |
Version: 1.2-1
Check: installed package size
Result: NOTE
installed size is 5.5Mb
sub-directories of 1Mb or more:
doc 2.6Mb
extdata 2.1Mb
Flavors: r-devel-linux-x86_64-fedora-clang, r-devel-windows-ix86+x86_64, r-patched-solaris-x86, r-release-macos-x86_64, r-release-windows-ix86+x86_64, r-oldrel-macos-x86_64, r-oldrel-windows-ix86+x86_64
Version: 1.2-1
Check: Rd cross-references
Result: NOTE
Undeclared package ‘plyr’ in Rd xrefs
Flavor: r-devel-linux-x86_64-fedora-clang