CRAN Package Check Results for Package colordistance

Last updated on 2019-07-21 10:46:10 CEST.

Flavor Version Tinstall Tcheck Ttotal Status Flags
r-devel-linux-x86_64-debian-clang 1.1.0 4.08 120.03 124.11 NOTE
r-devel-linux-x86_64-debian-gcc 1.1.0 3.19 92.04 95.23 NOTE
r-devel-linux-x86_64-fedora-clang 1.1.0 146.32 NOTE
r-devel-linux-x86_64-fedora-gcc 1.1.0 143.77 NOTE
r-devel-windows-ix86+x86_64 1.1.0 9.00 174.00 183.00 OK
r-patched-linux-x86_64 1.1.0 3.75 118.02 121.77 OK
r-patched-solaris-x86 1.1.0 222.70 NOTE
r-release-linux-x86_64 1.1.0 3.83 118.83 122.66 OK
r-release-windows-ix86+x86_64 1.1.0 7.00 138.00 145.00 OK
r-release-osx-x86_64 1.1.0 NOTE
r-oldrel-windows-ix86+x86_64 1.1.0 11.00 202.00 213.00 OK
r-oldrel-osx-x86_64 1.1.0 NOTE

Check Details

Version: 1.1.0
Check: for non-standard things in the check directory
Result: NOTE
    Found the following files/directories:
     'HeliconiusColorTree.newick'
Flavors: r-devel-linux-x86_64-debian-clang, r-devel-linux-x86_64-debian-gcc, r-devel-linux-x86_64-fedora-clang, r-devel-linux-x86_64-fedora-gcc

Version: 1.1.0
Check: dependencies in R code
Result: NOTE
    Namespace in Imports field not imported from: ‘magrittr’
     All declared Imports should be used.
Flavors: r-devel-linux-x86_64-fedora-clang, r-devel-linux-x86_64-fedora-gcc, r-patched-solaris-x86, r-release-osx-x86_64, r-oldrel-osx-x86_64