CRAN Package Check Results for Package colordistance

Last updated on 2019-04-23 15:50:40 CEST.

Flavor Version Tinstall Tcheck Ttotal Status Flags
r-devel-linux-x86_64-debian-clang 1.1.0 3.92 122.98 126.90 OK
r-devel-linux-x86_64-debian-gcc 1.1.0 3.32 93.29 96.61 OK
r-devel-linux-x86_64-fedora-clang 1.1.0 147.55 NOTE
r-devel-linux-x86_64-fedora-gcc 1.1.0 141.39 NOTE
r-devel-windows-ix86+x86_64 1.1.0 11.00 131.00 142.00 OK
r-patched-linux-x86_64 1.1.0 3.96 120.71 124.67 OK
r-patched-solaris-x86 1.1.0 214.00 NOTE
r-release-linux-x86_64 1.1.0 3.39 148.38 151.77 OK
r-release-windows-ix86+x86_64 1.1.0 6.00 203.00 209.00 OK
r-release-osx-x86_64 1.1.0 NOTE
r-oldrel-windows-ix86+x86_64 1.1.0 8.00 210.00 218.00 OK
r-oldrel-osx-x86_64 1.1.0 NOTE

Check Details

Version: 1.1.0
Check: dependencies in R code
Result: NOTE
    Namespace in Imports field not imported from: ‘magrittr’
     All declared Imports should be used.
Flavors: r-devel-linux-x86_64-fedora-clang, r-devel-linux-x86_64-fedora-gcc, r-patched-solaris-x86, r-release-osx-x86_64, r-oldrel-osx-x86_64