CRAN Package Check Results for Package coloredICA

Last updated on 2019-04-25 09:50:14 CEST.

Flavor Version Tinstall Tcheck Ttotal Status Flags
r-devel-linux-x86_64-debian-clang 1.0.0 2.46 23.05 25.51 NOTE
r-devel-linux-x86_64-debian-gcc 1.0.0 2.17 18.44 20.61 NOTE
r-devel-linux-x86_64-fedora-clang 1.0.0 30.76 NOTE
r-devel-linux-x86_64-fedora-gcc 1.0.0 29.59 NOTE
r-devel-windows-ix86+x86_64 1.0.0 8.00 33.00 41.00 NOTE
r-patched-linux-x86_64 1.0.0 2.61 23.03 25.64 NOTE
r-patched-solaris-x86 1.0.0 45.20 NOTE
r-release-linux-x86_64 1.0.0 2.20 21.56 23.76 NOTE
r-release-windows-ix86+x86_64 1.0.0 4.00 48.00 52.00 NOTE
r-release-osx-x86_64 1.0.0 NOTE
r-oldrel-windows-ix86+x86_64 1.0.0 3.00 53.00 56.00 NOTE
r-oldrel-osx-x86_64 1.0.0 NOTE

Check Details

Version: 1.0.0
Check: R code for possible problems
Result: NOTE
    cICA: no visible global function definition for 'mvfft'
    cICA: no visible global function definition for 'ar.yw'
    cICA: no visible global function definition for 'rnorm'
    scICA: no visible global function definition for 'rnorm'
    Undefined global functions or variables:
     ar.yw mvfft rnorm
    Consider adding
     importFrom("stats", "ar.yw", "mvfft", "rnorm")
    to your NAMESPACE file.
Flavors: r-devel-linux-x86_64-debian-clang, r-devel-linux-x86_64-debian-gcc, r-devel-linux-x86_64-fedora-clang, r-devel-linux-x86_64-fedora-gcc, r-devel-windows-ix86+x86_64, r-patched-linux-x86_64, r-patched-solaris-x86, r-release-linux-x86_64, r-release-windows-ix86+x86_64, r-release-osx-x86_64, r-oldrel-windows-ix86+x86_64, r-oldrel-osx-x86_64