CRAN Package Check Results for Package coloredICA

Last updated on 2019-02-16 21:47:17 CET.

Flavor Version Tinstall Tcheck Ttotal Status Flags
r-devel-linux-x86_64-debian-clang 1.0.0 2.50 23.68 26.18 NOTE
r-devel-linux-x86_64-debian-gcc 1.0.0 2.31 18.51 20.82 NOTE
r-devel-linux-x86_64-fedora-clang 1.0.0 31.09 NOTE
r-devel-linux-x86_64-fedora-gcc 1.0.0 28.90 NOTE
r-devel-windows-ix86+x86_64 1.0.0 10.00 36.00 46.00 NOTE
r-patched-linux-x86_64 1.0.0 2.18 21.50 23.68 NOTE
r-patched-solaris-x86 1.0.0 41.80 NOTE
r-release-linux-x86_64 1.0.0 NOTE
r-release-windows-ix86+x86_64 1.0.0 4.00 51.00 55.00 NOTE
r-release-osx-x86_64 1.0.0 NOTE
r-oldrel-windows-ix86+x86_64 1.0.0 6.00 50.00 56.00 NOTE
r-oldrel-osx-x86_64 1.0.0 NOTE

Check Details

Version: 1.0.0
Check: R code for possible problems
Result: NOTE
    cICA: no visible global function definition for ‘mvfft’
    cICA: no visible global function definition for ‘ar.yw’
    cICA: no visible global function definition for ‘rnorm’
    scICA: no visible global function definition for ‘rnorm’
    Undefined global functions or variables:
     ar.yw mvfft rnorm
    Consider adding
     importFrom("stats", "ar.yw", "mvfft", "rnorm")
    to your NAMESPACE file.
Flavors: r-devel-linux-x86_64-debian-clang, r-devel-linux-x86_64-debian-gcc, r-devel-linux-x86_64-fedora-clang, r-devel-linux-x86_64-fedora-gcc, r-devel-windows-ix86+x86_64, r-patched-linux-x86_64, r-patched-solaris-x86, r-release-linux-x86_64, r-release-windows-ix86+x86_64, r-release-osx-x86_64, r-oldrel-windows-ix86+x86_64, r-oldrel-osx-x86_64