CRAN Package Check Results for Package coloredICA

Last updated on 2019-08-17 19:48:24 CEST.

Flavor Version Tinstall Tcheck Ttotal Status Flags
r-devel-linux-x86_64-debian-clang 1.0.0 3.14 23.28 26.42 NOTE
r-devel-linux-x86_64-debian-gcc 1.0.0 2.60 18.35 20.95 NOTE
r-devel-linux-x86_64-fedora-clang 1.0.0 31.20 NOTE
r-devel-linux-x86_64-fedora-gcc 1.0.0 30.01 NOTE
r-devel-windows-ix86+x86_64 1.0.0 10.00 49.00 59.00 NOTE
r-patched-linux-x86_64 1.0.0 2.72 23.01 25.73 NOTE
r-patched-solaris-x86 1.0.0 47.70 NOTE
r-release-linux-x86_64 1.0.0 2.99 22.85 25.84 NOTE
r-release-windows-ix86+x86_64 1.0.0 7.00 45.00 52.00 NOTE
r-release-osx-x86_64 1.0.0 NOTE
r-oldrel-windows-ix86+x86_64 1.0.0 7.00 47.00 54.00 NOTE
r-oldrel-osx-x86_64 1.0.0 NOTE

Check Details

Version: 1.0.0
Check: R code for possible problems
Result: NOTE
    cICA: no visible global function definition for 'mvfft'
    cICA: no visible global function definition for 'ar.yw'
    cICA: no visible global function definition for 'rnorm'
    scICA: no visible global function definition for 'rnorm'
    Undefined global functions or variables:
     ar.yw mvfft rnorm
    Consider adding
     importFrom("stats", "ar.yw", "mvfft", "rnorm")
    to your NAMESPACE file.
Flavors: r-devel-linux-x86_64-debian-clang, r-devel-linux-x86_64-debian-gcc, r-devel-linux-x86_64-fedora-clang, r-devel-linux-x86_64-fedora-gcc, r-devel-windows-ix86+x86_64, r-patched-linux-x86_64, r-patched-solaris-x86, r-release-linux-x86_64, r-release-windows-ix86+x86_64, r-release-osx-x86_64, r-oldrel-windows-ix86+x86_64, r-oldrel-osx-x86_64