Last updated on 2022-07-03 09:52:41 CEST.
Flavor | Version | Tinstall | Tcheck | Ttotal | Status | Flags |
---|---|---|---|---|---|---|
r-devel-linux-x86_64-debian-clang | 0.1.4 | 8.84 | 82.98 | 91.82 | NOTE | |
r-devel-linux-x86_64-debian-gcc | 0.1.4 | 6.63 | 61.84 | 68.47 | NOTE | |
r-devel-linux-x86_64-fedora-clang | 0.1.4 | 120.72 | NOTE | |||
r-devel-linux-x86_64-fedora-gcc | 0.1.4 | 117.68 | NOTE | |||
r-devel-windows-x86_64 | 0.1.4 | 20.00 | 102.00 | 122.00 | NOTE | |
r-patched-linux-x86_64 | 0.1.4 | 12.39 | 78.31 | 90.70 | NOTE | |
r-release-linux-x86_64 | 0.1.4 | 7.71 | 78.13 | 85.84 | NOTE | |
r-release-macos-arm64 | 0.1.4 | 33.00 | NOTE | |||
r-release-macos-x86_64 | 0.1.4 | 55.00 | NOTE | |||
r-release-windows-x86_64 | 0.1.4 | 23.00 | 108.00 | 131.00 | NOTE | |
r-oldrel-macos-arm64 | 0.1.4 | 36.00 | NOTE | |||
r-oldrel-macos-x86_64 | 0.1.4 | 54.00 | NOTE | |||
r-oldrel-windows-ix86+x86_64 | 0.1.4 | 23.00 | 102.00 | 125.00 | NOTE |
Version: 0.1.4
Check: LazyData
Result: NOTE
'LazyData' is specified without a 'data' directory
Flavors: r-devel-linux-x86_64-debian-clang, r-devel-linux-x86_64-debian-gcc, r-devel-linux-x86_64-fedora-clang, r-devel-linux-x86_64-fedora-gcc, r-devel-windows-x86_64, r-patched-linux-x86_64, r-release-linux-x86_64, r-release-macos-arm64, r-release-macos-x86_64, r-release-windows-x86_64, r-oldrel-macos-arm64, r-oldrel-macos-x86_64, r-oldrel-windows-ix86+x86_64