CRAN Package Check Results for Package colorfulVennPlot

Last updated on 2014-04-24 17:49:41.

Flavor Version Tinstall Tcheck Ttotal Status Flags
r-devel-linux-x86_64-debian-clang 2.4 0.64 11.84 12.48 OK
r-devel-linux-x86_64-debian-gcc 2.4 0.66 11.52 12.18 OK
r-devel-linux-x86_64-fedora-clang 2.4 24.24 OK
r-devel-linux-x86_64-fedora-gcc 2.4 22.50 OK
r-devel-osx-x86_64-clang 2.4 23.47 OK
r-devel-osx-x86_64-gcc 2.4 OK
r-devel-windows-ix86+x86_64 2.4 3.00 18.00 21.00 OK
r-patched-linux-x86_64 2.4 0.64 11.96 12.60 OK
r-patched-solaris-sparc 2.4 136.60 OK
r-patched-solaris-x86 2.4 33.80 OK
r-release-linux-ix86 2.4 1.00 25.00 26.00 OK
r-release-linux-x86_64 2.4 0.64 11.97 12.61 OK
r-release-osx-x86_64-mavericks 2.4 WARN
r-release-osx-x86_64-snowleopard 2.4 OK
r-release-windows-ix86+x86_64 2.4 2.00 19.00 21.00 OK
r-oldrel-windows-ix86+x86_64 2.4 2.00 19.00 21.00 OK

Check Details

Version: 2.4
Check: PDF version of manual
Result: WARNING
    LaTeX errors when creating PDF version.
    This typically indicates Rd problems.
    LaTeX errors found:
    ! LaTeX Error: File `upquote.sty' not found.
    
    Type X to quit or <RETURN> to proceed,
    or enter new name. (Default extension: sty)
    
    d1a6c70/Rd2.tex:8: ==> Fatal error occurred, no output PDF file produced!
Flavor: r-release-osx-x86_64-mavericks