CRAN Package Check Results for Package colorfulVennPlot

Last updated on 2019-02-16 20:46:11 CET.

Flavor Version Tinstall Tcheck Ttotal Status Flags
r-devel-linux-x86_64-debian-clang 2.4 2.38 22.22 24.60 NOTE
r-devel-linux-x86_64-debian-gcc 2.4 1.71 17.15 18.86 NOTE
r-devel-linux-x86_64-fedora-clang 2.4 28.29 NOTE
r-devel-linux-x86_64-fedora-gcc 2.4 26.78 NOTE
r-devel-windows-ix86+x86_64 2.4 9.00 36.00 45.00 NOTE
r-patched-linux-x86_64 2.4 1.85 20.07 21.92 NOTE
r-patched-solaris-x86 2.4 38.70 NOTE
r-release-linux-x86_64 2.4 NOTE
r-release-windows-ix86+x86_64 2.4 4.00 50.00 54.00 NOTE
r-release-osx-x86_64 2.4 NOTE
r-oldrel-windows-ix86+x86_64 2.4 5.00 52.00 57.00 NOTE
r-oldrel-osx-x86_64 2.4 NOTE

Check Details

Version: 2.4
Check: DESCRIPTION meta-information
Result: NOTE
    Malformed Title field: should not end in a period.
Flavors: r-devel-linux-x86_64-debian-clang, r-devel-linux-x86_64-debian-gcc, r-devel-linux-x86_64-fedora-clang, r-devel-linux-x86_64-fedora-gcc, r-devel-windows-ix86+x86_64, r-patched-linux-x86_64, r-patched-solaris-x86, r-release-linux-x86_64, r-release-windows-ix86+x86_64, r-release-osx-x86_64, r-oldrel-windows-ix86+x86_64, r-oldrel-osx-x86_64

Version: 2.4
Check: dependencies in R code
Result: NOTE
    Package in Depends field not imported from: ‘grid’
     These packages need to be imported from (in the NAMESPACE file)
     for when this namespace is loaded but not attached.
Flavors: r-devel-linux-x86_64-debian-clang, r-devel-linux-x86_64-debian-gcc, r-devel-linux-x86_64-fedora-clang, r-devel-linux-x86_64-fedora-gcc, r-devel-windows-ix86+x86_64, r-patched-linux-x86_64, r-patched-solaris-x86, r-release-linux-x86_64, r-release-windows-ix86+x86_64, r-release-osx-x86_64, r-oldrel-windows-ix86+x86_64, r-oldrel-osx-x86_64

Version: 2.4
Check: R code for possible problems
Result: NOTE
    plotVenn2d : twoWayOverlap: no visible global function definition for
     ‘grid.polygon’
    plotVenn2d : twoWayOverlap: no visible global function definition for
     ‘gpar’
    plotVenn2d: no visible global function definition for ‘grid.text’
    plotVenn2d: no visible global function definition for ‘gpar’
    plotVenn2d: no visible global function definition for ‘grid.polygon’
    plotVenn3d : twoWayOverlap: no visible global function definition for
     ‘grid.polygon’
    plotVenn3d : twoWayOverlap: no visible global function definition for
     ‘gpar’
    plotVenn3d: no visible global function definition for ‘grid.text’
    plotVenn3d: no visible global function definition for ‘gpar’
    plotVenn3d: no visible global function definition for ‘grid.polygon’
    plotVenn4d : getCommonEllipse: no visible global function definition
     for ‘aggregate’
    plotVenn4d : region.polygon: no visible global function definition for
     ‘head’
    plotVenn4d : region.polygon: no visible global function definition for
     ‘grid.polygon’
    plotVenn4d : region.polygon: no visible global function definition for
     ‘gpar’
    plotVenn4d: no visible global function definition for ‘grid.text’
    plotVenn4d: no visible global function definition for ‘gpar’
    plotVenn4d: no visible global function definition for ‘pushViewport’
    plotVenn4d: no visible global function definition for ‘viewport’
    plotVenn4d: no visible global function definition for ‘grid.polygon’
    plotVenn4d: no visible global function definition for ‘upViewport’
    resizeCircles: no visible global function definition for ‘uniroot’
    Undefined global functions or variables:
     aggregate gpar grid.polygon grid.text head pushViewport uniroot
     upViewport viewport
    Consider adding
     importFrom("stats", "aggregate", "uniroot")
     importFrom("utils", "head")
    to your NAMESPACE file.
Flavors: r-devel-linux-x86_64-debian-clang, r-devel-linux-x86_64-debian-gcc, r-devel-linux-x86_64-fedora-clang, r-devel-linux-x86_64-fedora-gcc, r-devel-windows-ix86+x86_64, r-patched-linux-x86_64, r-patched-solaris-x86, r-release-linux-x86_64, r-release-windows-ix86+x86_64, r-release-osx-x86_64, r-oldrel-windows-ix86+x86_64, r-oldrel-osx-x86_64