CRAN Package Check Results for Package colorfulVennPlot

Last updated on 2014-08-22 07:50:28.

Flavor Version Tinstall Tcheck Ttotal Status Flags
r-devel-linux-x86_64-debian-clang 2.4 0.60 10.86 11.46 NOTE
r-devel-linux-x86_64-debian-gcc 2.4 0.58 11.02 11.60 NOTE
r-devel-linux-x86_64-fedora-clang 2.4 22.95 NOTE
r-devel-linux-x86_64-fedora-gcc 2.4 21.87 NOTE
r-devel-osx-x86_64-clang 2.4 24.63 NOTE
r-devel-windows-ix86+x86_64 2.4 2.00 18.00 20.00 NOTE
r-patched-linux-x86_64 2.4 0.64 11.05 11.69 NOTE
r-patched-solaris-sparc 2.4 150.30 NOTE
r-patched-solaris-x86 2.4 33.00 NOTE
r-release-linux-ix86 2.4 0.94 17.18 18.11 OK
r-release-linux-x86_64 2.4 0.62 11.20 11.82 OK
r-release-osx-x86_64-mavericks 2.4 OK
r-release-osx-x86_64-snowleopard 2.4 OK
r-release-windows-ix86+x86_64 2.4 2.00 20.00 22.00 OK
r-oldrel-windows-ix86+x86_64 2.4 2.00 18.00 20.00 OK

Check Details

Version: 2.4
Check: dependencies in R code
Result: NOTE
    Package in Depends field not imported from: ‘grid’
     These packages need to be imported from (in the NAMESPACE file)
     for when this namespace is loaded but not attached.
    See the information on DESCRIPTION files in the chapter ‘Creating R
    packages’ of the ‘Writing R Extensions’ manual.
Flavors: r-devel-linux-x86_64-debian-clang, r-devel-linux-x86_64-debian-gcc, r-devel-linux-x86_64-fedora-clang, r-devel-linux-x86_64-fedora-gcc, r-devel-osx-x86_64-clang, r-devel-windows-ix86+x86_64, r-patched-linux-x86_64, r-patched-solaris-sparc, r-patched-solaris-x86

Version: 2.4
Check: R code for possible problems
Result: NOTE
    plotVenn2d : twoWayOverlap: no visible global function definition for
     ‘grid.polygon’
    plotVenn2d : twoWayOverlap: no visible global function definition for
     ‘gpar’
    plotVenn2d: no visible global function definition for ‘grid.text’
    plotVenn2d: no visible global function definition for ‘gpar’
    plotVenn2d: no visible global function definition for ‘grid.polygon’
    plotVenn3d : twoWayOverlap: no visible global function definition for
     ‘grid.polygon’
    plotVenn3d : twoWayOverlap: no visible global function definition for
     ‘gpar’
    plotVenn3d: no visible global function definition for ‘grid.text’
    plotVenn3d: no visible global function definition for ‘gpar’
    plotVenn3d: no visible global function definition for ‘grid.polygon’
    plotVenn4d : region.polygon: no visible global function definition for
     ‘grid.polygon’
    plotVenn4d : region.polygon: no visible global function definition for
     ‘gpar’
    plotVenn4d: no visible global function definition for ‘grid.text’
    plotVenn4d: no visible global function definition for ‘gpar’
    plotVenn4d: no visible global function definition for ‘pushViewport’
    plotVenn4d: no visible global function definition for ‘viewport’
    plotVenn4d: no visible global function definition for ‘grid.polygon’
    plotVenn4d: no visible global function definition for ‘upViewport’
Flavors: r-devel-linux-x86_64-fedora-clang, r-devel-linux-x86_64-fedora-gcc, r-devel-osx-x86_64-clang