CRAN Package Check Results for Package colorfulVennPlot

Last updated on 2016-08-30 22:47:25.

Flavor Version Tinstall Tcheck Ttotal Status Flags
r-devel-linux-x86_64-debian-clang 2.4 0.54 11.09 11.63 NOTE
r-devel-linux-x86_64-debian-gcc 2.4 0.61 11.15 11.76 NOTE
r-devel-linux-x86_64-fedora-clang 2.4 20.10 NOTE
r-devel-linux-x86_64-fedora-gcc 2.4 18.62 NOTE
r-devel-osx-x86_64-clang 2.4 17.38 NOTE
r-devel-windows-ix86+x86_64 2.4 4.00 38.00 42.00 NOTE
r-patched-linux-x86_64 2.4 0.56 11.00 11.56 NOTE
r-patched-solaris-sparc 2.4 126.80 NOTE
r-patched-solaris-x86 2.4 27.40 NOTE
r-release-linux-x86_64 2.4 0.58 11.33 11.91 NOTE
r-release-osx-x86_64-mavericks 2.4 NOTE
r-release-windows-ix86+x86_64 2.4 5.00 35.00 40.00 NOTE
r-oldrel-windows-ix86+x86_64 2.4 5.00 37.00 42.00 NOTE

Check Details

Version: 2.4
Check: DESCRIPTION meta-information
Result: NOTE
    Malformed Title field: should not end in a period.
Flavors: r-devel-linux-x86_64-debian-clang, r-devel-linux-x86_64-debian-gcc, r-devel-linux-x86_64-fedora-clang, r-devel-linux-x86_64-fedora-gcc, r-devel-osx-x86_64-clang, r-devel-windows-ix86+x86_64, r-patched-linux-x86_64, r-patched-solaris-sparc, r-patched-solaris-x86, r-release-linux-x86_64, r-release-osx-x86_64-mavericks, r-release-windows-ix86+x86_64, r-oldrel-windows-ix86+x86_64

Version: 2.4
Check: dependencies in R code
Result: NOTE
    Package in Depends field not imported from: ‘grid’
     These packages need to be imported from (in the NAMESPACE file)
     for when this namespace is loaded but not attached.
Flavors: r-devel-linux-x86_64-debian-clang, r-devel-linux-x86_64-debian-gcc, r-devel-linux-x86_64-fedora-clang, r-devel-linux-x86_64-fedora-gcc, r-devel-osx-x86_64-clang, r-devel-windows-ix86+x86_64, r-patched-linux-x86_64, r-patched-solaris-sparc, r-patched-solaris-x86, r-release-linux-x86_64, r-release-osx-x86_64-mavericks, r-release-windows-ix86+x86_64, r-oldrel-windows-ix86+x86_64

Version: 2.4
Check: R code for possible problems
Result: NOTE
    plotVenn2d : twoWayOverlap: no visible global function definition for
     ‘grid.polygon’
    plotVenn2d : twoWayOverlap: no visible global function definition for
     ‘gpar’
    plotVenn2d: no visible global function definition for ‘grid.text’
    plotVenn2d: no visible global function definition for ‘gpar’
    plotVenn2d: no visible global function definition for ‘grid.polygon’
    plotVenn3d : twoWayOverlap: no visible global function definition for
     ‘grid.polygon’
    plotVenn3d : twoWayOverlap: no visible global function definition for
     ‘gpar’
    plotVenn3d: no visible global function definition for ‘grid.text’
    plotVenn3d: no visible global function definition for ‘gpar’
    plotVenn3d: no visible global function definition for ‘grid.polygon’
    plotVenn4d : getCommonEllipse: no visible global function definition
     for ‘aggregate’
    plotVenn4d : region.polygon: no visible global function definition for
     ‘head’
    plotVenn4d : region.polygon: no visible global function definition for
     ‘grid.polygon’
    plotVenn4d : region.polygon: no visible global function definition for
     ‘gpar’
    plotVenn4d: no visible global function definition for ‘grid.text’
    plotVenn4d: no visible global function definition for ‘gpar’
    plotVenn4d: no visible global function definition for ‘pushViewport’
    plotVenn4d: no visible global function definition for ‘viewport’
    plotVenn4d: no visible global function definition for ‘grid.polygon’
    plotVenn4d: no visible global function definition for ‘upViewport’
    resizeCircles: no visible global function definition for ‘uniroot’
    Undefined global functions or variables:
     aggregate gpar grid.polygon grid.text head pushViewport uniroot
     upViewport viewport
    Consider adding
     importFrom("stats", "aggregate", "uniroot")
     importFrom("utils", "head")
    to your NAMESPACE file.
Flavors: r-devel-linux-x86_64-debian-clang, r-devel-linux-x86_64-debian-gcc, r-devel-linux-x86_64-fedora-clang, r-devel-linux-x86_64-fedora-gcc, r-devel-osx-x86_64-clang, r-devel-windows-ix86+x86_64, r-patched-linux-x86_64, r-patched-solaris-sparc, r-patched-solaris-x86, r-release-linux-x86_64, r-release-osx-x86_64-mavericks, r-release-windows-ix86+x86_64

Version: 2.4
Check: R code for possible problems
Result: NOTE
    plotVenn2d : twoWayOverlap: no visible global function definition for
     'grid.polygon'
    plotVenn2d : twoWayOverlap: no visible global function definition for
     'gpar'
    plotVenn2d: no visible global function definition for 'grid.text'
    plotVenn2d: no visible global function definition for 'gpar'
    plotVenn2d: no visible global function definition for 'grid.polygon'
    plotVenn3d : twoWayOverlap: no visible global function definition for
     'grid.polygon'
    plotVenn3d : twoWayOverlap: no visible global function definition for
     'gpar'
    plotVenn3d: no visible global function definition for 'grid.text'
    plotVenn3d: no visible global function definition for 'gpar'
    plotVenn3d: no visible global function definition for 'grid.polygon'
    plotVenn4d : region.polygon: no visible global function definition for
     'grid.polygon'
    plotVenn4d : region.polygon: no visible global function definition for
     'gpar'
    plotVenn4d: no visible global function definition for 'grid.text'
    plotVenn4d: no visible global function definition for 'gpar'
    plotVenn4d: no visible global function definition for 'pushViewport'
    plotVenn4d: no visible global function definition for 'viewport'
    plotVenn4d: no visible global function definition for 'grid.polygon'
    plotVenn4d: no visible global function definition for 'upViewport'
Flavor: r-oldrel-windows-ix86+x86_64