CRAN Package Check Results for Package colorspace

Last updated on 2017-03-29 03:50:20.

Flavor Version Tinstall Tcheck Ttotal Status Flags
r-devel-linux-x86_64-debian-clang 1.3-2 2.38 27.74 30.12 NOTE
r-devel-linux-x86_64-debian-gcc 1.3-2 2.59 27.37 29.96 NOTE
r-devel-linux-x86_64-fedora-clang 1.3-2 54.95 NOTE --no-stop-on-test-error
r-devel-linux-x86_64-fedora-gcc 1.3-2 52.11 NOTE --no-stop-on-test-error
r-devel-macos-x86_64-clang 1.3-2 48.51 NOTE --no-stop-on-test-error
r-devel-windows-ix86+x86_64 1.3-2 17.00 62.00 79.00 OK
r-patched-linux-x86_64 1.3-2 2.66 27.08 29.74 NOTE
r-patched-solaris-sparc 1.3-2 331.10 OK
r-patched-solaris-x86 1.3-2 70.60 OK
r-release-linux-x86_64 1.3-2 2.41 22.60 25.02 OK
r-release-osx-x86_64-mavericks 1.3-2 OK
r-release-windows-ix86+x86_64 1.3-2 16.00 77.00 93.00 OK
r-oldrel-windows-ix86+x86_64 1.3-2 10.00 58.00 68.00 OK

Check Details

Version: 1.3-2
Check: compiled code
Result: NOTE
    File ‘colorspace/libs/colorspace.so’:
     Found no calls to: ‘R_registerRoutines’, ‘R_useDynamicSymbols’
    
    It is good practice to register native routines and to disable symbol
    search.
    
    See ‘Writing portable packages’ in the ‘Writing R Extensions’ manual.
Flavors: r-devel-linux-x86_64-debian-clang, r-devel-linux-x86_64-debian-gcc, r-patched-linux-x86_64

Version: 1.3-2
Flags: --no-stop-on-test-error
Check: compiled code
Result: NOTE
    File ‘colorspace/libs/colorspace.so’:
     Found no calls to: ‘R_registerRoutines’, ‘R_useDynamicSymbols’
    
    It is good practice to register native routines and to disable symbol
    search.
    
    See ‘Writing portable packages’ in the ‘Writing R Extensions’ manual.
Flavors: r-devel-linux-x86_64-fedora-clang, r-devel-linux-x86_64-fedora-gcc, r-devel-macos-x86_64-clang