CRAN Package Check Results for Package colorspace

Last updated on 2014-04-24 09:48:58.

Flavor Version Tinstall Tcheck Ttotal Status Flags
r-devel-linux-x86_64-debian-clang 1.2-4 2.12 23.73 25.86 OK
r-devel-linux-x86_64-debian-gcc 1.2-4 2.65 23.37 26.02 OK
r-devel-linux-x86_64-fedora-clang 1.2-4 51.66 OK
r-devel-linux-x86_64-fedora-gcc 1.2-4 50.19 OK
r-devel-osx-x86_64-clang 1.2-4 49.63 OK
r-devel-osx-x86_64-gcc 1.2-4 WARN
r-devel-windows-ix86+x86_64 1.2-4 8.00 42.00 50.00 OK
r-patched-linux-x86_64 1.2-4 2.53 23.79 26.32 OK
r-patched-solaris-sparc 1.2-4 297.10 OK
r-patched-solaris-x86 1.2-4 72.80 OK
r-release-linux-ix86 1.2-4 3.00 45.00 48.00 OK
r-release-linux-x86_64 1.2-4 2.55 23.93 26.48 OK
r-release-osx-x86_64-mavericks 1.2-4 WARN
r-release-windows-ix86+x86_64 1.2-4 9.00 43.00 52.00 OK
r-oldrel-windows-ix86+x86_64 1.2-4 9.00 46.00 55.00 OK

Check Details

Version: 1.2-4
Check: package dependencies
Result: NOTE
    Package suggested but not available for checking: ‘vcd’
Flavor: r-devel-osx-x86_64-gcc

Version: 1.2-4
Check: running R code from vignettes
Result: WARNING
    Errors in running code in vignettes:
    when running code in ‘hcl-colors.Rnw’
     ...
    
    > options(prompt = "R> ", continue = "+ ")
    
    > library("colorspace")
    
    > library("vcd")
    
     When sourcing ‘hcl-colors.R’:
    Error: there is no package called ‘vcd’
    Execution halted
Flavor: r-devel-osx-x86_64-gcc

Version: 1.2-4
Check: re-building of vignette outputs
Result: NOTE
    Error in re-building vignettes:
     ...
    
    Error: processing vignette 'hcl-colors.Rnw' failed with diagnostics:
     chunk 1 (label = preliminaries)
    Error in library("vcd") : there is no package called ‘vcd’
    Execution halted
Flavor: r-devel-osx-x86_64-gcc

Version: 1.2-4
Check: PDF version of manual
Result: WARNING
    LaTeX errors when creating PDF version.
    This typically indicates Rd problems.
    LaTeX errors found:
    ! LaTeX Error: File `upquote.sty' not found.
    
    Type X to quit or <RETURN> to proceed,
    or enter new name. (Default extension: sty)
    
    43ad507c/Rd2.tex:8: ==> Fatal error occurred, no output PDF file produced!
Flavor: r-release-osx-x86_64-mavericks