CRAN Package Check Results for Package colorspace

Last updated on 2017-08-21 01:46:17.

Flavor Version Tinstall Tcheck Ttotal Status Flags
r-devel-linux-x86_64-debian-clang 1.3-2 2.34 27.78 30.12 NOTE
r-devel-linux-x86_64-debian-gcc 1.3-2 2.73 27.76 30.49 NOTE
r-devel-linux-x86_64-fedora-clang 1.3-2 54.48 NOTE
r-devel-linux-x86_64-fedora-gcc 1.3-2 53.26 NOTE
r-devel-windows-ix86+x86_64 1.3-2 14.00 64.00 78.00 OK
r-patched-linux-x86_64 1.3-2 2.72 27.54 30.26 NOTE
r-patched-solaris-x86 1.3-2 70.40 OK
r-release-linux-x86_64 1.3-2 2.70 27.90 30.60 NOTE
r-release-windows-ix86+x86_64 1.3-2 16.00 67.00 83.00 OK
r-release-osx-x86_64 1.3-2 OK
r-oldrel-windows-ix86+x86_64 1.3-2 11.00 54.00 65.00 OK
r-oldrel-osx-x86_64 1.3-2 OK

Check Details

Version: 1.3-2
Check: compiled code
Result: NOTE
    File ‘colorspace/libs/colorspace.so’:
     Found no calls to: ‘R_registerRoutines’, ‘R_useDynamicSymbols’
    
    It is good practice to register native routines and to disable symbol
    search.
    
    See ‘Writing portable packages’ in the ‘Writing R Extensions’ manual.
Flavors: r-devel-linux-x86_64-debian-clang, r-devel-linux-x86_64-debian-gcc, r-devel-linux-x86_64-fedora-clang, r-devel-linux-x86_64-fedora-gcc, r-patched-linux-x86_64, r-release-linux-x86_64