CRAN Package Check Results for Package colorspace

Last updated on 2021-02-25 06:46:58 CET.

Flavor Version Tinstall Tcheck Ttotal Status Flags
r-devel-linux-x86_64-debian-clang 2.0-0 12.72 101.90 114.62 OK
r-devel-linux-x86_64-debian-gcc 2.0-0 9.98 77.12 87.10 OK
r-devel-linux-x86_64-fedora-clang 2.0-0 147.01 OK
r-devel-linux-x86_64-fedora-gcc 2.0-0 137.02 OK
r-devel-windows-ix86+x86_64 2.0-0 24.00 129.00 153.00 OK
r-patched-linux-x86_64 2.0-0 11.24 95.48 106.72 OK
r-patched-solaris-x86 2.0-0 181.50 OK
r-release-linux-x86_64 2.0-0 11.44 95.39 106.83 OK
r-release-macos-x86_64 2.0-0 OK
r-release-windows-ix86+x86_64 2.0-0 24.00 174.00 198.00 OK
r-oldrel-macos-x86_64 2.0-0 NOTE
r-oldrel-windows-ix86+x86_64 2.0-0 19.00 160.00 179.00 OK

Check Details

Version: 2.0-0
Check: dependencies in R code
Result: NOTE
    No protocol specified
    No protocol specified
Flavor: r-oldrel-macos-x86_64