CRAN Package Check Results for Package colorspace

Last updated on 2014-10-26 05:47:12.

Flavor Version Tinstall Tcheck Ttotal Status Flags
r-devel-linux-x86_64-debian-clang 1.2-4 1.87 22.76 24.63 NOTE
r-devel-linux-x86_64-debian-gcc 1.2-4 2.47 22.44 24.91 NOTE
r-devel-linux-x86_64-fedora-clang 1.2-4 55.75 NOTE
r-devel-linux-x86_64-fedora-gcc 1.2-4 45.62 NOTE
r-devel-osx-x86_64-clang 1.2-4 51.16 NOTE
r-devel-windows-ix86+x86_64 1.2-4 8.00 38.00 46.00 NOTE
r-patched-linux-x86_64 1.2-4 2.70 23.17 25.86 NOTE
r-patched-solaris-sparc 1.2-4 265.50 NOTE
r-patched-solaris-x86 1.2-4 66.40 NOTE
r-release-linux-ix86 1.2-4 3.11 33.38 36.48 OK
r-release-linux-x86_64 1.2-4 2.49 24.90 27.39 OK
r-release-osx-x86_64-mavericks 1.2-4 OK
r-release-windows-ix86+x86_64 1.2-4 9.00 44.00 53.00 OK
r-oldrel-windows-ix86+x86_64 1.2-4 9.00 43.00 52.00 OK

Check Details

Version: 1.2-4
Check: R code for possible problems
Result: NOTE
    choose_palette : ChooseFile: no visible global function definition for
     ‘tclvalue’
    choose_palette : ChooseFile: no visible binding for global variable
     ‘tcl’
    choose_palette : SaveColorsToFile: no visible global function
     definition for ‘tkmessageBox’
    choose_palette : SavePalette: no visible global function definition for
     ‘tclvalue<-’
    choose_palette : ScaleChange: no visible global function definition for
     ‘tclvalue<-’
    choose_palette : EntryChange: no visible global function definition for
     ‘tclvalue’
    choose_palette : EntryChange: no visible global function definition for
     ‘tclvalue<-’
    choose_palette : GetPalette: no visible global function definition for
     ‘tclvalue’
    choose_palette : DrawPalette: no visible global function definition for
     ‘tcl’
    choose_palette : DrawPalette: no visible global function definition for
     ‘tclvalue’
    choose_palette : DrawPalette: no visible global function definition for
     ‘dichromat’
    choose_palette : DrawPalette: no visible global function definition for
     ‘.Tcl.args’
    choose_palette : DrawPalette: no visible global function definition for
     ‘tkcreate’
    choose_palette : UpdateDataType: no visible global function definition
     for ‘tclvalue’
    choose_palette : UpdateDataType: no visible global function definition
     for ‘tcl’
    choose_palette : UpdateDataType: no visible global function definition
     for ‘.Tcl.args’
    choose_palette : UpdateDataType: no visible global function definition
     for ‘tkcreate’
    choose_palette : UpdateDataType: no visible global function definition
     for ‘tkconfigure’
    choose_palette : SelectDefaultPalette: no visible global function
     definition for ‘.Tcl.args’
    choose_palette : SelectDefaultPalette: no visible global function
     definition for ‘tkcreate’
    choose_palette : ConvertPaletteToAttributes: no visible global function
     definition for ‘tclvalue<-’
    choose_palette : AssignAttributesToWidgets: no visible global function
     definition for ‘tclvalue<-’
    choose_palette : RegenExample: no visible global function definition
     for ‘tclvalue’
    choose_palette : PlotMap: no visible binding for global variable
     ‘USSouthPolygon’
    choose_palette: no visible global function definition for ‘tclVar’
    choose_palette: no visible global function definition for
     ‘tclServiceMode’
    choose_palette: no visible global function definition for ‘tktoplevel’
    choose_palette: no visible global function definition for
     ‘tkwm.transient’
    choose_palette: no visible global function definition for
     ‘tkwm.geometry’
    choose_palette: no visible global function definition for
     ‘tkwm.resizable’
    choose_palette: no visible global function definition for ‘tktitle<-’
    choose_palette: no visible global function definition for ‘tkmenu’
    choose_palette: no visible global function definition for ‘tkadd’
    choose_palette: no visible global function definition for ‘tkconfigure’
    choose_palette: no visible global function definition for ‘ttkframe’
    choose_palette: no visible global function definition for ‘ttkbutton’
    choose_palette : <anonymous>: no visible global function definition for
     ‘tclvalue<-’
    choose_palette: no visible global function definition for ‘tkgrid’
    choose_palette: no visible global function definition for
     ‘tkgrid.configure’
    choose_palette: no visible global function definition for
     ‘tkgrid.columnconfigure’
    choose_palette: no visible global function definition for ‘tkpack’
    choose_palette: no visible global function definition for ‘ttklabel’
    choose_palette: no visible global function definition for ‘ttkcombobox’
    choose_palette: no visible global function definition for
     ‘ttklabelframe’
    choose_palette: no visible global function definition for ‘tkcanvas’
    choose_palette: no visible global function definition for ‘ttkentry’
    choose_palette: no visible global function definition for ‘tkwidget’
    choose_palette: no visible global function definition for
     ‘ttkcheckbutton’
    choose_palette : <anonymous>: no visible global function definition for
     ‘tclvalue’
    choose_palette: no visible global function definition for
     ‘ttkradiobutton’
    choose_palette: no visible global function definition for ‘tkbind’
    choose_palette: no visible global function definition for ‘tkfocus’
    choose_palette: no visible global function definition for ‘tkgrab’
    choose_palette: no visible global function definition for
     ‘tkwait.variable’
    choose_palette: no visible global function definition for
     ‘tkgrab.release’
    choose_palette: no visible global function definition for ‘tkdestroy’
Flavors: r-devel-linux-x86_64-debian-clang, r-devel-linux-x86_64-debian-gcc, r-devel-linux-x86_64-fedora-clang, r-devel-linux-x86_64-fedora-gcc, r-devel-osx-x86_64-clang, r-devel-windows-ix86+x86_64, r-patched-linux-x86_64, r-patched-solaris-sparc, r-patched-solaris-x86