CRAN Package Check Results for Package colorspace

Last updated on 2015-03-28 16:47:06.

Flavor Version Tinstall Tcheck Ttotal Status Flags
r-devel-linux-x86_64-debian-clang 1.2-6 1.94 22.17 24.11 OK
r-devel-linux-x86_64-debian-gcc 1.2-6 2.95 22.06 25.00 OK
r-devel-linux-x86_64-fedora-clang 1.2-6 46.66 OK
r-devel-linux-x86_64-fedora-gcc 1.2-6 44.35 OK
r-devel-osx-x86_64-clang 1.2-6 57.38 OK
r-prerel-windows-ix86+x86_64 1.2-6 9.00 54.00 63.00 OK
r-prerel-linux-x86_64 1.2-6 2.71 21.69 24.40 OK
r-prerel-solaris-sparc 1.2-6 300.30 OK
r-prerel-solaris-x86 1.2-6 61.90 OK
r-release-linux-x86_64 1.2-6 3.54 24.42 27.97 OK
r-release-osx-x86_64-mavericks 1.2-6 OK
r-release-osx-x86_64-snowleopard 1.2-6 OK
r-release-windows-ix86+x86_64 1.2-6 9.00 47.00 56.00 OK
r-oldrel-windows-ix86+x86_64 1.2-6 8.00 43.00 51.00 NOTE

Check Details

Version: 1.2-6
Check: dependencies in R code
Result: NOTE
    Missing or unexported object: 'colorspace::USSouthPolygon'
    See the information on DESCRIPTION files in the chapter 'Creating R
    packages' of the 'Writing R Extensions' manual.
Flavor: r-oldrel-windows-ix86+x86_64