CRAN Package Check Results for Package colorspace

Last updated on 2018-05-21 23:50:44 CEST.

Flavor Version Tinstall Tcheck Ttotal Status Flags
r-devel-linux-x86_64-debian-clang 1.3-2 5.97 35.88 41.85 NOTE
r-devel-linux-x86_64-debian-gcc 1.3-2 4.05 32.22 36.27 NOTE
r-devel-linux-x86_64-fedora-clang 1.3-2 57.46 NOTE
r-devel-linux-x86_64-fedora-gcc 1.3-2 55.46 NOTE
r-devel-windows-ix86+x86_64 1.3-2 22.00 68.00 90.00 OK
r-patched-linux-x86_64 1.3-2 6.46 39.44 45.90 NOTE
r-patched-solaris-x86 1.3-2 79.70 OK
r-release-linux-x86_64 1.3-2 6.14 38.79 44.93 NOTE
r-release-windows-ix86+x86_64 1.3-2 23.00 87.00 110.00 OK
r-release-osx-x86_64 1.3-2 OK
r-oldrel-windows-ix86+x86_64 1.3-2 16.00 64.00 80.00 OK
r-oldrel-osx-x86_64 1.3-2 OK

Check Details

Version: 1.3-2
Check: compiled code
Result: NOTE
    File ‘colorspace/libs/colorspace.so’:
     Found no calls to: ‘R_registerRoutines’, ‘R_useDynamicSymbols’
    
    It is good practice to register native routines and to disable symbol
    search.
    
    See ‘Writing portable packages’ in the ‘Writing R Extensions’ manual.
Flavors: r-devel-linux-x86_64-debian-clang, r-devel-linux-x86_64-debian-gcc, r-devel-linux-x86_64-fedora-clang, r-devel-linux-x86_64-fedora-gcc, r-patched-linux-x86_64, r-release-linux-x86_64