CRAN Package Check Results for Package colorspace

Last updated on 2017-02-20 17:48:47.

Flavor Version Tinstall Tcheck Ttotal Status Flags
r-devel-linux-x86_64-debian-clang 1.3-2 2.40 27.91 30.31 NOTE
r-devel-linux-x86_64-debian-gcc 1.3-2 2.82 27.19 30.01 NOTE
r-devel-linux-x86_64-fedora-clang 1.3-2 53.88 NOTE --no-stop-on-test-error
r-devel-linux-x86_64-fedora-gcc 1.3-2 53.11 NOTE --no-stop-on-test-error
r-devel-macos-x86_64-clang 51.04 NOTE --no-stop-on-test-error
r-devel-windows-ix86+x86_64 1.3-2 14.00 83.00 97.00 OK
r-patched-linux-x86_64 1.3-2 2.47 22.07 24.54 OK
r-patched-solaris-sparc 1.3-2 271.80 OK
r-patched-solaris-x86 1.3-2 57.50 OK
r-release-linux-x86_64 1.3-2 2.52 22.29 24.81 OK
r-release-osx-x86_64-mavericks 1.3-2 OK
r-release-windows-ix86+x86_64 1.3-2 12.00 55.00 67.00 OK
r-oldrel-windows-ix86+x86_64 1.3-2 11.00 60.00 71.00 OK

Check Details

Version: 1.3-2
Check: compiled code
Result: NOTE
    File ‘colorspace/libs/colorspace.so’:
     Found no calls to: ‘R_registerRoutines’, ‘R_useDynamicSymbols’
    
    It is good practice to register native routines and to disable symbol
    search.
    
    See ‘Writing portable packages’ in the ‘Writing R Extensions’ manual.
Flavors: r-devel-linux-x86_64-debian-clang, r-devel-linux-x86_64-debian-gcc

Version: 1.3-2
Flags: --no-stop-on-test-error
Check: compiled code
Result: NOTE
    File ‘colorspace/libs/colorspace.so’:
     Found no calls to: ‘R_registerRoutines’, ‘R_useDynamicSymbols’
    
    It is good practice to register native routines and to disable symbol
    search.
    
    See ‘Writing portable packages’ in the ‘Writing R Extensions’ manual.
Flavors: r-devel-linux-x86_64-fedora-clang, r-devel-linux-x86_64-fedora-gcc, r-devel-macos-x86_64-clang