CRAN Package Check Results for Package colorspace

Last updated on 2015-04-19 02:48:19.

Flavor Version Tinstall Tcheck Ttotal Status Flags
r-devel-linux-x86_64-debian-clang 1.2-6 1.76 21.74 23.50 OK
r-devel-linux-x86_64-debian-gcc 1.2-6 2.46 22.20 24.66 OK
r-devel-linux-x86_64-fedora-clang 1.2-6 46.80 OK
r-devel-linux-x86_64-fedora-gcc 1.2-6 44.05 OK
r-devel-osx-x86_64-clang 1.2-6 52.99 OK
r-patched-linux-x86_64 1.2-6 2.44 22.46 24.90 OK
r-patched-solaris-sparc 1.2-6 300.30 OK
r-patched-solaris-x86 1.2-6 60.80 OK
r-release-linux-x86_64 1.2-6 2.78 21.17 23.95 OK
r-release-osx-x86_64-mavericks 1.2-6 WARN
r-release-osx-x86_64-snowleopard 1.2-6 NOTE
r-release-windows-ix86+x86_64 1.2-6 6.00 49.00 55.00 OK
r-oldrel-windows-ix86+x86_64 1.2-6 9.00 57.00 66.00 NOTE

Check Details

Version: 1.2-6
Check: Rd cross-references
Result: WARN
    package ‘dichromat’ exists but was not installed under R >= 2.10.0 so xrefs cannot be checked
Flavor: r-release-osx-x86_64-mavericks

Version: 1.2-6
Check: Rd cross-references
Result: NOTE
    Package unavailable to check Rd xrefs: ‘dichromat’
Flavor: r-release-osx-x86_64-snowleopard

Version: 1.2-6
Check: dependencies in R code
Result: NOTE
    Missing or unexported object: 'colorspace::USSouthPolygon'
    See the information on DESCRIPTION files in the chapter 'Creating R
    packages' of the 'Writing R Extensions' manual.
Flavor: r-oldrel-windows-ix86+x86_64