CRAN Package Check Results for Package colorspace

Last updated on 2017-10-24 10:47:43.

Flavor Version Tinstall Tcheck Ttotal Status Flags
r-devel-linux-x86_64-debian-clang 1.3-2 2.28 28.16 30.44 NOTE
r-devel-linux-x86_64-debian-gcc 1.3-2 4.42 29.61 34.04 NOTE
r-devel-linux-x86_64-fedora-clang 1.3-2 56.33 NOTE
r-devel-linux-x86_64-fedora-gcc 1.3-2 54.05 NOTE
r-devel-windows-ix86+x86_64 1.3-2 12.00 87.00 99.00 OK
r-patched-linux-x86_64 1.3-2 2.82 27.94 30.76 NOTE
r-patched-solaris-x86 1.3-2 73.00 OK
r-release-linux-x86_64 1.3-2 2.81 27.54 30.35 NOTE
r-release-windows-ix86+x86_64 1.3-2 15.00 98.00 113.00 OK
r-release-osx-x86_64 1.3-2 OK
r-oldrel-windows-ix86+x86_64 1.3-2 10.00 55.00 65.00 OK
r-oldrel-osx-x86_64 1.3-2 OK

Check Details

Version: 1.3-2
Check: compiled code
Result: NOTE
    File ‘colorspace/libs/colorspace.so’:
     Found no calls to: ‘R_registerRoutines’, ‘R_useDynamicSymbols’
    
    It is good practice to register native routines and to disable symbol
    search.
    
    See ‘Writing portable packages’ in the ‘Writing R Extensions’ manual.
Flavors: r-devel-linux-x86_64-debian-clang, r-devel-linux-x86_64-debian-gcc, r-devel-linux-x86_64-fedora-clang, r-devel-linux-x86_64-fedora-gcc, r-patched-linux-x86_64, r-release-linux-x86_64