CRAN Package Check Results for Package colorspace

Last updated on 2018-01-18 12:47:21 CET.

Flavor Version Tinstall Tcheck Ttotal Status Flags
r-devel-linux-x86_64-debian-clang 1.3-2 2.48 41.43 43.91 NOTE
r-devel-linux-x86_64-debian-gcc 1.3-2 2.88 34.82 37.70 NOTE
r-devel-linux-x86_64-fedora-clang 1.3-2 57.30 NOTE
r-devel-linux-x86_64-fedora-gcc 1.3-2 55.61 NOTE
r-devel-windows-ix86+x86_64 1.3-2 16.00 72.00 88.00 OK
r-patched-linux-x86_64 1.3-2 3.07 43.16 46.23 NOTE
r-patched-solaris-x86 1.3-2 76.60 OK
r-release-linux-x86_64 1.3-2 3.27 43.39 46.66 NOTE
r-release-windows-ix86+x86_64 1.3-2 14.00 66.00 80.00 OK
r-release-osx-x86_64 1.3-2 OK
r-oldrel-windows-ix86+x86_64 1.3-2 18.00 56.00 74.00 OK
r-oldrel-osx-x86_64 1.3-2 OK

Check Details

Version: 1.3-2
Check: compiled code
Result: NOTE
    File ‘colorspace/libs/colorspace.so’:
     Found no calls to: ‘R_registerRoutines’, ‘R_useDynamicSymbols’
    
    It is good practice to register native routines and to disable symbol
    search.
    
    See ‘Writing portable packages’ in the ‘Writing R Extensions’ manual.
Flavors: r-devel-linux-x86_64-debian-clang, r-devel-linux-x86_64-debian-gcc, r-devel-linux-x86_64-fedora-clang, r-devel-linux-x86_64-fedora-gcc, r-patched-linux-x86_64, r-release-linux-x86_64