CRAN Package Check Results for Package colorspace

Last updated on 2015-06-30 15:47:00.

Flavor Version Tinstall Tcheck Ttotal Status Flags
r-devel-linux-x86_64-debian-clang 1.2-6 1.86 21.54 23.40 NOTE
r-devel-linux-x86_64-debian-gcc 1.2-6 2.52 21.25 23.78 NOTE
r-devel-linux-x86_64-fedora-clang 1.2-6 45.71 NOTE
r-devel-linux-x86_64-fedora-gcc 1.2-6 43.63 OK
r-devel-osx-x86_64-clang 1.2-6 47.83 OK
r-devel-windows-ix86+x86_64 1.2-6 15.00 46.00 61.00 NOTE
r-patched-linux-x86_64 1.2-6 2.46 21.35 23.81 OK
r-patched-solaris-sparc 1.2-6 298.60 OK
r-patched-solaris-x86 1.2-6 64.20 OK
r-release-linux-x86_64 1.2-6 2.93 21.47 24.40 OK
r-release-osx-x86_64-mavericks 1.2-6 OK
r-release-windows-ix86+x86_64 1.2-6 13.00 44.00 57.00 OK
r-oldrel-windows-ix86+x86_64 1.2-6 14.00 46.00 60.00 OK

Check Details

Version: 1.2-6
Check: R code for possible problems
Result: NOTE
    choose_palette : SaveColorsToFile: no visible global function
     definition for ‘write.table’
    choose_palette : ShowExample: no visible global function definition for
     ‘dev.list’
    choose_palette : ShowExample: no visible global function definition for
     ‘dev.new’
    choose_palette : ShowExample: no visible global function definition for
     ‘dev.cur’
    choose_palette : ShowExample: no visible global function definition for
     ‘par’
    choose_palette : RegenExample: no visible global function definition
     for ‘dev.list’
    choose_palette : RegenExample: no visible global function definition
     for ‘dev.set’
    choose_palette : PlotMap: no visible global function definition for
     ‘polygon’
    choose_palette : PlotMap: no visible global function definition for
     ‘na.omit’
    choose_palette : PlotHeatmap: no visible global function definition for
     ‘image’
    choose_palette : PlotHeatmap: no visible binding for global variable
     ‘volcano’
    choose_palette : PlotScatter: no visible global function definition for
     ‘hclust’
    choose_palette : PlotScatter: no visible global function definition for
     ‘dist’
    choose_palette : PlotScatter: no visible global function definition for
     ‘rnorm’
    choose_palette : PlotScatter: no visible global function definition for
     ‘runif’
    choose_palette : PlotScatter: no visible global function definition for
     ‘cutree’
    choose_palette : PlotSpine: no visible global function definition for
     ‘head’
    choose_palette : PlotSpine: no visible global function definition for
     ‘rect’
    choose_palette : PlotBar: no visible global function definition for
     ‘barplot’
    choose_palette : PlotPie: no visible global function definition for
     ‘pie’
    choose_palette : PlotPerspective : <anonymous>: no visible global
     function definition for ‘dnorm’
    choose_palette : PlotPerspective: no visible global function definition
     for ‘persp’
    choose_palette : PlotMosaic: no visible global function definition for
     ‘runif’
    choose_palette : PlotMosaic: no visible global function definition for
     ‘image’
    choose_palette : PlotLines: no visible global function definition for
     ‘segments’
    choose_palette: no visible global function definition for
     ‘compareVersion’
    choose_palette: no visible global function definition for ‘dev.list’
    choose_palette: no visible global function definition for ‘dev.off’
    desaturate: no visible global function definition for ‘col2rgb’
Flavors: r-devel-linux-x86_64-debian-clang, r-devel-linux-x86_64-debian-gcc, r-devel-linux-x86_64-fedora-clang, r-devel-windows-ix86+x86_64