CRAN Package Check Results for Package colorspace

Last updated on 2015-08-28 17:49:15.

Flavor Version Tinstall Tcheck Ttotal Status Flags
r-devel-linux-x86_64-debian-clang 1.2-6 1.80 21.53 23.32 NOTE
r-devel-linux-x86_64-debian-gcc 1.2-6 2.38 20.60 22.97 NOTE
r-devel-linux-x86_64-fedora-clang 1.2-6 44.40 NOTE
r-devel-linux-x86_64-fedora-gcc 1.2-6 42.50 NOTE
r-devel-osx-x86_64-clang 1.2-6 44.62 NOTE
r-devel-windows-ix86+x86_64 1.2-6 15.00 43.00 58.00 NOTE
r-patched-linux-x86_64 1.2-6 2.61 21.94 24.55 NOTE
r-patched-solaris-sparc 1.2-6 254.80 NOTE
r-patched-solaris-x86 1.2-6 64.30 NOTE
r-release-linux-x86_64 1.2-6 2.36 22.13 24.50 NOTE
r-release-osx-x86_64-mavericks 1.2-6 OK
r-release-windows-ix86+x86_64 1.2-6 13.00 45.00 58.00 NOTE
r-oldrel-windows-ix86+x86_64 1.2-6 14.00 50.00 64.00 NOTE

Check Details

Version: 1.2-6
Check: R code for possible problems
Result: NOTE
    plot,color: warning in hex(x, fix = TRUE): partial argument match of
     ‘fix’ to ‘fixup’
    choose_palette : SaveColorsToFile: no visible global function
     definition for ‘write.table’
    choose_palette : ShowExample: no visible global function definition for
     ‘dev.list’
    choose_palette : ShowExample: no visible global function definition for
     ‘dev.new’
    choose_palette : ShowExample: no visible global function definition for
     ‘dev.cur’
    choose_palette : ShowExample: no visible global function definition for
     ‘par’
    choose_palette : RegenExample: no visible global function definition
     for ‘dev.list’
    choose_palette : RegenExample: no visible global function definition
     for ‘dev.set’
    choose_palette : PlotMap: no visible global function definition for
     ‘polygon’
    choose_palette : PlotMap: no visible global function definition for
     ‘na.omit’
    choose_palette : PlotHeatmap: no visible global function definition for
     ‘image’
    choose_palette : PlotHeatmap: no visible binding for global variable
     ‘volcano’
    choose_palette : PlotScatter: no visible global function definition for
     ‘hclust’
    choose_palette : PlotScatter: no visible global function definition for
     ‘dist’
    choose_palette : PlotScatter: no visible global function definition for
     ‘rnorm’
    choose_palette : PlotScatter: no visible global function definition for
     ‘runif’
    choose_palette : PlotScatter: no visible global function definition for
     ‘cutree’
    choose_palette : PlotSpine: no visible global function definition for
     ‘head’
    choose_palette : PlotSpine: no visible global function definition for
     ‘rect’
    choose_palette : PlotBar: no visible global function definition for
     ‘barplot’
    choose_palette : PlotPie: no visible global function definition for
     ‘pie’
    choose_palette : PlotPerspective : <anonymous>: no visible global
     function definition for ‘dnorm’
    choose_palette : PlotPerspective: no visible global function definition
     for ‘persp’
    choose_palette : PlotMosaic: no visible global function definition for
     ‘runif’
    choose_palette : PlotMosaic: no visible global function definition for
     ‘image’
    choose_palette : PlotLines: no visible global function definition for
     ‘segments’
    choose_palette: no visible global function definition for
     ‘compareVersion’
    choose_palette: no visible global function definition for ‘dev.list’
    choose_palette: no visible global function definition for ‘dev.off’
    desaturate: no visible global function definition for ‘col2rgb’
    plot,color: no visible global function definition for ‘pairs’
    Undefined global functions or variables:
     barplot col2rgb compareVersion cutree dev.cur dev.list dev.new
     dev.off dev.set dist dnorm hclust head image na.omit pairs par persp
     pie polygon rect rnorm runif segments volcano write.table
    Consider adding
     importFrom("datasets", "volcano")
     importFrom("grDevices", "col2rgb", "dev.cur", "dev.list", "dev.new",
     "dev.off", "dev.set")
     importFrom("graphics", "barplot", "image", "pairs", "par", "persp",
     "pie", "polygon", "rect", "segments")
     importFrom("stats", "cutree", "dist", "dnorm", "hclust", "na.omit",
     "rnorm", "runif")
     importFrom("utils", "compareVersion", "head", "write.table")
    to your NAMESPACE.
Flavors: r-devel-linux-x86_64-debian-clang, r-devel-linux-x86_64-debian-gcc, r-devel-linux-x86_64-fedora-clang, r-devel-linux-x86_64-fedora-gcc, r-devel-windows-ix86+x86_64

Version: 1.2-6
Check: R code for possible problems
Result: NOTE
    plot,color: warning in hex(x, fix = TRUE): partial argument match of
     'fix' to 'fixup'
Flavor: r-devel-osx-x86_64-clang

Version: 1.2-6
Check: R code for possible problems
Result: NOTE
    plot,color : .local: warning in hex(x, fix = TRUE): partial argument
     match of ‘fix’ to ‘fixup’
Flavors: r-patched-linux-x86_64, r-patched-solaris-sparc, r-patched-solaris-x86, r-release-linux-x86_64, r-release-windows-ix86+x86_64, r-oldrel-windows-ix86+x86_64