CRAN Package Check Results for Package colt

Last updated on 2019-04-19 00:47:57 CEST.

Flavor Version Tinstall Tcheck Ttotal Status Flags
r-devel-linux-x86_64-debian-clang 0.1.1 1.84 19.34 21.18 OK
r-devel-linux-x86_64-debian-gcc 0.1.1 1.47 15.78 17.25 OK
r-devel-linux-x86_64-fedora-clang 0.1.1 25.69 NOTE
r-devel-linux-x86_64-fedora-gcc 0.1.1 24.49 NOTE
r-devel-windows-ix86+x86_64 0.1.1 6.00 43.00 49.00 OK
r-patched-linux-x86_64 0.1.1 1.56 19.56 21.12 OK
r-patched-solaris-x86 0.1.1 40.70 NOTE
r-release-linux-x86_64 0.1.1 1.06 18.46 19.52 OK
r-release-windows-ix86+x86_64 0.1.1 3.00 47.00 50.00 OK
r-release-osx-x86_64 0.1.1 NOTE
r-oldrel-windows-ix86+x86_64 0.1.1 2.00 44.00 46.00 OK
r-oldrel-osx-x86_64 0.1.1 NOTE

Check Details

Version: 0.1.1
Check: dependencies in R code
Result: NOTE
    Namespace in Imports field not imported from: ‘crayon’
     All declared Imports should be used.
Flavors: r-devel-linux-x86_64-fedora-clang, r-devel-linux-x86_64-fedora-gcc, r-patched-solaris-x86, r-release-osx-x86_64, r-oldrel-osx-x86_64