CRAN Package Check Results for Package colt

Last updated on 2019-06-19 18:52:30 CEST.

Flavor Version Tinstall Tcheck Ttotal Status Flags
r-devel-linux-x86_64-debian-clang 0.1.1 1.67 19.11 20.78 OK
r-devel-linux-x86_64-debian-gcc 0.1.1 1.48 15.76 17.24 OK
r-devel-linux-x86_64-fedora-clang 0.1.1 25.74 NOTE
r-devel-linux-x86_64-fedora-gcc 0.1.1 24.69 NOTE
r-devel-windows-ix86+x86_64 0.1.1 9.00 46.00 55.00 OK
r-patched-linux-x86_64 0.1.1 1.73 19.25 20.98 OK
r-patched-solaris-x86 0.1.1 42.10 NOTE
r-release-linux-x86_64 0.1.1 1.84 19.25 21.09 OK
r-release-windows-ix86+x86_64 0.1.1 5.00 46.00 51.00 OK
r-release-osx-x86_64 0.1.1 NOTE
r-oldrel-windows-ix86+x86_64 0.1.1 3.00 53.00 56.00 OK
r-oldrel-osx-x86_64 0.1.1 NOTE

Check Details

Version: 0.1.1
Check: dependencies in R code
Result: NOTE
    Namespace in Imports field not imported from: ‘crayon’
     All declared Imports should be used.
Flavors: r-devel-linux-x86_64-fedora-clang, r-devel-linux-x86_64-fedora-gcc, r-patched-solaris-x86, r-release-osx-x86_64, r-oldrel-osx-x86_64