CRAN Package Check Results for Package comato

Last updated on 2018-04-23 10:49:49 CEST.

Flavor Version Tinstall Tcheck Ttotal Status Flags
r-devel-linux-x86_64-debian-clang 1.1 6.19 65.12 71.31 OK
r-devel-linux-x86_64-debian-gcc 1.1 5.35 58.59 63.94 OK
r-devel-linux-x86_64-fedora-clang 1.1 96.12 OK
r-devel-linux-x86_64-fedora-gcc 1.1 93.66 OK
r-devel-windows-ix86+x86_64 1.1 20.00 85.00 105.00 OK
r-devel-osx-x86_64 1.1 OK
r-patched-linux-x86_64 1.1 5.76 74.02 79.78 OK
r-patched-solaris-x86 1.1 147.30 OK
r-release-linux-x86_64 1.1 5.70 74.61 80.31 OK
r-release-windows-ix86+x86_64 1.1 11.00 185.00 196.00 OK
r-release-osx-x86_64 1.1 WARN
r-oldrel-windows-ix86+x86_64 1.1 14.00 85.00 99.00 OK

Check Details

Version: 1.1
Check: whether package can be installed
Result: WARN
    Found the following significant warnings:
     Warning: 'rgl_init' failed, running with rgl.useNULL = TRUE
Flavor: r-release-osx-x86_64