CRAN Package Check Results for Package comato

Last updated on 2016-02-11 02:48:00.

Flavor Version Tinstall Tcheck Ttotal Status Flags
r-devel-linux-x86_64-debian-gcc 1.0 3.47 39.29 42.75 NOTE
r-devel-linux-x86_64-fedora-clang 1.0 85.88 NOTE
r-devel-linux-x86_64-fedora-gcc 1.0 82.39 NOTE
r-devel-osx-x86_64-clang 1.0 91.10 NOTE
r-devel-windows-ix86+x86_64 1.0 14.00 90.00 104.00 NOTE
r-patched-linux-x86_64 1.0 3.71 41.59 45.30 OK
r-patched-solaris-sparc 1.0 550.40 OK
r-patched-solaris-x86 1.0 121.00 OK
r-release-linux-x86_64 1.0 4.02 41.81 45.83 OK
r-release-osx-x86_64-mavericks 1.0 OK
r-release-windows-ix86+x86_64 1.0 14.00 65.00 79.00 OK
r-oldrel-windows-ix86+x86_64 1.0 24.00 97.00 121.00 OK

Check Details

Version: 1.0
Check: R code for possible problems
Result: NOTE
    Hopkins.index: no visible global function definition for ‘runif’
    MBM.em: no visible global function definition for ‘runif’
    PAM.cluster: no visible global function definition for ‘dist’
    calculate.layout: no visible global function definition for ‘optim’
    min.distance: no visible global function definition for ‘dist’
    plot.conceptmap: no visible global function definition for ‘par’
    plot.conceptmap: no visible global function definition for ‘plot’
    plot.conceptmaps: no visible global function definition for ‘plot’
    Undefined global functions or variables:
     dist optim par plot runif
    Consider adding
     importFrom("graphics", "par", "plot")
     importFrom("stats", "dist", "optim", "runif")
    to your NAMESPACE file.
Flavors: r-devel-linux-x86_64-debian-gcc, r-devel-linux-x86_64-fedora-clang, r-devel-linux-x86_64-fedora-gcc, r-devel-osx-x86_64-clang, r-devel-windows-ix86+x86_64