CRAN Package Check Results for Package comato

Last updated on 2015-05-27 09:47:47.

Flavor Version Tinstall Tcheck Ttotal Status Flags
r-devel-linux-x86_64-debian-clang 1.0 3.61 40.40 44.00 OK
r-devel-linux-x86_64-debian-gcc 1.0 3.36 40.21 43.57 OK
r-devel-linux-x86_64-fedora-clang 1.0 91.56 OK
r-devel-linux-x86_64-fedora-gcc 1.0 89.68 OK
r-devel-osx-x86_64-clang 1.0 74.27 OK
r-devel-windows-ix86+x86_64 1.0 12.00 61.00 73.00 OK
r-patched-linux-x86_64 1.0 3.40 39.86 43.26 OK
r-patched-solaris-sparc 1.0 570.30 OK
r-patched-solaris-x86 1.0 136.50 OK
r-release-linux-x86_64 1.0 3.43 39.91 43.34 OK
r-release-osx-x86_64-mavericks 1.0 OK
r-release-osx-x86_64-snowleopard 1.0 ERROR
r-release-windows-ix86+x86_64 1.0 10.00 63.00 73.00 OK
r-oldrel-windows-ix86+x86_64 1.0 14.00 81.00 95.00 OK

Check Details

Version: 1.0
Check: package dependencies
Result: ERROR
    Packages required but not available: ‘igraph’ ‘XML’
    
    See section ‘The DESCRIPTION file’ in the ‘Writing R Extensions’
    manual.
Flavor: r-release-osx-x86_64-snowleopard