CRAN Package Check Results for Package comato

Last updated on 2015-07-29 03:48:17.

Flavor Version Tinstall Tcheck Ttotal Status Flags
r-devel-linux-x86_64-debian-clang 1.0 3.62 41.37 45.00 NOTE
r-devel-linux-x86_64-debian-gcc 1.0 3.62 41.99 45.62 NOTE
r-devel-linux-x86_64-fedora-clang 1.0 92.94 NOTE
r-devel-linux-x86_64-fedora-gcc 1.0 88.91 NOTE
r-devel-osx-x86_64-clang 1.0 74.70 OK
r-devel-windows-ix86+x86_64 1.0 11.00 66.00 77.00 NOTE
r-patched-linux-x86_64 1.0 3.67 40.64 44.31 OK
r-patched-solaris-sparc 1.0 577.60 OK
r-patched-solaris-x86 1.0 133.90 OK
r-release-linux-x86_64 1.0 3.41 40.66 44.08 OK
r-release-osx-x86_64-mavericks 1.0 OK
r-release-windows-ix86+x86_64 1.0 15.00 67.00 82.00 OK
r-oldrel-windows-ix86+x86_64 1.0 17.00 96.00 113.00 OK

Check Details

Version: 1.0
Check: R code for possible problems
Result: NOTE
    Hopkins.index: no visible global function definition for ‘runif’
    MBM.em: no visible global function definition for ‘runif’
    PAM.cluster: no visible global function definition for ‘dist’
    calculate.layout: no visible global function definition for ‘optim’
    min.distance: no visible global function definition for ‘dist’
    plot.conceptmap: no visible global function definition for ‘par’
    plot.conceptmap: no visible global function definition for ‘plot’
    plot.conceptmaps: no visible global function definition for ‘plot’
    Undefined global functions or variables:
     dist optim par plot runif
    Consider adding
     importFrom("graphics", "par", "plot")
     importFrom("stats", "dist", "optim", "runif")
    to your NAMESPACE.
Flavors: r-devel-linux-x86_64-debian-clang, r-devel-linux-x86_64-debian-gcc, r-devel-linux-x86_64-fedora-clang, r-devel-linux-x86_64-fedora-gcc, r-devel-windows-ix86+x86_64