CRAN Package Check Results for Package comato

Last updated on 2015-08-28 21:46:35.

Flavor Version Tinstall Tcheck Ttotal Status Flags
r-devel-linux-x86_64-debian-clang 1.0 3.78 39.20 42.98 NOTE
r-devel-linux-x86_64-debian-gcc 1.0 3.30 39.24 42.54 NOTE
r-devel-linux-x86_64-fedora-clang 1.0 92.74 NOTE
r-devel-linux-x86_64-fedora-gcc 1.0 87.11 NOTE
r-devel-osx-x86_64-clang 1.0 74.08 OK
r-devel-windows-ix86+x86_64 1.0 18.00 106.00 124.00 NOTE
r-patched-linux-x86_64 1.0 3.86 42.30 46.17 OK
r-patched-solaris-sparc 1.0 577.60 OK
r-patched-solaris-x86 1.0 146.00 OK
r-release-linux-x86_64 1.0 3.58 42.28 45.86 OK
r-release-osx-x86_64-mavericks 1.0 OK
r-release-windows-ix86+x86_64 1.0 16.00 78.00 94.00 OK
r-oldrel-windows-ix86+x86_64 1.0 21.00 129.00 150.00 OK

Check Details

Version: 1.0
Check: R code for possible problems
Result: NOTE
    Hopkins.index: no visible global function definition for ‘runif’
    MBM.em: no visible global function definition for ‘runif’
    PAM.cluster: no visible global function definition for ‘dist’
    calculate.layout: no visible global function definition for ‘optim’
    min.distance: no visible global function definition for ‘dist’
    plot.conceptmap: no visible global function definition for ‘par’
    plot.conceptmap: no visible global function definition for ‘plot’
    plot.conceptmaps: no visible global function definition for ‘plot’
    Undefined global functions or variables:
     dist optim par plot runif
    Consider adding
     importFrom("graphics", "par", "plot")
     importFrom("stats", "dist", "optim", "runif")
    to your NAMESPACE.
Flavors: r-devel-linux-x86_64-debian-clang, r-devel-linux-x86_64-debian-gcc, r-devel-linux-x86_64-fedora-clang, r-devel-linux-x86_64-fedora-gcc, r-devel-windows-ix86+x86_64