CRAN Package Check Results for Package comato

Last updated on 2015-04-26 19:47:14.

Flavor Version Tinstall Tcheck Ttotal Status Flags
r-devel-linux-x86_64-debian-clang 1.0 3.56 41.63 45.18 OK
r-devel-linux-x86_64-debian-gcc 1.0 3.43 39.80 43.23 OK
r-devel-linux-x86_64-fedora-clang 1.0 93.00 OK
r-devel-linux-x86_64-fedora-gcc 1.0 88.34 OK
r-devel-osx-x86_64-clang 1.0 74.18 OK
r-devel-windows-ix86+x86_64 1.0 10.00 65.00 75.00 OK
r-patched-linux-x86_64 1.0 3.41 39.78 43.19 OK
r-patched-solaris-sparc 1.0 544.70 OK
r-patched-solaris-x86 1.0 140.00 OK
r-release-linux-x86_64 1.0 3.38 39.90 43.28 OK
r-release-osx-x86_64-mavericks 1.0 OK
r-release-osx-x86_64-snowleopard 1.0 ERROR
r-release-windows-ix86+x86_64 1.0 10.00 62.00 72.00 OK
r-oldrel-windows-ix86+x86_64 1.0 14.00 79.00 93.00 OK

Check Details

Version: 1.0
Check: package dependencies
Result: ERROR
    Packages required but not available: ‘igraph’ ‘XML’
    
    See section ‘The DESCRIPTION file’ in the ‘Writing R Extensions’
    manual.
Flavor: r-release-osx-x86_64-snowleopard