CRAN Package Check Results for Package combinat

Last updated on 2015-09-03 18:46:59.

Flavor Version Tinstall Tcheck Ttotal Status Flags
r-devel-linux-x86_64-debian-clang 0.0-8 0.53 8.46 8.99 NOTE
r-devel-linux-x86_64-debian-gcc 0.0-8 0.68 8.77 9.45 NOTE
r-devel-linux-x86_64-fedora-clang 0.0-8 17.09 NOTE
r-devel-linux-x86_64-fedora-gcc 0.0-8 15.39 NOTE
r-devel-osx-x86_64-clang 0.0-8 17.32 NOTE
r-devel-windows-ix86+x86_64 0.0-8 3.00 18.00 21.00 NOTE
r-patched-linux-x86_64 0.0-8 0.56 9.02 9.58 NOTE
r-patched-solaris-sparc 0.0-8 115.90 NOTE
r-patched-solaris-x86 0.0-8 26.50 NOTE
r-release-linux-x86_64 0.0-8 0.55 8.72 9.27 NOTE
r-release-osx-x86_64-mavericks 0.0-8 NOTE
r-release-windows-ix86+x86_64 0.0-8 3.00 21.00 24.00 NOTE
r-oldrel-windows-ix86+x86_64 0.0-8 4.00 16.00 20.00 OK

Check Details

Version: 0.0-8
Check: DESCRIPTION meta-information
Result: NOTE
    Malformed Description field: should contain one or more complete sentences.
Flavors: r-devel-linux-x86_64-debian-clang, r-devel-linux-x86_64-debian-gcc, r-devel-linux-x86_64-fedora-clang, r-devel-linux-x86_64-fedora-gcc, r-devel-osx-x86_64-clang, r-devel-windows-ix86+x86_64, r-patched-linux-x86_64, r-patched-solaris-sparc, r-patched-solaris-x86, r-release-linux-x86_64, r-release-osx-x86_64-mavericks, r-release-windows-ix86+x86_64