CRAN Package Check Results for Package combinat

Last updated on 2018-04-26 06:47:08 CEST.

Flavor Version Tinstall Tcheck Ttotal Status Flags
r-devel-linux-x86_64-debian-clang 0.0-8 1.27 14.61 15.88 NOTE
r-devel-linux-x86_64-debian-gcc 0.0-8 0.71 13.51 14.22 NOTE
r-devel-linux-x86_64-fedora-clang 0.0-8 21.30 NOTE
r-devel-linux-x86_64-fedora-gcc 0.0-8 19.94 NOTE
r-devel-windows-ix86+x86_64 0.0-8 5.00 27.00 32.00 NOTE
r-patched-linux-x86_64 0.0-8 0.97 16.53 17.50 NOTE
r-patched-solaris-x86 0.0-8 32.70 NOTE
r-release-linux-x86_64 0.0-8 1.13 16.45 17.58 NOTE
r-release-windows-ix86+x86_64 0.0-8 5.00 27.00 32.00 NOTE
r-release-osx-x86_64 0.0-8 NOTE
r-oldrel-windows-ix86+x86_64 0.0-8 3.00 25.00 28.00 NOTE
r-oldrel-osx-x86_64 0.0-8 NOTE

Check Details

Version: 0.0-8
Check: DESCRIPTION meta-information
Result: NOTE
    Malformed Description field: should contain one or more complete sentences.
Flavors: r-devel-linux-x86_64-debian-clang, r-devel-linux-x86_64-debian-gcc, r-devel-linux-x86_64-fedora-clang, r-devel-linux-x86_64-fedora-gcc, r-devel-windows-ix86+x86_64, r-patched-linux-x86_64, r-patched-solaris-x86, r-release-linux-x86_64, r-release-windows-ix86+x86_64, r-release-osx-x86_64, r-oldrel-windows-ix86+x86_64, r-oldrel-osx-x86_64