CRAN Package Check Results for Package combinat

Last updated on 2015-07-05 06:46:26.

Flavor Version Tinstall Tcheck Ttotal Status Flags
r-devel-linux-x86_64-debian-clang 0.0-8 0.52 8.43 8.95 NOTE
r-devel-linux-x86_64-debian-gcc 0.0-8 0.53 8.45 8.98 NOTE
r-devel-linux-x86_64-fedora-clang 0.0-8 17.09 NOTE
r-devel-linux-x86_64-fedora-gcc 0.0-8 15.69 NOTE
r-devel-osx-x86_64-clang 0.0-8 17.64 NOTE
r-devel-windows-ix86+x86_64 0.0-8 3.00 14.00 17.00 NOTE
r-patched-linux-x86_64 0.0-8 0.58 8.76 9.34 NOTE
r-patched-solaris-sparc 0.0-8 126.60 NOTE
r-patched-solaris-x86 0.0-8 26.60 NOTE
r-release-linux-x86_64 0.0-8 0.62 8.77 9.40 NOTE
r-release-osx-x86_64-mavericks 0.0-8 NOTE
r-release-windows-ix86+x86_64 0.0-8 3.00 15.00 18.00 NOTE
r-oldrel-windows-ix86+x86_64 0.0-8 4.00 16.00 20.00 OK

Check Details

Version: 0.0-8
Check: DESCRIPTION meta-information
Result: NOTE
    Malformed Description field: should contain one or more complete sentences.
Flavors: r-devel-linux-x86_64-debian-clang, r-devel-linux-x86_64-debian-gcc, r-devel-linux-x86_64-fedora-clang, r-devel-linux-x86_64-fedora-gcc, r-devel-osx-x86_64-clang, r-devel-windows-ix86+x86_64, r-patched-linux-x86_64, r-patched-solaris-sparc, r-patched-solaris-x86, r-release-linux-x86_64, r-release-osx-x86_64-mavericks, r-release-windows-ix86+x86_64