CRAN Package Check Results for Package combinat

Last updated on 2016-02-07 23:48:07.

Flavor Version Tinstall Tcheck Ttotal Status Flags
r-devel-linux-x86_64-debian-gcc 0.0-8 0.54 8.09 8.63 NOTE
r-devel-linux-x86_64-fedora-clang 0.0-8 15.23 NOTE
r-devel-linux-x86_64-fedora-gcc 0.0-8 14.48 NOTE
r-devel-osx-x86_64-clang 0.0-8 18.63 NOTE
r-devel-windows-ix86+x86_64 0.0-8 4.00 25.00 29.00 NOTE
r-patched-linux-x86_64 0.0-8 0.61 8.55 9.16 NOTE
r-patched-solaris-sparc 0.0-8 101.00 NOTE
r-patched-solaris-x86 0.0-8 22.30 NOTE
r-release-linux-x86_64 0.0-8 0.65 8.66 9.31 NOTE
r-release-osx-x86_64-mavericks 0.0-8 NOTE
r-release-windows-ix86+x86_64 0.0-8 3.00 32.00 35.00 NOTE
r-oldrel-windows-ix86+x86_64 0.0-8 4.00 16.00 20.00 OK

Check Details

Version: 0.0-8
Check: DESCRIPTION meta-information
Result: NOTE
    Malformed Description field: should contain one or more complete sentences.
Flavors: r-devel-linux-x86_64-debian-gcc, r-devel-linux-x86_64-fedora-clang, r-devel-linux-x86_64-fedora-gcc, r-devel-osx-x86_64-clang, r-devel-windows-ix86+x86_64, r-patched-linux-x86_64, r-patched-solaris-sparc, r-patched-solaris-x86, r-release-linux-x86_64, r-release-osx-x86_64-mavericks, r-release-windows-ix86+x86_64