CRAN Package Check Results for Package combinat

Last updated on 2015-04-18 13:48:42.

Flavor Version Tinstall Tcheck Ttotal Status Flags
r-devel-linux-x86_64-debian-clang 0.0-8 0.56 8.98 9.54 NOTE
r-devel-linux-x86_64-debian-gcc 0.0-8 0.59 8.90 9.49 NOTE
r-devel-linux-x86_64-fedora-clang 0.0-8 18.15 NOTE
r-devel-linux-x86_64-fedora-gcc 0.0-8 17.39 NOTE
r-devel-osx-x86_64-clang 0.0-8 20.84 NOTE
r-patched-linux-x86_64 0.0-8 0.90 8.89 9.79 NOTE
r-patched-solaris-sparc 0.0-8 129.60 NOTE
r-patched-solaris-x86 0.0-8 25.60 NOTE
r-release-linux-x86_64 0.0-8 0.66 8.84 9.50 NOTE
r-release-osx-x86_64-mavericks 0.0-8 NOTE
r-release-windows-ix86+x86_64 0.0-8 4.00 16.00 20.00 OK
r-oldrel-windows-ix86+x86_64 0.0-8 2.00 16.00 18.00 OK

Check Details

Version: 0.0-8
Check: DESCRIPTION meta-information
Result: NOTE
    Malformed Description field: should contain one or more complete sentences.
Flavors: r-devel-linux-x86_64-debian-clang, r-devel-linux-x86_64-debian-gcc, r-devel-linux-x86_64-fedora-clang, r-devel-linux-x86_64-fedora-gcc, r-devel-osx-x86_64-clang, r-patched-linux-x86_64, r-patched-solaris-sparc, r-patched-solaris-x86, r-release-linux-x86_64, r-release-osx-x86_64-mavericks