CRAN Package Check Results for Package combinat

Last updated on 2017-04-30 23:51:21.

Flavor Version Tinstall Tcheck Ttotal Status Flags
r-devel-linux-x86_64-debian-clang 0.0-8 0.59 10.90 11.49 NOTE
r-devel-linux-x86_64-debian-gcc 0.0-8 0.64 10.70 11.34 NOTE
r-devel-linux-x86_64-fedora-clang 0.0-8 18.24 NOTE --no-stop-on-test-error
r-devel-linux-x86_64-fedora-gcc 0.0-8 17.56 NOTE --no-stop-on-test-error
r-devel-windows-ix86+x86_64 0.0-8 3.00 33.00 36.00 NOTE
r-patched-linux-x86_64 0.0-8 0.69 10.70 11.39 NOTE
r-patched-solaris-sparc 0.0-8 113.80 NOTE
r-patched-solaris-x86 0.0-8 25.60 NOTE
r-release-linux-x86_64 0.0-8 0.62 10.54 11.16 NOTE
r-release-windows-ix86+x86_64 0.0-8 3.00 24.00 27.00 NOTE
r-release-osx-x86_64 0.0-8 NOTE
r-oldrel-windows-ix86+x86_64 0.0-8 2.00 24.00 26.00 NOTE
r-oldrel-osx-x86_64 0.0-8 NOTE

Check Details

Version: 0.0-8
Check: DESCRIPTION meta-information
Result: NOTE
    Malformed Description field: should contain one or more complete sentences.
Flavors: r-devel-linux-x86_64-debian-clang, r-devel-linux-x86_64-debian-gcc, r-devel-windows-ix86+x86_64, r-patched-linux-x86_64, r-patched-solaris-sparc, r-patched-solaris-x86, r-release-linux-x86_64, r-release-windows-ix86+x86_64, r-release-osx-x86_64, r-oldrel-windows-ix86+x86_64, r-oldrel-osx-x86_64

Version: 0.0-8
Flags: --no-stop-on-test-error
Check: DESCRIPTION meta-information
Result: NOTE
    Malformed Description field: should contain one or more complete sentences.
Flavors: r-devel-linux-x86_64-fedora-clang, r-devel-linux-x86_64-fedora-gcc