CRAN Package Check Results for Package combinat

Last updated on 2016-08-28 06:49:23.

Flavor Version Tinstall Tcheck Ttotal Status Flags
r-devel-linux-x86_64-debian-clang 0.0-8 0.63 9.22 9.85 NOTE
r-devel-linux-x86_64-debian-gcc 0.0-8 0.63 9.07 9.70 NOTE
r-devel-linux-x86_64-fedora-clang 0.0-8 15.75 NOTE
r-devel-linux-x86_64-fedora-gcc 0.0-8 14.60 NOTE
r-devel-osx-x86_64-clang 0.0-8 14.36 NOTE
r-devel-windows-ix86+x86_64 0.0-8 4.00 34.00 38.00 NOTE
r-patched-linux-x86_64 0.0-8 0.54 8.93 9.47 NOTE
r-patched-solaris-sparc 0.0-8 100.90 NOTE
r-patched-solaris-x86 0.0-8 23.00 NOTE
r-release-linux-x86_64 0.0-8 0.66 9.38 10.04 NOTE
r-release-osx-x86_64-mavericks 0.0-8 NOTE
r-release-windows-ix86+x86_64 0.0-8 4.00 29.00 33.00 NOTE
r-oldrel-windows-ix86+x86_64 0.0-8 3.00 32.00 35.00 NOTE

Check Details

Version: 0.0-8
Check: DESCRIPTION meta-information
Result: NOTE
    Malformed Description field: should contain one or more complete sentences.
Flavors: r-devel-linux-x86_64-debian-clang, r-devel-linux-x86_64-debian-gcc, r-devel-linux-x86_64-fedora-clang, r-devel-linux-x86_64-fedora-gcc, r-devel-osx-x86_64-clang, r-devel-windows-ix86+x86_64, r-patched-linux-x86_64, r-patched-solaris-sparc, r-patched-solaris-x86, r-release-linux-x86_64, r-release-osx-x86_64-mavericks, r-release-windows-ix86+x86_64, r-oldrel-windows-ix86+x86_64