CRAN Package Check Results for Package combinat

Last updated on 2017-10-20 04:47:03.

Flavor Version Tinstall Tcheck Ttotal Status Flags
r-devel-linux-x86_64-debian-clang 0.0-8 0.54 10.95 11.49 NOTE
r-devel-linux-x86_64-debian-gcc 0.0-8 0.66 12.18 12.84 NOTE
r-devel-linux-x86_64-fedora-clang 0.0-8 19.61 NOTE
r-devel-linux-x86_64-fedora-gcc 0.0-8 18.63 NOTE
r-devel-windows-ix86+x86_64 0.0-8 5.00 23.00 28.00 NOTE
r-patched-linux-x86_64 0.0-8 0.63 10.88 11.51 NOTE
r-patched-solaris-x86 0.0-8 27.30 NOTE
r-release-linux-x86_64 0.0-8 0.62 11.02 11.64 NOTE
r-release-windows-ix86+x86_64 0.0-8 3.00 25.00 28.00 NOTE
r-release-osx-x86_64 0.0-8 NOTE
r-oldrel-windows-ix86+x86_64 0.0-8 2.00 24.00 26.00 NOTE
r-oldrel-osx-x86_64 0.0-8 NOTE

Check Details

Version: 0.0-8
Check: DESCRIPTION meta-information
Result: NOTE
    Malformed Description field: should contain one or more complete sentences.
Flavors: r-devel-linux-x86_64-debian-clang, r-devel-linux-x86_64-debian-gcc, r-devel-linux-x86_64-fedora-clang, r-devel-linux-x86_64-fedora-gcc, r-devel-windows-ix86+x86_64, r-patched-linux-x86_64, r-patched-solaris-x86, r-release-linux-x86_64, r-release-windows-ix86+x86_64, r-release-osx-x86_64, r-oldrel-windows-ix86+x86_64, r-oldrel-osx-x86_64