CRAN Package Check Results for Package combinat

Last updated on 2015-05-24 14:46:52.

Flavor Version Tinstall Tcheck Ttotal Status Flags
r-devel-linux-x86_64-debian-clang 0.0-8 0.70 8.92 9.62 NOTE
r-devel-linux-x86_64-debian-gcc 0.0-8 0.54 8.96 9.51 NOTE
r-devel-linux-x86_64-fedora-clang 0.0-8 18.16 NOTE
r-devel-linux-x86_64-fedora-gcc 0.0-8 17.87 NOTE
r-devel-osx-x86_64-clang 0.0-8 19.79 NOTE
r-devel-windows-ix86+x86_64 0.0-8 3.00 13.00 16.00 NOTE
r-patched-linux-x86_64 0.0-8 0.76 8.82 9.59 NOTE
r-patched-solaris-sparc 0.0-8 126.60 NOTE
r-patched-solaris-x86 0.0-8 25.90 NOTE
r-release-linux-x86_64 0.0-8 0.64 9.12 9.76 NOTE
r-release-osx-x86_64-mavericks 0.0-8 NOTE
r-release-osx-x86_64-snowleopard 0.0-8 NOTE
r-release-windows-ix86+x86_64 0.0-8 2.00 17.00 19.00 NOTE
r-oldrel-windows-ix86+x86_64 0.0-8 4.00 16.00 20.00 OK

Check Details

Version: 0.0-8
Check: DESCRIPTION meta-information
Result: NOTE
    Malformed Description field: should contain one or more complete sentences.
Flavors: r-devel-linux-x86_64-debian-clang, r-devel-linux-x86_64-debian-gcc, r-devel-linux-x86_64-fedora-clang, r-devel-linux-x86_64-fedora-gcc, r-devel-osx-x86_64-clang, r-devel-windows-ix86+x86_64, r-patched-linux-x86_64, r-patched-solaris-sparc, r-patched-solaris-x86, r-release-linux-x86_64, r-release-osx-x86_64-mavericks, r-release-osx-x86_64-snowleopard, r-release-windows-ix86+x86_64