CRAN Package Check Results for Package combinat

Last updated on 2017-06-23 21:47:54.

Flavor Version Tinstall Tcheck Ttotal Status Flags
r-devel-linux-x86_64-debian-clang 0.0-8 0.75 11.58 12.33 NOTE
r-devel-linux-x86_64-debian-gcc 0.0-8 0.66 10.95 11.61 NOTE
r-devel-linux-x86_64-fedora-clang 0.0-8 18.48 NOTE
r-devel-linux-x86_64-fedora-gcc 0.0-8 17.86 NOTE
r-devel-windows-ix86+x86_64 0.0-8 2.00 24.00 26.00 NOTE
r-patched-linux-x86_64 0.0-8 0.67 10.84 11.51 NOTE
r-patched-solaris-sparc 0.0-8 113.80 NOTE
r-patched-solaris-x86 0.0-8 26.40 NOTE
r-release-linux-x86_64 0.0-8 0.81 11.29 12.10 NOTE
r-release-windows-ix86+x86_64 0.0-8 3.00 24.00 27.00 NOTE
r-release-osx-x86_64 0.0-8 NOTE
r-oldrel-windows-ix86+x86_64 0.0-8 2.00 24.00 26.00 NOTE
r-oldrel-osx-x86_64 0.0-8 NOTE

Check Details

Version: 0.0-8
Check: DESCRIPTION meta-information
Result: NOTE
    Malformed Description field: should contain one or more complete sentences.
Flavors: r-devel-linux-x86_64-debian-clang, r-devel-linux-x86_64-debian-gcc, r-devel-linux-x86_64-fedora-clang, r-devel-linux-x86_64-fedora-gcc, r-devel-windows-ix86+x86_64, r-patched-linux-x86_64, r-patched-solaris-sparc, r-patched-solaris-x86, r-release-linux-x86_64, r-release-windows-ix86+x86_64, r-release-osx-x86_64, r-oldrel-windows-ix86+x86_64, r-oldrel-osx-x86_64