CRAN Package Check Results for Package combinat

Last updated on 2017-02-20 22:58:47.

Flavor Version Tinstall Tcheck Ttotal Status Flags
r-devel-linux-x86_64-debian-clang 0.0-8 0.69 10.95 11.64 NOTE
r-devel-linux-x86_64-debian-gcc 0.0-8 0.67 10.89 11.55 NOTE
r-devel-linux-x86_64-fedora-clang 0.0-8 18.19 NOTE --no-stop-on-test-error
r-devel-linux-x86_64-fedora-gcc 0.0-8 17.13 NOTE --no-stop-on-test-error
r-devel-macos-x86_64-clang 0.0-8 17.31 NOTE --no-stop-on-test-error
r-devel-windows-ix86+x86_64 0.0-8 3.00 30.00 33.00 NOTE
r-patched-linux-x86_64 0.0-8 0.66 9.09 9.75 NOTE
r-patched-solaris-sparc 0.0-8 106.70 NOTE
r-patched-solaris-x86 0.0-8 22.60 NOTE
r-release-linux-x86_64 0.0-8 0.59 8.99 9.58 NOTE
r-release-osx-x86_64-mavericks 0.0-8 NOTE
r-release-windows-ix86+x86_64 0.0-8 2.00 24.00 26.00 NOTE
r-oldrel-windows-ix86+x86_64 0.0-8 2.00 21.00 23.00 NOTE

Check Details

Version: 0.0-8
Check: DESCRIPTION meta-information
Result: NOTE
    Malformed Description field: should contain one or more complete sentences.
Flavors: r-devel-linux-x86_64-debian-clang, r-devel-linux-x86_64-debian-gcc, r-devel-windows-ix86+x86_64, r-patched-linux-x86_64, r-patched-solaris-sparc, r-patched-solaris-x86, r-release-linux-x86_64, r-release-osx-x86_64-mavericks, r-release-windows-ix86+x86_64, r-oldrel-windows-ix86+x86_64

Version: 0.0-8
Flags: --no-stop-on-test-error
Check: DESCRIPTION meta-information
Result: NOTE
    Malformed Description field: should contain one or more complete sentences.
Flavors: r-devel-linux-x86_64-fedora-clang, r-devel-linux-x86_64-fedora-gcc, r-devel-macos-x86_64-clang