CRAN Package Check Results for Package combinat

Last updated on 2016-05-27 13:47:03.

Flavor Version Tinstall Tcheck Ttotal Status Flags
r-devel-linux-x86_64-debian-gcc 0.0-8 0.52 9.06 9.58 NOTE
r-devel-linux-x86_64-fedora-clang 0.0-8 16.71 NOTE
r-devel-linux-x86_64-fedora-gcc 0.0-8 14.61 NOTE
r-devel-osx-x86_64-clang 0.0-8 19.21 NOTE
r-devel-windows-ix86+x86_64 0.0-8 3.00 24.00 27.00 NOTE
r-patched-linux-x86_64 0.0-8 0.54 9.25 9.79 NOTE
r-patched-solaris-sparc 0.0-8 100.80 NOTE
r-patched-solaris-x86 0.0-8 23.80 NOTE
r-release-linux-x86_64 0.0-8 0.62 9.24 9.86 NOTE
r-release-osx-x86_64-mavericks 0.0-8 NOTE
r-release-windows-ix86+x86_64 0.0-8 4.00 29.00 33.00 NOTE
r-oldrel-windows-ix86+x86_64 0.0-8 3.00 32.00 35.00 NOTE

Check Details

Version: 0.0-8
Check: DESCRIPTION meta-information
Result: NOTE
    Malformed Description field: should contain one or more complete sentences.
Flavors: r-devel-linux-x86_64-debian-gcc, r-devel-linux-x86_64-fedora-clang, r-devel-linux-x86_64-fedora-gcc, r-devel-osx-x86_64-clang, r-devel-windows-ix86+x86_64, r-patched-linux-x86_64, r-patched-solaris-sparc, r-patched-solaris-x86, r-release-linux-x86_64, r-release-osx-x86_64-mavericks, r-release-windows-ix86+x86_64, r-oldrel-windows-ix86+x86_64