CRAN Package Check Results for Package combinat

Last updated on 2015-03-28 19:50:00.

Flavor Version Tinstall Tcheck Ttotal Status Flags
r-devel-linux-x86_64-debian-clang 0.0-8 0.59 9.36 9.95 NOTE
r-devel-linux-x86_64-debian-gcc 0.0-8 0.54 8.82 9.36 NOTE
r-devel-linux-x86_64-fedora-clang 0.0-8 17.81 NOTE
r-devel-linux-x86_64-fedora-gcc 0.0-8 17.20 NOTE
r-devel-osx-x86_64-clang 0.0-8 23.06 NOTE
r-prerel-windows-ix86+x86_64 0.0-8 3.00 15.00 18.00 NOTE
r-prerel-linux-x86_64 0.0-8 0.85 8.81 9.66 NOTE
r-prerel-solaris-sparc 0.0-8 129.60 NOTE
r-prerel-solaris-x86 0.0-8 25.70 NOTE
r-release-linux-x86_64 0.0-8 0.86 9.46 10.31 OK
r-release-osx-x86_64-mavericks 0.0-8 OK
r-release-windows-ix86+x86_64 0.0-8 4.00 16.00 20.00 OK
r-oldrel-windows-ix86+x86_64 0.0-8 2.00 16.00 18.00 OK

Check Details

Version: 0.0-8
Check: DESCRIPTION meta-information
Result: NOTE
    Malformed Description field: should contain one or more complete sentences.
Flavors: r-devel-linux-x86_64-debian-clang, r-devel-linux-x86_64-debian-gcc, r-devel-linux-x86_64-fedora-clang, r-devel-linux-x86_64-fedora-gcc, r-devel-osx-x86_64-clang, r-prerel-windows-ix86+x86_64, r-prerel-linux-x86_64, r-prerel-solaris-sparc, r-prerel-solaris-x86