CRAN Package Check Results for Package combinat

Last updated on 2017-03-25 15:47:37.

Flavor Version Tinstall Tcheck Ttotal Status Flags
r-devel-linux-x86_64-debian-clang 0.0-8 0.64 10.75 11.39 NOTE
r-devel-linux-x86_64-debian-gcc 0.0-8 0.60 10.97 11.57 NOTE
r-devel-linux-x86_64-fedora-clang 0.0-8 18.36 NOTE --no-stop-on-test-error
r-devel-linux-x86_64-fedora-gcc 0.0-8 17.57 NOTE --no-stop-on-test-error
r-devel-macos-x86_64-clang 0.0-8 16.92 NOTE --no-stop-on-test-error
r-devel-windows-ix86+x86_64 0.0-8 2.00 23.00 25.00 NOTE
r-patched-linux-x86_64 0.0-8 0.62 10.67 11.28 NOTE
r-patched-solaris-sparc 0.0-8 113.80 NOTE
r-patched-solaris-x86 0.0-8 26.00 NOTE
r-release-linux-x86_64 0.0-8 0.62 9.32 9.94 NOTE
r-release-osx-x86_64-mavericks 0.0-8 NOTE
r-release-windows-ix86+x86_64 0.0-8 2.00 24.00 26.00 NOTE
r-oldrel-windows-ix86+x86_64 0.0-8 2.00 21.00 23.00 NOTE

Check Details

Version: 0.0-8
Check: DESCRIPTION meta-information
Result: NOTE
    Malformed Description field: should contain one or more complete sentences.
Flavors: r-devel-linux-x86_64-debian-clang, r-devel-linux-x86_64-debian-gcc, r-devel-windows-ix86+x86_64, r-patched-linux-x86_64, r-patched-solaris-sparc, r-patched-solaris-x86, r-release-linux-x86_64, r-release-osx-x86_64-mavericks, r-release-windows-ix86+x86_64, r-oldrel-windows-ix86+x86_64

Version: 0.0-8
Flags: --no-stop-on-test-error
Check: DESCRIPTION meta-information
Result: NOTE
    Malformed Description field: should contain one or more complete sentences.
Flavors: r-devel-linux-x86_64-fedora-clang, r-devel-linux-x86_64-fedora-gcc, r-devel-macos-x86_64-clang