CRAN Package Check Results for Package cometExactTest

Last updated on 2020-01-28 19:48:56 CET.

Flavor Version Tinstall Tcheck Ttotal Status Flags
r-devel-linux-x86_64-debian-clang 0.1.5 4.65 31.00 35.65 NOTE
r-devel-linux-x86_64-debian-gcc 0.1.5 3.72 24.55 28.27 NOTE
r-devel-linux-x86_64-fedora-clang 0.1.5 44.46 NOTE
r-devel-linux-x86_64-fedora-gcc 0.1.5 41.87 NOTE
r-devel-windows-ix86+x86_64 0.1.5 15.00 77.00 92.00 OK
r-devel-windows-ix86+x86_64-gcc8 0.1.5 21.00 64.00 85.00 OK
r-patched-linux-x86_64 0.1.5 OK
r-patched-solaris-x86 0.1.5 60.50 OK
r-release-linux-x86_64 0.1.5 3.23 27.95 31.18 OK
r-release-windows-ix86+x86_64 0.1.5 11.00 54.00 65.00 OK
r-release-osx-x86_64 0.1.5 OK
r-oldrel-windows-ix86+x86_64 0.1.5 13.00 55.00 68.00 OK
r-oldrel-osx-x86_64 0.1.5 OK

Check Details

Version: 0.1.5
Check: for non-standard things in the check directory
Result: NOTE
    Found the following files/directories:
     'cometExactTest_plot.pdf'
Flavors: r-devel-linux-x86_64-debian-clang, r-devel-linux-x86_64-debian-gcc, r-devel-linux-x86_64-fedora-clang, r-devel-linux-x86_64-fedora-gcc