CRAN Package Check Results for Package cometExactTest

Last updated on 2020-09-23 13:04:47 CEST.

Flavor Version Tinstall Tcheck Ttotal Status Flags
r-devel-linux-x86_64-debian-clang 0.1.5 4.57 32.28 36.85 NOTE
r-devel-linux-x86_64-debian-gcc 0.1.5 3.50 24.89 28.39 NOTE
r-devel-linux-x86_64-fedora-clang 0.1.5 53.77 NOTE
r-devel-linux-x86_64-fedora-gcc 0.1.5 43.50 NOTE
r-devel-windows-ix86+x86_64 0.1.5 13.00 62.00 75.00 OK
r-patched-linux-x86_64 0.1.5 3.80 30.55 34.35 NOTE
r-patched-solaris-x86 0.1.5 64.20 NOTE
r-release-linux-x86_64 0.1.5 4.44 30.32 34.76 NOTE
r-release-macos-x86_64 0.1.5 OK
r-release-windows-ix86+x86_64 0.1.5 36.00 64.00 100.00 OK
r-oldrel-macos-x86_64 0.1.5 OK
r-oldrel-windows-ix86+x86_64 0.1.5 8.00 58.00 66.00 OK

Check Details

Version: 0.1.5
Check: for non-standard things in the check directory
Result: NOTE
    Found the following files/directories:
     'cometExactTest_plot.pdf'
Flavors: r-devel-linux-x86_64-debian-clang, r-devel-linux-x86_64-debian-gcc, r-devel-linux-x86_64-fedora-clang, r-devel-linux-x86_64-fedora-gcc, r-patched-linux-x86_64, r-patched-solaris-x86, r-release-linux-x86_64