CRAN Package Check Results for Package comets

Last updated on 2024-06-13 18:49:44 CEST.

Flavor Version Tinstall Tcheck Ttotal Status Flags
r-devel-linux-x86_64-debian-clang 0.0-1 9.04 75.10 84.14 OK
r-devel-linux-x86_64-debian-gcc 0.0-1 6.87 54.23 61.10 ERROR
r-devel-linux-x86_64-fedora-clang 0.0-1 103.54 OK
r-devel-linux-x86_64-fedora-gcc 0.0-1 100.29 OK
r-devel-windows-x86_64 0.0-1 7.00 69.00 76.00 OK
r-patched-linux-x86_64 0.0-1 7.83 72.03 79.86 OK
r-release-linux-x86_64 0.0-1 8.08 70.31 78.39 OK
r-release-macos-arm64 0.0-1 34.00 OK
r-release-macos-x86_64 0.0-1 48.00 OK
r-release-windows-x86_64 0.0-1 8.00 70.00 78.00 OK
r-oldrel-macos-arm64 0.0-1 42.00 OK
r-oldrel-macos-x86_64 0.0-1 74.00 OK
r-oldrel-windows-x86_64 0.0-1 9.00 85.00 94.00 OK

Check Details

Version: 0.0-1
Check: package dependencies
Result: NOTE Packages suggested but not available for checking: 'testthat', 'ggplot2', 'tidyr', 'dplyr' Flavor: r-devel-linux-x86_64-debian-gcc

Version: 0.0-1
Check: tests
Result: ERROR Running ‘testthat.R’ [0s/0s] Running the tests in ‘tests/testthat.R’ failed. Complete output: > # This file is part of the standard setup for testthat. > # It is recommended that you do not modify it. > # > # Where should you do additional test configuration? > # Learn more about the roles of various files in: > # * https://r-pkgs.org/tests.html > # * https://testthat.r-lib.org/reference/test_package.html#special-files > > library("testthat") Error in library("testthat") : there is no package called 'testthat' Execution halted Flavor: r-devel-linux-x86_64-debian-gcc