CRAN Package Check Results for Package compHclust

Last updated on 2016-07-28 23:47:03.

Flavor Version Tinstall Tcheck Ttotal Status Flags
r-devel-linux-x86_64-debian-clang 1.0-2 1.10 9.47 10.57 NOTE
r-devel-linux-x86_64-debian-gcc 1.0-2 1.14 9.69 10.83 NOTE
r-devel-linux-x86_64-fedora-clang 1.0-2 14.37 NOTE
r-devel-linux-x86_64-fedora-gcc 1.0-2 12.82 NOTE
r-devel-osx-x86_64-clang 1.0-2 13.82 NOTE
r-devel-windows-ix86+x86_64 1.0-2 5.00 24.00 29.00 NOTE
r-patched-linux-x86_64 1.0-2 1.16 9.76 10.92 NOTE
r-patched-solaris-sparc 1.0-2 89.10 NOTE
r-patched-solaris-x86 1.0-2 20.90 NOTE
r-release-linux-x86_64 1.0-2 1.04 9.59 10.63 NOTE
r-release-osx-x86_64-mavericks 1.0-2 NOTE
r-release-windows-ix86+x86_64 1.0-2 5.00 30.00 35.00 NOTE
r-oldrel-windows-ix86+x86_64 1.0-2 5.00 30.00 35.00 OK

Check Details

Version: 1.0-2
Check: R code for possible problems
Result: NOTE
    compHclust.heatmap: no visible global function definition for ‘layout’
    compHclust.heatmap: no visible global function definition for ‘par’
    compHclust.heatmap: no visible global function definition for ‘plot’
    compHclust.heatmap: no visible global function definition for
     ‘as.dendrogram’
    compHclust.heatmap: no visible global function definition for ‘image’
    compHclust.heatmap: no visible global function definition for ‘axis’
    compHclust.heatmap: no visible global function definition for ‘frame’
    compHclust.heatmap: no visible global function definition for ‘barplot’
    Undefined global functions or variables:
     as.dendrogram axis barplot frame image layout par plot
    Consider adding
     importFrom("graphics", "axis", "barplot", "frame", "image", "layout",
     "par", "plot")
     importFrom("stats", "as.dendrogram")
    to your NAMESPACE file.
Flavors: r-devel-linux-x86_64-debian-clang, r-devel-linux-x86_64-debian-gcc, r-devel-linux-x86_64-fedora-clang, r-devel-linux-x86_64-fedora-gcc, r-devel-osx-x86_64-clang, r-devel-windows-ix86+x86_64, r-patched-linux-x86_64, r-patched-solaris-sparc, r-patched-solaris-x86, r-release-linux-x86_64, r-release-osx-x86_64-mavericks, r-release-windows-ix86+x86_64