CRAN Package Check Results for Package compHclust

Last updated on 2016-05-26 23:49:46.

Flavor Version Tinstall Tcheck Ttotal Status Flags
r-devel-linux-x86_64-debian-gcc 1.0-2 0.92 7.90 8.81 NOTE
r-devel-linux-x86_64-fedora-clang 1.0-2 15.48 NOTE
r-devel-linux-x86_64-fedora-gcc 1.0-2 13.41 NOTE
r-devel-osx-x86_64-clang 1.0-2 17.82 NOTE
r-devel-windows-ix86+x86_64 1.0-2 5.00 26.00 31.00 NOTE
r-patched-linux-x86_64 1.0-2 0.88 7.97 8.85 NOTE
r-patched-solaris-sparc 1.0-2 89.40 NOTE
r-patched-solaris-x86 1.0-2 21.60 NOTE
r-release-linux-x86_64 1.0-2 2.81 7.84 10.65 NOTE
r-release-osx-x86_64-mavericks 1.0-2 NOTE
r-release-windows-ix86+x86_64 1.0-2 5.00 30.00 35.00 NOTE
r-oldrel-windows-ix86+x86_64 1.0-2 5.00 30.00 35.00 OK

Check Details

Version: 1.0-2
Check: R code for possible problems
Result: NOTE
    compHclust.heatmap: no visible global function definition for ‘layout’
    compHclust.heatmap: no visible global function definition for ‘par’
    compHclust.heatmap: no visible global function definition for ‘plot’
    compHclust.heatmap: no visible global function definition for
     ‘as.dendrogram’
    compHclust.heatmap: no visible global function definition for ‘image’
    compHclust.heatmap: no visible global function definition for ‘axis’
    compHclust.heatmap: no visible global function definition for ‘frame’
    compHclust.heatmap: no visible global function definition for ‘barplot’
    Undefined global functions or variables:
     as.dendrogram axis barplot frame image layout par plot
    Consider adding
     importFrom("graphics", "axis", "barplot", "frame", "image", "layout",
     "par", "plot")
     importFrom("stats", "as.dendrogram")
    to your NAMESPACE file.
Flavors: r-devel-linux-x86_64-debian-gcc, r-devel-linux-x86_64-fedora-clang, r-devel-linux-x86_64-fedora-gcc, r-devel-osx-x86_64-clang, r-devel-windows-ix86+x86_64, r-patched-linux-x86_64, r-patched-solaris-sparc, r-patched-solaris-x86, r-release-linux-x86_64, r-release-osx-x86_64-mavericks, r-release-windows-ix86+x86_64