CRAN Package Check Results for Package compHclust

Last updated on 2017-03-01 19:48:24.

Flavor Version Tinstall Tcheck Ttotal Status Flags
r-devel-linux-x86_64-debian-clang 1.0-2 1.07 9.87 10.94 NOTE
r-devel-linux-x86_64-debian-gcc 1.0-2 0.99 9.78 10.77 NOTE
r-devel-linux-x86_64-fedora-clang 1.0-2 17.69 NOTE --no-stop-on-test-error
r-devel-linux-x86_64-fedora-gcc 1.0-2 16.73 NOTE --no-stop-on-test-error
r-devel-macos-x86_64-clang 1.0-2 16.43 NOTE --no-stop-on-test-error
r-devel-windows-ix86+x86_64 1.0-2 5.00 34.00 39.00 NOTE
r-patched-linux-x86_64 1.0-2 0.96 8.33 9.29 NOTE
r-patched-solaris-sparc 1.0-2 92.70 NOTE
r-patched-solaris-x86 1.0-2 22.40 NOTE
r-release-linux-x86_64 1.0-2 0.84 7.92 8.76 NOTE
r-release-osx-x86_64-mavericks 1.0-2 NOTE
r-release-windows-ix86+x86_64 1.0-2 4.00 24.00 28.00 NOTE
r-oldrel-windows-ix86+x86_64 1.0-2 4.00 23.00 27.00 OK

Check Details

Version: 1.0-2
Check: R code for possible problems
Result: NOTE
    compHclust.heatmap: no visible global function definition for ‘layout’
    compHclust.heatmap: no visible global function definition for ‘par’
    compHclust.heatmap: no visible global function definition for ‘plot’
    compHclust.heatmap: no visible global function definition for
     ‘as.dendrogram’
    compHclust.heatmap: no visible global function definition for ‘image’
    compHclust.heatmap: no visible global function definition for ‘axis’
    compHclust.heatmap: no visible global function definition for ‘frame’
    compHclust.heatmap: no visible global function definition for ‘barplot’
    Undefined global functions or variables:
     as.dendrogram axis barplot frame image layout par plot
    Consider adding
     importFrom("graphics", "axis", "barplot", "frame", "image", "layout",
     "par", "plot")
     importFrom("stats", "as.dendrogram")
    to your NAMESPACE file.
Flavors: r-devel-linux-x86_64-debian-clang, r-devel-linux-x86_64-debian-gcc, r-devel-windows-ix86+x86_64, r-patched-linux-x86_64, r-patched-solaris-sparc, r-patched-solaris-x86, r-release-linux-x86_64, r-release-osx-x86_64-mavericks, r-release-windows-ix86+x86_64

Version: 1.0-2
Check: compiled code
Result: NOTE
    File ‘compHclust/libs/compHclust.so’:
     Found no calls to: ‘R_registerRoutines’, ‘R_useDynamicSymbols’
    
    It is good practice to register native routines and to disable symbol
    search.
    
    See ‘Writing portable packages’ in the ‘Writing R Extensions’ manual.
Flavors: r-devel-linux-x86_64-debian-clang, r-devel-linux-x86_64-debian-gcc

Version: 1.0-2
Flags: --no-stop-on-test-error
Check: R code for possible problems
Result: NOTE
    compHclust.heatmap: no visible global function definition for ‘layout’
    compHclust.heatmap: no visible global function definition for ‘par’
    compHclust.heatmap: no visible global function definition for ‘plot’
    compHclust.heatmap: no visible global function definition for
     ‘as.dendrogram’
    compHclust.heatmap: no visible global function definition for ‘image’
    compHclust.heatmap: no visible global function definition for ‘axis’
    compHclust.heatmap: no visible global function definition for ‘frame’
    compHclust.heatmap: no visible global function definition for ‘barplot’
    Undefined global functions or variables:
     as.dendrogram axis barplot frame image layout par plot
    Consider adding
     importFrom("graphics", "axis", "barplot", "frame", "image", "layout",
     "par", "plot")
     importFrom("stats", "as.dendrogram")
    to your NAMESPACE file.
Flavors: r-devel-linux-x86_64-fedora-clang, r-devel-linux-x86_64-fedora-gcc, r-devel-macos-x86_64-clang

Version: 1.0-2
Flags: --no-stop-on-test-error
Check: compiled code
Result: NOTE
    File ‘compHclust/libs/compHclust.so’:
     Found no calls to: ‘R_registerRoutines’, ‘R_useDynamicSymbols’
    
    It is good practice to register native routines and to disable symbol
    search.
    
    See ‘Writing portable packages’ in the ‘Writing R Extensions’ manual.
Flavors: r-devel-linux-x86_64-fedora-clang, r-devel-linux-x86_64-fedora-gcc, r-devel-macos-x86_64-clang