CRAN Package Check Results for Package compHclust

Last updated on 2015-09-05 03:46:55.

Flavor Version Tinstall Tcheck Ttotal Status Flags
r-devel-linux-x86_64-debian-clang 1.0-2 0.72 7.49 8.21 NOTE
r-devel-linux-x86_64-debian-gcc 1.0-2 0.77 7.72 8.48 NOTE
r-devel-linux-x86_64-fedora-clang 1.0-2 15.88 NOTE
r-devel-linux-x86_64-fedora-gcc 1.0-2 14.14 NOTE
r-devel-osx-x86_64-clang 1.0-2 16.57 OK
r-devel-windows-ix86+x86_64 1.0-2 5.00 21.00 26.00 NOTE
r-patched-linux-x86_64 1.0-2 0.86 8.09 8.95 OK
r-patched-solaris-sparc 1.0-2 108.50 OK
r-patched-solaris-x86 1.0-2 26.10 OK
r-release-linux-x86_64 1.0-2 0.81 8.12 8.93 OK
r-release-osx-x86_64-mavericks 1.0-2 OK
r-release-windows-ix86+x86_64 1.0-2 5.00 29.00 34.00 OK
r-oldrel-windows-ix86+x86_64 1.0-2 7.00 19.00 26.00 OK

Check Details

Version: 1.0-2
Check: R code for possible problems
Result: NOTE
    compHclust.heatmap: no visible global function definition for ‘layout’
    compHclust.heatmap: no visible global function definition for ‘par’
    compHclust.heatmap: no visible global function definition for ‘plot’
    compHclust.heatmap: no visible global function definition for
     ‘as.dendrogram’
    compHclust.heatmap: no visible global function definition for ‘image’
    compHclust.heatmap: no visible global function definition for ‘axis’
    compHclust.heatmap: no visible global function definition for ‘frame’
    compHclust.heatmap: no visible global function definition for ‘barplot’
    Undefined global functions or variables:
     as.dendrogram axis barplot frame image layout par plot
    Consider adding
     importFrom("graphics", "axis", "barplot", "frame", "image", "layout",
     "par", "plot")
     importFrom("stats", "as.dendrogram")
    to your NAMESPACE.
Flavors: r-devel-linux-x86_64-debian-clang, r-devel-linux-x86_64-debian-gcc, r-devel-linux-x86_64-fedora-clang, r-devel-linux-x86_64-fedora-gcc, r-devel-windows-ix86+x86_64