CRAN Package Check Results for Package compHclust

Last updated on 2016-08-28 23:48:04.

Flavor Version Tinstall Tcheck Ttotal Status Flags
r-devel-linux-x86_64-debian-clang 1.0-2 0.97 8.20 9.17 NOTE
r-devel-linux-x86_64-debian-gcc 1.0-2 0.86 8.37 9.22 NOTE
r-devel-linux-x86_64-fedora-clang 1.0-2 14.94 NOTE
r-devel-linux-x86_64-fedora-gcc 1.0-2 14.00 NOTE
r-devel-osx-x86_64-clang 1.0-2 13.60 NOTE
r-devel-windows-ix86+x86_64 1.0-2 8.00 24.00 32.00 NOTE
r-patched-linux-x86_64 1.0-2 0.92 8.06 8.98 NOTE
r-patched-solaris-sparc 1.0-2 89.10 NOTE
r-patched-solaris-x86 1.0-2 21.10 NOTE
r-release-linux-x86_64 1.0-2 0.90 8.05 8.95 NOTE
r-release-osx-x86_64-mavericks 1.0-2 NOTE
r-release-windows-ix86+x86_64 1.0-2 5.00 30.00 35.00 NOTE
r-oldrel-windows-ix86+x86_64 1.0-2 5.00 30.00 35.00 OK

Check Details

Version: 1.0-2
Check: R code for possible problems
Result: NOTE
    compHclust.heatmap: no visible global function definition for ‘layout’
    compHclust.heatmap: no visible global function definition for ‘par’
    compHclust.heatmap: no visible global function definition for ‘plot’
    compHclust.heatmap: no visible global function definition for
     ‘as.dendrogram’
    compHclust.heatmap: no visible global function definition for ‘image’
    compHclust.heatmap: no visible global function definition for ‘axis’
    compHclust.heatmap: no visible global function definition for ‘frame’
    compHclust.heatmap: no visible global function definition for ‘barplot’
    Undefined global functions or variables:
     as.dendrogram axis barplot frame image layout par plot
    Consider adding
     importFrom("graphics", "axis", "barplot", "frame", "image", "layout",
     "par", "plot")
     importFrom("stats", "as.dendrogram")
    to your NAMESPACE file.
Flavors: r-devel-linux-x86_64-debian-clang, r-devel-linux-x86_64-debian-gcc, r-devel-linux-x86_64-fedora-clang, r-devel-linux-x86_64-fedora-gcc, r-devel-osx-x86_64-clang, r-devel-windows-ix86+x86_64, r-patched-linux-x86_64, r-patched-solaris-sparc, r-patched-solaris-x86, r-release-linux-x86_64, r-release-osx-x86_64-mavericks, r-release-windows-ix86+x86_64