CRAN Package Check Results for Package compHclust

Last updated on 2015-07-05 03:47:19.

Flavor Version Tinstall Tcheck Ttotal Status Flags
r-devel-linux-x86_64-debian-clang 1.0-2 0.76 7.92 8.68 NOTE
r-devel-linux-x86_64-debian-gcc 1.0-2 0.78 7.52 8.31 NOTE
r-devel-linux-x86_64-fedora-clang 1.0-2 15.77 NOTE
r-devel-linux-x86_64-fedora-gcc 1.0-2 14.50 NOTE
r-devel-osx-x86_64-clang 1.0-2 17.45 OK
r-devel-windows-ix86+x86_64 1.0-2 6.00 17.00 23.00 NOTE
r-patched-linux-x86_64 1.0-2 0.80 8.20 9.00 OK
r-patched-solaris-sparc 1.0-2 110.80 OK
r-patched-solaris-x86 1.0-2 25.80 OK
r-release-linux-x86_64 1.0-2 0.84 7.85 8.68 OK
r-release-osx-x86_64-mavericks 1.0-2 OK
r-release-windows-ix86+x86_64 1.0-2 5.00 19.00 24.00 OK
r-oldrel-windows-ix86+x86_64 1.0-2 7.00 19.00 26.00 OK

Check Details

Version: 1.0-2
Check: R code for possible problems
Result: NOTE
    compHclust.heatmap: no visible global function definition for ‘layout’
    compHclust.heatmap: no visible global function definition for ‘par’
    compHclust.heatmap: no visible global function definition for ‘plot’
    compHclust.heatmap: no visible global function definition for
     ‘as.dendrogram’
    compHclust.heatmap: no visible global function definition for ‘image’
    compHclust.heatmap: no visible global function definition for ‘axis’
    compHclust.heatmap: no visible global function definition for ‘frame’
    compHclust.heatmap: no visible global function definition for ‘barplot’
    Undefined global functions or variables:
     as.dendrogram axis barplot frame image layout par plot
Flavors: r-devel-linux-x86_64-debian-clang, r-devel-linux-x86_64-debian-gcc, r-devel-linux-x86_64-fedora-clang, r-devel-linux-x86_64-fedora-gcc, r-devel-windows-ix86+x86_64