CRAN Package Check Results for Package compHclust

Last updated on 2017-12-14 17:48:23 CET.

Flavor Version Tinstall Tcheck Ttotal Status Flags
r-devel-linux-x86_64-debian-clang 1.0-3 1.25 10.84 12.09 FAIL
r-devel-linux-x86_64-debian-gcc 1.0-3 0.97 9.97 10.94 FAIL
r-devel-linux-x86_64-fedora-clang 1.0-3 20.78 OK
r-devel-linux-x86_64-fedora-gcc 1.0-3 19.62 OK
r-devel-windows-ix86+x86_64 1.0-3 9.00 33.00 42.00 OK
r-patched-linux-x86_64 1.0-3 1.15 14.60 15.75 OK
r-patched-solaris-x86 1.0-3 29.30 OK
r-release-linux-x86_64 1.0-3 1.23 14.62 15.85 OK
r-release-windows-ix86+x86_64 1.0-3 5.00 32.00 37.00 OK
r-release-osx-x86_64 1.0-3 OK
r-oldrel-windows-ix86+x86_64 1.0-3 6.00 36.00 42.00 OK
r-oldrel-osx-x86_64 1.0-3 OK

Check Details

Version: 1.0-3
Check: pragmas in C/C++ headers and code
Result: FAIL
    
Flavors: r-devel-linux-x86_64-debian-clang, r-devel-linux-x86_64-debian-gcc