CRAN Package Check Results for Package compareC

Last updated on 2019-06-17 10:48:07 CEST.

Flavor Version Tinstall Tcheck Ttotal Status Flags
r-devel-linux-x86_64-debian-clang 1.3.1 2.27 29.89 32.16 NOTE
r-devel-linux-x86_64-debian-gcc 1.3.1 1.78 26.25 28.03 NOTE
r-devel-linux-x86_64-fedora-clang 1.3.1 38.98 NOTE
r-devel-linux-x86_64-fedora-gcc 1.3.1 40.65 NOTE
r-devel-windows-ix86+x86_64 1.3.1 7.00 63.00 70.00 NOTE
r-patched-linux-x86_64 1.3.1 1.86 32.09 33.95 NOTE
r-patched-solaris-x86 1.3.1 77.20 NOTE
r-release-linux-x86_64 1.3.1 1.93 32.11 34.04 NOTE
r-release-windows-ix86+x86_64 1.3.1 7.00 76.00 83.00 NOTE
r-release-osx-x86_64 1.3.1 NOTE
r-oldrel-windows-ix86+x86_64 1.3.1 5.00 55.00 60.00 NOTE
r-oldrel-osx-x86_64 1.3.1 NOTE

Check Details

Version: 1.3.1
Check: R code for possible problems
Result: NOTE
    compareC: no visible global function definition for 'pnorm'
    Undefined global functions or variables:
     pnorm
    Consider adding
     importFrom("stats", "pnorm")
    to your NAMESPACE file.
Flavors: r-devel-linux-x86_64-debian-clang, r-devel-linux-x86_64-debian-gcc, r-devel-linux-x86_64-fedora-clang, r-devel-linux-x86_64-fedora-gcc, r-devel-windows-ix86+x86_64, r-patched-linux-x86_64, r-patched-solaris-x86, r-release-linux-x86_64, r-release-windows-ix86+x86_64, r-release-osx-x86_64, r-oldrel-windows-ix86+x86_64, r-oldrel-osx-x86_64

Version: 1.3.1
Check: compiled code
Result: NOTE
    File ‘compareC/libs/compareC.so’:
     Found no calls to: ‘R_registerRoutines’, ‘R_useDynamicSymbols’
    
    It is good practice to register native routines and to disable symbol
    search.
    
    See ‘Writing portable packages’ in the ‘Writing R Extensions’ manual.
Flavors: r-devel-linux-x86_64-fedora-clang, r-devel-linux-x86_64-fedora-gcc