CRAN Package Check Results for Package compareDF

Last updated on 2019-10-18 18:47:48 CEST.

Flavor Version Tinstall Tcheck Ttotal Status Flags
r-devel-linux-x86_64-debian-clang 1.8.0 3.87 36.31 40.18 OK
r-devel-linux-x86_64-debian-gcc 1.8.0 3.09 27.78 30.87 OK
r-devel-linux-x86_64-fedora-clang 1.8.0 47.89 NOTE
r-devel-linux-x86_64-fedora-gcc 1.8.0 47.37 NOTE
r-devel-windows-ix86+x86_64 1.8.0 19.00 51.00 70.00 OK
r-patched-linux-x86_64 1.8.0 3.98 34.14 38.12 OK
r-patched-solaris-x86 1.8.0 72.40 NOTE
r-release-linux-x86_64 1.8.0 3.24 34.89 38.13 OK
r-release-windows-ix86+x86_64 1.8.0 7.00 77.00 84.00 OK
r-release-osx-x86_64 1.8.0 NOTE
r-oldrel-windows-ix86+x86_64 1.8.0 5.00 51.00 56.00 OK
r-oldrel-osx-x86_64 1.8.0 NOTE

Check Details

Version: 1.8.0
Check: dependencies in R code
Result: NOTE
    Namespaces in Imports field not imported from:
     ‘magrittr’ ‘stringr’
     All declared Imports should be used.
Flavors: r-devel-linux-x86_64-fedora-clang, r-devel-linux-x86_64-fedora-gcc, r-patched-solaris-x86, r-release-osx-x86_64, r-oldrel-osx-x86_64