CRAN Package Check Results for Package compareGroups

Last updated on 2015-04-19 11:51:03.

Flavor Version Tinstall Tcheck Ttotal Status Flags
r-devel-linux-x86_64-debian-clang 3.0 2.87 142.21 145.08 OK
r-devel-linux-x86_64-debian-gcc 3.0 2.62 143.56 146.18 OK
r-devel-linux-x86_64-fedora-clang 3.0 284.12 OK
r-devel-linux-x86_64-fedora-gcc 3.0 276.20 OK
r-devel-osx-x86_64-clang 3.0 213.71 OK
r-devel-windows-ix86+x86_64 3.0 13.00 300.00 313.00 OK
r-patched-linux-x86_64 3.0 3.26 146.02 149.28 OK
r-patched-solaris-sparc 3.0 1355.00 OK
r-patched-solaris-x86 3.0 292.90 OK
r-release-linux-x86_64 3.0 2.61 144.39 147.00 OK
r-release-osx-x86_64-mavericks 3.0 WARN
r-release-osx-x86_64-snowleopard 3.0 ERROR
r-release-windows-ix86+x86_64 3.0 6.00 157.00 163.00 OK
r-oldrel-windows-ix86+x86_64 3.0 22.00 284.00 306.00 OK

Check Details

Version: 3.0
Check: package dependencies
Result: NOTE
    Package suggested but not available for checking: ‘car’
Flavor: r-release-osx-x86_64-mavericks

Version: 3.0
Check: running R code from vignettes
Result: WARN
    Errors in running code in vignettes:
    when running code in ‘compareGroups_vignette.rnw’
     ...
    
    > options(width = 120, keep.source = FALSE)
    
    > cuts <- "lo:55=1; 56:60=2; 61:65=3; 66:70=4; 71:75=5; 76:80=6; 81:hi=7"
    
    > predimed$age7gr <- car::recode(predimed$age, cuts)
    
     When sourcing ‘compareGroups_vignette.R’:
    Error: there is no package called ‘car’
    Execution halted
Flavor: r-release-osx-x86_64-mavericks

Version: 3.0
Check: re-building of vignette outputs
Result: NOTE
    Error in re-building vignettes:
     ...
    The following object is masked from ‘package:utils’:
    
     object.size
    
    Loading required package: xtable
    
    Attaching package: ‘xtable’
    
    The following objects are masked from ‘package:Hmisc’:
    
     label, label<-
    
    Loading required package: SNPassoc
    Loading required package: haplo.stats
    Loading required package: mvtnorm
    Loading required package: parallel
    Warning in cor.test.default(x, as.integer(y), method = "spearman") :
     Cannot compute exact p-value with ties
    Warning in cor.test.default(x, as.integer(y), method = "spearman") :
     Cannot compute exact p-value with ties
    
    Error: processing vignette 'compareGroups_vignette.rnw' failed with diagnostics:
     chunk 21
    Error in loadNamespace(name) : there is no package called ‘car’
    Execution halted
Flavor: r-release-osx-x86_64-mavericks

Version: 3.0
Check: package dependencies
Result: ERROR
    Package required but not available: ‘Hmisc’
    
    Packages suggested but not available for checking: ‘car’ ‘XLConnect’
    
    See section ‘The DESCRIPTION file’ in the ‘Writing R Extensions’
    manual.
Flavor: r-release-osx-x86_64-snowleopard