CRAN Package Check Results for Package compareGroups

Last updated on 2017-02-27 23:03:19.

Flavor Version Tinstall Tcheck Ttotal Status Flags
r-devel-linux-x86_64-debian-clang 3.2.3 5.28 136.77 142.05 OK
r-devel-linux-x86_64-debian-gcc 3.2.3 5.84 136.40 142.24 OK
r-devel-linux-x86_64-fedora-clang 3.2.3 298.39 NOTE --no-stop-on-test-error
r-devel-linux-x86_64-fedora-gcc 3.2.3 294.52 NOTE --no-stop-on-test-error
r-devel-macos-x86_64-clang 3.2.3 191.08 NOTE --no-stop-on-test-error
r-devel-windows-ix86+x86_64 3.2.3 33.00 944.00 977.00 NOTE
r-patched-linux-x86_64 3.2.3 5.66 128.32 133.98 OK
r-patched-solaris-sparc 3.2.3 1605.60 NOTE
r-patched-solaris-x86 3.2.3 281.00 NOTE
r-release-linux-x86_64 3.2.3 5.87 128.66 134.53 OK
r-release-osx-x86_64-mavericks 3.2.3 NOTE
r-release-windows-ix86+x86_64 3.2.3 26.00 345.00 371.00 NOTE
r-oldrel-windows-ix86+x86_64 3.2.3 38.00 431.00 469.00 NOTE

Check Details

Version: 3.2.3
Flags: --no-stop-on-test-error
Check: installed package size
Result: NOTE
     installed size is 5.9Mb
     sub-directories of 1Mb or more:
     app 2.6Mb
     doc 2.2Mb
Flavors: r-devel-linux-x86_64-fedora-clang, r-devel-linux-x86_64-fedora-gcc, r-devel-macos-x86_64-clang

Version: 3.2.3
Check: installed package size
Result: NOTE
     installed size is 5.8Mb
     sub-directories of 1Mb or more:
     app 2.5Mb
     doc 2.2Mb
Flavors: r-devel-windows-ix86+x86_64, r-patched-solaris-sparc, r-patched-solaris-x86, r-release-osx-x86_64-mavericks, r-release-windows-ix86+x86_64, r-oldrel-windows-ix86+x86_64