CRAN Package Check Results for Package compareGroups

Last updated on 2017-12-15 04:47:10 CET.

Flavor Version Tinstall Tcheck Ttotal Status Flags
r-devel-linux-x86_64-debian-clang 3.3.1 7.25 191.07 198.32 OK
r-devel-linux-x86_64-debian-gcc 3.3.1 6.61 175.40 182.01 OK
r-devel-linux-x86_64-fedora-clang 3.3.1 279.32 NOTE
r-devel-linux-x86_64-fedora-gcc 3.3.1 277.29 NOTE
r-devel-windows-ix86+x86_64 3.3.1 15.00 252.00 267.00 NOTE
r-patched-linux-x86_64 3.3.1 8.07 224.13 232.20 OK
r-patched-solaris-x86 3.3.1 337.30 NOTE
r-release-linux-x86_64 3.3.1 9.04 225.80 234.84 OK
r-release-windows-ix86+x86_64 3.3.1 22.00 239.00 261.00 NOTE
r-release-osx-x86_64 3.3.1 NOTE
r-oldrel-windows-ix86+x86_64 3.3.1 32.00 346.00 378.00 NOTE
r-oldrel-osx-x86_64 3.3.1 NOTE

Check Details

Version: 3.3.1
Check: installed package size
Result: NOTE
     installed size is 5.9Mb
     sub-directories of 1Mb or more:
     app 2.6Mb
     doc 2.2Mb
Flavors: r-devel-linux-x86_64-fedora-clang, r-devel-linux-x86_64-fedora-gcc, r-devel-windows-ix86+x86_64, r-patched-solaris-x86, r-release-windows-ix86+x86_64, r-release-osx-x86_64, r-oldrel-windows-ix86+x86_64, r-oldrel-osx-x86_64