CRAN Package Check Results for Package compareGroups

Last updated on 2019-03-23 11:50:48 CET.

Flavor Version Tinstall Tcheck Ttotal Status Flags
r-devel-linux-x86_64-debian-clang 4.0.0 21.54 216.49 238.03 OK
r-devel-linux-x86_64-debian-gcc 4.0.0 18.21 166.33 184.54 OK
r-devel-linux-x86_64-fedora-clang 4.0.0 296.34 NOTE
r-devel-linux-x86_64-fedora-gcc 4.0.0 231.96 OK
r-devel-windows-ix86+x86_64 4.0.0 71.00 377.00 448.00 NOTE
r-patched-linux-x86_64 4.0.0 13.31 227.88 241.19 OK
r-patched-solaris-x86 4.0.0 385.50 NOTE
r-release-linux-x86_64 4.0.0 0.87 3.38 4.25 ERROR
r-release-windows-ix86+x86_64 4.0.0 33.00 257.00 290.00 NOTE
r-release-osx-x86_64 4.0.0 NOTE
r-oldrel-windows-ix86+x86_64 4.0.0 35.00 423.00 458.00 NOTE
r-oldrel-osx-x86_64 4.0.0 NOTE

Check Details

Version: 4.0.0
Check: installed package size
Result: NOTE
     installed size is 7.0Mb
     sub-directories of 1Mb or more:
     app 2.7Mb
     doc 2.3Mb
Flavors: r-devel-linux-x86_64-fedora-clang, r-devel-windows-ix86+x86_64, r-patched-solaris-x86, r-release-windows-ix86+x86_64, r-release-osx-x86_64, r-oldrel-windows-ix86+x86_64, r-oldrel-osx-x86_64

Version: 4.0.0
Check: whether package can be installed
Result: ERROR
    Installation failed.
Flavor: r-release-linux-x86_64