CRAN Package Check Results for Package compareGroups

Last updated on 2016-07-30 23:47:23.

Flavor Version Tinstall Tcheck Ttotal Status Flags
r-devel-linux-x86_64-debian-clang 3.2.1 5.65 136.24 141.89 NOTE
r-devel-linux-x86_64-debian-gcc 3.2.1 6.28 134.00 140.29 NOTE
r-devel-linux-x86_64-fedora-clang 3.2.1 248.60 NOTE
r-devel-linux-x86_64-fedora-gcc 3.2.1 238.66 NOTE
r-devel-osx-x86_64-clang 3.2.1 176.70 NOTE
r-devel-windows-ix86+x86_64 3.2.1 17.00 217.00 234.00 NOTE
r-patched-linux-x86_64 3.2.1 5.56 135.74 141.30 NOTE
r-patched-solaris-sparc 3.2.1 1590.10 NOTE
r-patched-solaris-x86 3.2.1 283.20 NOTE
r-release-linux-x86_64 3.2.1 6.89 161.27 168.16 NOTE
r-release-osx-x86_64-mavericks 3.2.1 NOTE
r-release-windows-ix86+x86_64 3.2.1 23.00 327.00 350.00 NOTE
r-oldrel-windows-ix86+x86_64 3.2.1 26.00 222.00 248.00 NOTE

Check Details

Version: 3.2.1
Check: installed package size
Result: NOTE
     installed size is 5.9Mb
     sub-directories of 1Mb or more:
     app 2.6Mb
     doc 2.2Mb
Flavors: r-devel-linux-x86_64-debian-clang, r-devel-linux-x86_64-debian-gcc, r-devel-linux-x86_64-fedora-clang, r-devel-linux-x86_64-fedora-gcc, r-devel-osx-x86_64-clang, r-devel-windows-ix86+x86_64, r-patched-linux-x86_64, r-patched-solaris-sparc, r-patched-solaris-x86, r-release-linux-x86_64, r-release-osx-x86_64-mavericks, r-release-windows-ix86+x86_64, r-oldrel-windows-ix86+x86_64

Version: 3.2.1
Check: dependencies in R code
Result: NOTE
    Invalid MIT-MAGIC-COOKIE-1 key
Flavor: r-release-osx-x86_64-mavericks