CRAN Package Check Results for Package compareGroups

Last updated on 2018-12-11 07:48:19 CET.

Flavor Version Tinstall Tcheck Ttotal Status Flags
r-devel-linux-x86_64-debian-clang 4.0.0 17.34 212.59 229.93 OK
r-devel-linux-x86_64-debian-gcc 4.0.0 15.13 161.97 177.10 OK
r-devel-linux-x86_64-fedora-clang 4.0.0 224.10 NOTE
r-devel-linux-x86_64-fedora-gcc 4.0.0 261.30 OK
r-devel-windows-ix86+x86_64 4.0.0 42.00 227.00 269.00 NOTE
r-patched-linux-x86_64 4.0.0 16.81 220.63 237.44 OK
r-patched-solaris-x86 4.0.0 388.20 NOTE
r-release-linux-x86_64 4.0.0 16.60 222.81 239.41 OK
r-release-windows-ix86+x86_64 4.0.0 30.00 237.00 267.00 NOTE
r-release-osx-x86_64 4.0.0 NOTE
r-oldrel-windows-ix86+x86_64 4.0.0 21.00 243.00 264.00 NOTE
r-oldrel-osx-x86_64 4.0.0 NOTE

Check Details

Version: 4.0.0
Check: installed package size
Result: NOTE
     installed size is 7.0Mb
     sub-directories of 1Mb or more:
     app 2.7Mb
     doc 2.3Mb
Flavors: r-devel-linux-x86_64-fedora-clang, r-devel-windows-ix86+x86_64, r-patched-solaris-x86, r-release-windows-ix86+x86_64, r-release-osx-x86_64, r-oldrel-windows-ix86+x86_64, r-oldrel-osx-x86_64