CRAN Package Check Results for Package compareGroups

Last updated on 2014-08-30 23:48:20.

Flavor Version Tinstall Tcheck Ttotal Status Flags
r-devel-linux-x86_64-debian-clang 2.0.5 2.82 116.35 119.17 OK
r-devel-linux-x86_64-debian-gcc 2.0.5 2.90 110.60 113.50 OK
r-devel-linux-x86_64-fedora-clang 2.0.5 131.98 OK
r-devel-linux-x86_64-fedora-gcc 2.0.5 239.67 OK
r-devel-osx-x86_64-clang 2.0.5 130.27 OK
r-devel-windows-ix86+x86_64 2.0.5 15.00 308.00 323.00 OK
r-patched-linux-x86_64 2.0.5 2.95 116.79 119.74 OK
r-patched-solaris-sparc 2.0.5 1326.00 OK
r-patched-solaris-x86 2.0.5 263.90 OK
r-release-linux-ix86 2.0.4 4.06 156.97 161.03 OK
r-release-linux-x86_64 2.0.5 3.02 118.00 121.02 OK
r-release-osx-x86_64-mavericks 2.0.5 NOTE
r-release-osx-x86_64-snowleopard 2.0.4 OK
r-release-windows-ix86+x86_64 2.0.5 13.00 215.00 228.00 OK
r-oldrel-windows-ix86+x86_64 2.0.5 14.00 213.00 227.00 OK

Check Details

Version: 2.0.5
Check: re-building of vignette outputs
Result: NOTE
    Error in re-building vignettes:
     ...
    Warning in HWf(X) : Monomorphic marker, f set to zero.
    Warning in homozyg(X) :
     Genotypes are not labelled, default labels (AA, AB, BB) assumed.
    Warning in heterozyg(X) :
     Genotypes are not labelled, default labels assumed.
    Warning in homozyg(X) :
     Genotypes are not labelled, default labels (AA, AB, BB) assumed.
    Warning in heterozyg(X) :
     Genotypes are not labelled, default labels assumed.
    Warning in homozyg(X) :
     Genotypes are not labelled, default labels (AA, AB, BB) assumed.
    Warning in heterozyg(X) :
     Genotypes are not labelled, default labels assumed.
    Warning in HWChisq(X[i, ], ...) :
     Expected counts below 5: chi-square approximation may be incorrect
    Warning in HWf(X) : Monomorphic marker, f set to zero.
    Error in texi2dvi(file = file, pdf = TRUE, clean = clean, quiet = quiet, :
     Running 'texi2dvi' on 'compareGroups_vignette.tex' failed.
    LaTeX errors:
    ! LaTeX Error: File `multirow.sty' not found.
    
    Type X to quit or <RETURN> to proceed,
    or enter new name. (Default extension: sty)
    Calls: buildVignettes -> texi2pdf -> texi2dvi
    Execution halted
Flavor: r-release-osx-x86_64-mavericks