CRAN Package Check Results for Package compareGroups

Last updated on 2016-09-26 15:48:04.

Flavor Version Tinstall Tcheck Ttotal Status Flags
r-devel-linux-x86_64-debian-clang 3.2.1 4.94 128.81 133.75 NOTE
r-devel-linux-x86_64-debian-gcc 3.2.1 7.04 126.73 133.77 NOTE
r-devel-linux-x86_64-fedora-clang 3.2.1 259.48 NOTE
r-devel-linux-x86_64-fedora-gcc 3.2.1 247.24 NOTE
r-devel-macos-x86_64-clang 3.2.1 168.21 NOTE
r-devel-windows-ix86+x86_64 3.2.1 25.00 315.00 340.00 NOTE
r-patched-linux-x86_64 3.2.1 5.25 129.51 134.76 NOTE
r-patched-solaris-sparc 3.2.1 1590.10 NOTE
r-patched-solaris-x86 3.2.1 282.60 NOTE
r-release-linux-x86_64 3.2.1 5.20 130.71 135.90 NOTE
r-release-osx-x86_64-mavericks 3.2.1 NOTE
r-release-windows-ix86+x86_64 3.2.1 22.00 298.00 320.00 NOTE
r-oldrel-windows-ix86+x86_64 3.2.1 27.00 303.00 330.00 NOTE

Check Details

Version: 3.2.1
Check: installed package size
Result: NOTE
     installed size is 5.9Mb
     sub-directories of 1Mb or more:
     app 2.6Mb
     doc 2.2Mb
Flavors: r-devel-linux-x86_64-debian-clang, r-devel-linux-x86_64-debian-gcc, r-devel-linux-x86_64-fedora-clang, r-devel-linux-x86_64-fedora-gcc, r-devel-macos-x86_64-clang, r-devel-windows-ix86+x86_64, r-patched-linux-x86_64, r-patched-solaris-sparc, r-patched-solaris-x86, r-release-linux-x86_64, r-release-osx-x86_64-mavericks, r-release-windows-ix86+x86_64, r-oldrel-windows-ix86+x86_64

Version: 3.2.1
Check: dependencies in R code
Result: NOTE
    Invalid MIT-MAGIC-COOKIE-1 key
Flavor: r-release-osx-x86_64-mavericks