CRAN Package Check Results for Package compareGroups

Last updated on 2017-01-20 17:51:56.

Flavor Version Tinstall Tcheck Ttotal Status Flags
r-devel-linux-x86_64-debian-clang 3.2.2 5.83 144.28 150.11 OK
r-devel-linux-x86_64-debian-gcc 3.2.2 5.42 144.37 149.78 OK
r-devel-linux-x86_64-fedora-clang 3.2.2 298.85 NOTE --no-stop-on-test-error
r-devel-linux-x86_64-fedora-gcc 3.2.2 294.70 NOTE --no-stop-on-test-error
r-devel-macos-x86_64-clang 3.2.2 188.09 NOTE --no-stop-on-test-error
r-devel-windows-ix86+x86_64 3.2.2 21.00 343.00 364.00 NOTE
r-patched-linux-x86_64 3.2.2 5.20 136.12 141.32 OK
r-patched-solaris-sparc 3.2.2 1670.30 NOTE
r-patched-solaris-x86 3.2.2 292.20 NOTE
r-release-linux-x86_64 3.2.2 5.28 135.59 140.87 OK
r-release-osx-x86_64-mavericks 3.2.2 NOTE
r-release-windows-ix86+x86_64 3.2.2 16.00 211.00 227.00 NOTE
r-oldrel-windows-ix86+x86_64 3.2.2 28.00 912.00 940.00 NOTE

Check Details

Version: 3.2.2
Flags: --no-stop-on-test-error
Check: installed package size
Result: NOTE
     installed size is 5.9Mb
     sub-directories of 1Mb or more:
     app 2.6Mb
     doc 2.2Mb
Flavors: r-devel-linux-x86_64-fedora-clang, r-devel-linux-x86_64-fedora-gcc, r-devel-macos-x86_64-clang

Version: 3.2.2
Check: installed package size
Result: NOTE
     installed size is 5.9Mb
     sub-directories of 1Mb or more:
     app 2.6Mb
     doc 2.2Mb
Flavors: r-devel-windows-ix86+x86_64, r-patched-solaris-sparc, r-patched-solaris-x86, r-release-osx-x86_64-mavericks, r-release-windows-ix86+x86_64, r-oldrel-windows-ix86+x86_64