CRAN Package Check Results for Package compareGroups

Last updated on 2017-08-17 09:46:51.

Flavor Version Tinstall Tcheck Ttotal Status Flags
r-devel-linux-x86_64-debian-clang 3.2.4 5.42 137.06 142.48 OK
r-devel-linux-x86_64-debian-gcc 3.2.4 5.70 130.31 136.01 OK
r-devel-linux-x86_64-fedora-clang 3.2.4 300.95 NOTE
r-devel-linux-x86_64-fedora-gcc 3.2.4 296.20 NOTE
r-devel-windows-ix86+x86_64 3.2.4 17.00 223.00 240.00 NOTE
r-patched-linux-x86_64 3.2.4 5.52 134.76 140.28 OK
r-patched-solaris-x86 3.2.4 328.90 NOTE
r-release-linux-x86_64 3.2.4 6.20 138.14 144.34 OK
r-release-windows-ix86+x86_64 3.2.4 18.00 238.00 256.00 NOTE
r-release-osx-x86_64 3.2.4 NOTE
r-oldrel-windows-ix86+x86_64 3.2.4 16.00 240.00 256.00 NOTE
r-oldrel-osx-x86_64 3.2.4 NOTE

Check Details

Version: 3.2.4
Check: installed package size
Result: NOTE
     installed size is 5.9Mb
     sub-directories of 1Mb or more:
     app 2.6Mb
     doc 2.2Mb
Flavors: r-devel-linux-x86_64-fedora-clang, r-devel-linux-x86_64-fedora-gcc, r-devel-windows-ix86+x86_64, r-patched-solaris-x86, r-release-windows-ix86+x86_64, r-release-osx-x86_64, r-oldrel-windows-ix86+x86_64, r-oldrel-osx-x86_64