CRAN Package Check Results for Package compareGroups

Last updated on 2014-09-02 15:48:53.

Flavor Version Tinstall Tcheck Ttotal Status Flags
r-devel-linux-x86_64-debian-clang 2.0.5 2.88 113.70 116.58 OK
r-devel-linux-x86_64-debian-gcc 2.0.5 2.75 111.06 113.81 OK
r-devel-linux-x86_64-fedora-clang 2.0.5 252.15 OK
r-devel-linux-x86_64-fedora-gcc 2.0.5 239.67 OK
r-devel-osx-x86_64-clang 2.0.5 182.63 OK
r-devel-windows-ix86+x86_64 2.0.5 12.00 206.00 218.00 OK
r-patched-linux-x86_64 2.0.5 3.02 117.22 120.24 OK
r-patched-solaris-sparc 2.0.5 1326.00 OK
r-patched-solaris-x86 2.0.5 308.80 OK
r-release-linux-ix86 2.0.4 4.06 156.97 161.03 OK
r-release-linux-x86_64 2.0.5 3.29 118.30 121.59 OK
r-release-osx-x86_64-mavericks 2.0.5 NOTE
r-release-osx-x86_64-snowleopard 2.0.5 OK
r-release-windows-ix86+x86_64 2.0.5 11.00 213.00 224.00 OK
r-oldrel-windows-ix86+x86_64 2.0.5 12.00 225.00 237.00 OK

Check Details

Version: 2.0.5
Check: re-building of vignette outputs
Result: NOTE
    Error in re-building vignettes:
     ...
    Warning in HWf(X) : Monomorphic marker, f set to zero.
    Warning in homozyg(X) :
     Genotypes are not labelled, default labels (AA, AB, BB) assumed.
    Warning in heterozyg(X) :
     Genotypes are not labelled, default labels assumed.
    Warning in homozyg(X) :
     Genotypes are not labelled, default labels (AA, AB, BB) assumed.
    Warning in heterozyg(X) :
     Genotypes are not labelled, default labels assumed.
    Warning in homozyg(X) :
     Genotypes are not labelled, default labels (AA, AB, BB) assumed.
    Warning in heterozyg(X) :
     Genotypes are not labelled, default labels assumed.
    Warning in HWChisq(X[i, ], ...) :
     Expected counts below 5: chi-square approximation may be incorrect
    Warning in HWf(X) : Monomorphic marker, f set to zero.
    Error in texi2dvi(file = file, pdf = TRUE, clean = clean, quiet = quiet, :
     Running 'texi2dvi' on 'compareGroups_vignette.tex' failed.
    LaTeX errors:
    ! LaTeX Error: File `multirow.sty' not found.
    
    Type X to quit or <RETURN> to proceed,
    or enter new name. (Default extension: sty)
    Calls: buildVignettes -> texi2pdf -> texi2dvi
    Execution halted
Flavor: r-release-osx-x86_64-mavericks