CRAN Package Check Results for Package compareGroups

Last updated on 2017-06-29 06:52:46.

Flavor Version Tinstall Tcheck Ttotal Status Flags
r-devel-linux-x86_64-debian-clang 3.2.4 5.45 136.01 141.46 OK
r-devel-linux-x86_64-debian-gcc 3.2.4 5.41 135.38 140.79 OK
r-devel-linux-x86_64-fedora-clang 3.2.4 302.51 NOTE
r-devel-linux-x86_64-fedora-gcc 3.2.4 291.97 NOTE
r-devel-windows-ix86+x86_64 3.2.4 23.00 236.00 259.00 NOTE
r-patched-linux-x86_64 3.2.4 5.78 135.72 141.50 OK
r-patched-solaris-sparc 3.2.4 1783.30 NOTE
r-patched-solaris-x86 3.2.4 323.10 NOTE
r-release-linux-x86_64 3.2.4 5.81 136.36 142.16 OK
r-release-windows-ix86+x86_64 3.2.4 18.00 364.00 382.00 NOTE
r-release-osx-x86_64 3.2.4 NOTE
r-oldrel-windows-ix86+x86_64 3.2.4 27.00 365.00 392.00 NOTE
r-oldrel-osx-x86_64 3.2.4 NOTE

Check Details

Version: 3.2.4
Check: installed package size
Result: NOTE
     installed size is 5.9Mb
     sub-directories of 1Mb or more:
     app 2.6Mb
     doc 2.2Mb
Flavors: r-devel-linux-x86_64-fedora-clang, r-devel-linux-x86_64-fedora-gcc, r-devel-windows-ix86+x86_64, r-patched-solaris-sparc, r-patched-solaris-x86, r-release-windows-ix86+x86_64, r-release-osx-x86_64, r-oldrel-windows-ix86+x86_64, r-oldrel-osx-x86_64