CRAN Package Check Results for Package compareGroups

Last updated on 2018-05-21 10:49:52 CEST.

Flavor Version Tinstall Tcheck Ttotal Status Flags
r-devel-linux-x86_64-debian-clang 3.4.0 16.72 202.80 219.52 OK
r-devel-linux-x86_64-debian-gcc 3.4.0 13.18 181.41 194.59 OK
r-devel-linux-x86_64-fedora-clang 3.4.0 196.98 OK
r-devel-linux-x86_64-fedora-gcc 3.4.0 188.32 OK
r-devel-windows-ix86+x86_64 3.4.0 24.00 225.00 249.00 OK
r-patched-linux-x86_64 3.3.4 13.82 215.01 228.83 OK
r-patched-solaris-x86 3.4.0 302.00 OK
r-release-linux-x86_64 3.4.0 15.58 210.61 226.19 OK
r-release-windows-ix86+x86_64 3.4.0 25.00 347.00 372.00 ERROR
r-release-osx-x86_64 3.4.0 OK
r-oldrel-windows-ix86+x86_64 3.4.0 8.00 6.00 14.00 ERROR
r-oldrel-osx-x86_64 3.3.3 OK

Check Details

Version: 3.4.0
Check: whether package can be installed
Result: ERROR
    Installation failed.
Flavors: r-release-windows-ix86+x86_64, r-oldrel-windows-ix86+x86_64