CRAN Package Check Results for Package compareGroups

Last updated on 2014-11-23 19:47:42.

Flavor Version Tinstall Tcheck Ttotal Status Flags
r-devel-linux-x86_64-debian-clang 2.0.5 2.98 122.21 125.20 OK
r-devel-linux-x86_64-debian-gcc 2.0.5 2.76 117.54 120.30 OK
r-devel-linux-x86_64-fedora-clang 2.0.5 245.16 OK
r-devel-linux-x86_64-fedora-gcc 2.0.5 235.70 OK
r-devel-osx-x86_64-clang 2.0.5 196.64 OK
r-devel-windows-ix86+x86_64 2.0.5 13.00 214.00 227.00 OK
r-patched-linux-x86_64 2.0.5 2.98 122.86 125.84 OK
r-patched-solaris-sparc 2.0.5 1326.00 OK
r-patched-solaris-x86 2.0.5 297.20 OK
r-release-linux-ix86 2.0.5 3.78 149.27 153.05 OK
r-release-linux-x86_64 2.0.5 3.05 123.20 126.24 OK
r-release-osx-x86_64-mavericks 2.0.5 NOTE
r-release-osx-x86_64-snowleopard 2.0.5 OK
r-release-windows-ix86+x86_64 2.0.5 13.00 223.00 236.00 OK
r-oldrel-windows-ix86+x86_64 2.0.5 12.00 234.00 246.00 OK

Check Details

Version: 2.0.5
Check: re-building of vignette outputs
Result: NOTE
    Error in re-building vignettes:
     ...
    Warning in HWf(X) : Monomorphic marker, f set to zero.
    Warning in homozyg(X) :
     Genotypes are not labelled, default labels (AA, AB, BB) assumed.
    Warning in heterozyg(X) :
     Genotypes are not labelled, default labels assumed.
    Warning in homozyg(X) :
     Genotypes are not labelled, default labels (AA, AB, BB) assumed.
    Warning in heterozyg(X) :
     Genotypes are not labelled, default labels assumed.
    Warning in homozyg(X) :
     Genotypes are not labelled, default labels (AA, AB, BB) assumed.
    Warning in heterozyg(X) :
     Genotypes are not labelled, default labels assumed.
    Warning in HWChisq(X[i, ], ...) :
     Expected counts below 5: chi-square approximation may be incorrect
    Warning in HWf(X) : Monomorphic marker, f set to zero.
    Error in texi2dvi(file = file, pdf = TRUE, clean = clean, quiet = quiet, :
     Running 'texi2dvi' on 'compareGroups_vignette.tex' failed.
    LaTeX errors:
    ! LaTeX Error: File `multirow.sty' not found.
    
    Type X to quit or <RETURN> to proceed,
    or enter new name. (Default extension: sty)
    Calls: buildVignettes -> texi2pdf -> texi2dvi
    Execution halted
Flavor: r-release-osx-x86_64-mavericks