CRAN Package Check Results for Package compareGroups

Last updated on 2014-04-24 03:47:42.

Flavor Version Tinstall Tcheck Ttotal Status Flags
r-devel-linux-x86_64-debian-clang 2.0.2 2.49 96.38 98.87 OK
r-devel-linux-x86_64-debian-gcc 2.0.2 2.49 96.19 98.68 OK
r-devel-linux-x86_64-fedora-clang 2.0.2 210.31 OK
r-devel-linux-x86_64-fedora-gcc 2.0.2 202.42 OK
r-devel-osx-x86_64-clang 2.0.2 146.82 OK
r-devel-osx-x86_64-gcc 2.0.2 ERROR
r-devel-windows-ix86+x86_64 2.0.2 8.00 134.00 142.00 OK
r-patched-linux-x86_64 2.0.2 2.40 95.40 97.79 OK
r-patched-solaris-sparc 2.0.2 1073.00 OK
r-patched-solaris-x86 2.0.2 243.00 OK
r-release-linux-ix86 2.0.2 5.00 160.00 165.00 OK
r-release-linux-x86_64 2.0.2 2.58 95.68 98.26 OK
r-release-osx-x86_64-mavericks 2.0.2 NOTE
r-release-osx-x86_64-snowleopard 2.0.2 OK
r-release-windows-ix86+x86_64 2.0.2 11.00 148.00 159.00 OK
r-oldrel-windows-ix86+x86_64 2.0.2 10.00 153.00 163.00 OK

Check Details

Version: 2.0.2
Check: package dependencies
Result: ERROR
    Package required but not available: ‘Hmisc’
    
    Package suggested but not available for checking: ‘car’
    
    See the information on DESCRIPTION files in the chapter ‘Creating R
    packages’ of the ‘Writing R Extensions’ manual.
Flavor: r-devel-osx-x86_64-gcc

Version: 2.0.2
Check: re-building of vignette outputs
Result: NOTE
    Error in re-building vignettes:
     ...
    Warning in HWChisq(X[i, ], ...) :
     Expected counts below 5: chi-square approximation may be incorrect
    Warning in homozyg(X) :
     Genotypes are not labelled, default labels (AA, AB, BB) assumed.
    Warning in heterozyg(X) :
     Genotypes are not labelled, default labels assumed.
    Warning in homozyg(X) :
     Genotypes are not labelled, default labels (AA, AB, BB) assumed.
    Warning in heterozyg(X) :
     Genotypes are not labelled, default labels assumed.
    Warning in homozyg(X) :
     Genotypes are not labelled, default labels (AA, AB, BB) assumed.
    Warning in heterozyg(X) :
     Genotypes are not labelled, default labels assumed.
    Warning in HWChisq(X[i, ], ...) :
     Expected counts below 5: chi-square approximation may be incorrect
    Error in texi2dvi(file = file, pdf = TRUE, clean = clean, quiet = quiet, :
     Running 'texi2dvi' on 'compareGroups_vignette.tex' failed.
    LaTeX errors:
    ! LaTeX Error: File `multirow.sty' not found.
    
    Type X to quit or <RETURN> to proceed,
    or enter new name. (Default extension: sty)
    Calls: buildVignettes -> texi2pdf -> texi2dvi
    Execution halted
Flavor: r-release-osx-x86_64-mavericks