CRAN Package Check Results for Package compareGroups

Last updated on 2017-04-27 23:49:43.

Flavor Version Tinstall Tcheck Ttotal Status Flags
r-devel-linux-x86_64-debian-clang 3.2.4 5.71 135.28 140.99 OK
r-devel-linux-x86_64-debian-gcc 3.2.4 5.37 134.68 140.05 OK
r-devel-linux-x86_64-fedora-clang 3.2.4 298.74 NOTE --no-stop-on-test-error
r-devel-linux-x86_64-fedora-gcc 3.2.4 294.13 NOTE --no-stop-on-test-error
r-devel-windows-ix86+x86_64 3.2.4 13.00 229.00 242.00 NOTE
r-patched-linux-x86_64 3.2.4 5.57 135.20 140.77 OK
r-patched-solaris-sparc 3.2.4 1783.30 NOTE
r-patched-solaris-x86 3.2.4 316.20 NOTE
r-release-linux-x86_64 3.2.4 5.72 137.09 142.80 OK
r-release-windows-ix86+x86_64 3.2.4 16.00 255.00 271.00 NOTE
r-release-osx-x86_64 3.2.4 NOTE
r-oldrel-windows-ix86+x86_64 3.2.4 23.00 335.00 358.00 NOTE
r-oldrel-osx-x86_64 3.2.4 NOTE

Check Details

Version: 3.2.4
Flags: --no-stop-on-test-error
Check: installed package size
Result: NOTE
     installed size is 5.9Mb
     sub-directories of 1Mb or more:
     app 2.6Mb
     doc 2.2Mb
Flavors: r-devel-linux-x86_64-fedora-clang, r-devel-linux-x86_64-fedora-gcc

Version: 3.2.4
Check: installed package size
Result: NOTE
     installed size is 5.9Mb
     sub-directories of 1Mb or more:
     app 2.6Mb
     doc 2.2Mb
Flavors: r-devel-windows-ix86+x86_64, r-patched-solaris-sparc, r-patched-solaris-x86, r-release-windows-ix86+x86_64, r-release-osx-x86_64, r-oldrel-windows-ix86+x86_64, r-oldrel-osx-x86_64