CRAN Package Check Results for Package compareGroups

Last updated on 2017-10-17 19:47:47.

Flavor Version Tinstall Tcheck Ttotal Status Flags
r-devel-linux-x86_64-debian-clang 3.3.1 5.54 139.02 144.56 OK
r-devel-linux-x86_64-debian-gcc 3.3.1 6.30 148.51 154.81 OK
r-devel-linux-x86_64-fedora-clang 3.3.1 293.29 NOTE
r-devel-linux-x86_64-fedora-gcc 3.3.1 304.36 NOTE
r-devel-windows-ix86+x86_64 3.3.1 19.00 222.00 241.00 NOTE
r-patched-linux-x86_64 3.3.1 6.13 135.98 142.10 OK
r-patched-solaris-x86 3.3.1 331.00 NOTE
r-release-linux-x86_64 3.3.1 5.80 137.08 142.89 OK
r-release-windows-ix86+x86_64 3.3.1 24.00 360.00 384.00 NOTE
r-release-osx-x86_64 3.3.1 NOTE
r-oldrel-windows-ix86+x86_64 3.3.1 29.00 216.00 245.00 NOTE
r-oldrel-osx-x86_64 3.3.1 NOTE

Check Details

Version: 3.3.1
Check: installed package size
Result: NOTE
     installed size is 5.9Mb
     sub-directories of 1Mb or more:
     app 2.6Mb
     doc 2.2Mb
Flavors: r-devel-linux-x86_64-fedora-clang, r-devel-linux-x86_64-fedora-gcc, r-devel-windows-ix86+x86_64, r-patched-solaris-x86, r-release-windows-ix86+x86_64, r-release-osx-x86_64, r-oldrel-windows-ix86+x86_64, r-oldrel-osx-x86_64