CRAN Package Check Results for Package compareGroups

Last updated on 2014-07-28 13:48:28.

Flavor Version Tinstall Tcheck Ttotal Status Flags
r-devel-linux-x86_64-debian-clang 2.0.4 2.34 106.19 108.53 OK
r-devel-linux-x86_64-debian-gcc 2.0.4 2.12 103.46 105.58 OK
r-devel-linux-x86_64-fedora-clang 2.0.4 233.05 OK
r-devel-linux-x86_64-fedora-gcc 2.0.4 221.34 OK
r-devel-osx-x86_64-clang 2.0.4 171.60 OK
r-devel-windows-ix86+x86_64 2.0.4 9.00 187.00 196.00 OK
r-patched-linux-x86_64 2.0.4 2.21 103.99 106.20 OK
r-patched-solaris-sparc 2.0.4 1208.60 OK
r-patched-solaris-x86 2.0.4 278.30 OK
r-release-linux-ix86 2.0.4 3.14 142.38 145.51 OK
r-release-linux-x86_64 2.0.4 2.23 105.09 107.32 OK
r-release-osx-x86_64-mavericks 2.0.4 NOTE
r-release-osx-x86_64-snowleopard 2.0.4 OK
r-release-windows-ix86+x86_64 2.0.4 10.00 187.00 197.00 OK
r-oldrel-windows-ix86+x86_64 2.0.4 10.00 197.00 207.00 OK

Check Details

Version: 2.0.4
Check: re-building of vignette outputs
Result: NOTE
    Error in re-building vignettes:
     ...
    Warning in HWChisq(X[i, ], ...) :
     Expected counts below 5: chi-square approximation may be incorrect
    Warning in homozyg(X) :
     Genotypes are not labelled, default labels (AA, AB, BB) assumed.
    Warning in heterozyg(X) :
     Genotypes are not labelled, default labels assumed.
    Warning in homozyg(X) :
     Genotypes are not labelled, default labels (AA, AB, BB) assumed.
    Warning in heterozyg(X) :
     Genotypes are not labelled, default labels assumed.
    Warning in homozyg(X) :
     Genotypes are not labelled, default labels (AA, AB, BB) assumed.
    Warning in heterozyg(X) :
     Genotypes are not labelled, default labels assumed.
    Warning in HWChisq(X[i, ], ...) :
     Expected counts below 5: chi-square approximation may be incorrect
    Error in texi2dvi(file = file, pdf = TRUE, clean = clean, quiet = quiet, :
     Running 'texi2dvi' on 'compareGroups_vignette.tex' failed.
    LaTeX errors:
    ! LaTeX Error: File `multirow.sty' not found.
    
    Type X to quit or <RETURN> to proceed,
    or enter new name. (Default extension: sty)
    Calls: buildVignettes -> texi2pdf -> texi2dvi
    Execution halted
Flavor: r-release-osx-x86_64-mavericks