CRAN Package Check Results for Package compareGroups

Last updated on 2016-05-28 23:47:32.

Flavor Version Tinstall Tcheck Ttotal Status Flags
r-devel-linux-x86_64-debian-gcc 3.2.1 5.32 129.05 134.36 NOTE
r-devel-linux-x86_64-fedora-clang 3.2.1 267.75 NOTE
r-devel-linux-x86_64-fedora-gcc 3.2.1 246.75 NOTE
r-devel-osx-x86_64-clang 3.2.1 241.68 NOTE
r-devel-windows-ix86+x86_64 3.2.1 16.00 228.00 244.00 NOTE
r-patched-linux-x86_64 3.2.1 5.68 126.80 132.48 NOTE
r-patched-solaris-sparc 3.2.1 1578.40 NOTE
r-patched-solaris-x86 3.2.1 282.80 NOTE
r-release-linux-x86_64 3.2.1 5.69 127.82 133.51 NOTE
r-release-osx-x86_64-mavericks 3.2.1 NOTE
r-release-windows-ix86+x86_64 3.2.1 24.00 231.00 255.00 NOTE
r-oldrel-windows-ix86+x86_64 3.2.1 18.00 226.00 244.00 NOTE

Check Details

Version: 3.2.1
Check: installed package size
Result: NOTE
     installed size is 5.9Mb
     sub-directories of 1Mb or more:
     app 2.6Mb
     doc 2.2Mb
Flavors: r-devel-linux-x86_64-debian-gcc, r-devel-linux-x86_64-fedora-clang, r-devel-linux-x86_64-fedora-gcc, r-devel-osx-x86_64-clang, r-devel-windows-ix86+x86_64, r-patched-linux-x86_64, r-patched-solaris-sparc, r-patched-solaris-x86, r-release-linux-x86_64, r-release-osx-x86_64-mavericks, r-release-windows-ix86+x86_64, r-oldrel-windows-ix86+x86_64

Version: 3.2.1
Check: dependencies in R code
Result: NOTE
    Invalid MIT-MAGIC-COOKIE-1 key
Flavor: r-release-osx-x86_64-mavericks