CRAN Package Check Results for Package compareGroups

Last updated on 2016-12-08 15:48:12.

Flavor Version Tinstall Tcheck Ttotal Status Flags
r-devel-linux-x86_64-debian-clang 3.2.1 5.79 146.68 152.47 OK
r-devel-linux-x86_64-debian-gcc 3.2.1 5.45 144.96 150.41 OK
r-devel-linux-x86_64-fedora-clang 3.2.2 311.34 NOTE --no-stop-on-test-error
r-devel-linux-x86_64-fedora-gcc 3.2.2 295.20 NOTE --no-stop-on-test-error
r-devel-macos-x86_64-clang 3.2.2 124.27 NOTE --no-stop-on-test-error
r-devel-windows-ix86+x86_64 3.2.2 17.00 199.00 216.00 NOTE
r-patched-linux-x86_64 3.2.2 5.48 135.82 141.30 OK
r-patched-solaris-sparc 3.2.2 1542.10 NOTE
r-patched-solaris-x86 3.2.2 258.10 OK
r-release-linux-x86_64 3.2.1 5.64 135.39 141.03 OK
r-release-osx-x86_64-mavericks 3.2.1 NOTE
r-release-windows-ix86+x86_64 3.2.1 14.00 216.00 230.00 NOTE
r-oldrel-windows-ix86+x86_64 3.2.2 27.00 281.00 308.00 NOTE

Check Details

Version: 3.2.2
Flags: --no-stop-on-test-error
Check: installed package size
Result: NOTE
     installed size is 5.9Mb
     sub-directories of 1Mb or more:
     app 2.6Mb
     doc 2.2Mb
Flavors: r-devel-linux-x86_64-fedora-clang, r-devel-linux-x86_64-fedora-gcc, r-devel-macos-x86_64-clang

Version: 3.2.2
Check: installed package size
Result: NOTE
     installed size is 5.9Mb
     sub-directories of 1Mb or more:
     app 2.6Mb
     doc 2.2Mb
Flavors: r-devel-windows-ix86+x86_64, r-patched-solaris-sparc, r-oldrel-windows-ix86+x86_64

Version: 3.2.1
Check: installed package size
Result: NOTE
     installed size is 5.9Mb
     sub-directories of 1Mb or more:
     app 2.5Mb
     doc 2.2Mb
Flavors: r-release-osx-x86_64-mavericks, r-release-windows-ix86+x86_64

Version: 3.2.1
Check: dependencies in R code
Result: NOTE
    Invalid MIT-MAGIC-COOKIE-1 key
Flavor: r-release-osx-x86_64-mavericks