CRAN Package Check Results for Package compareODM

Last updated on 2014-09-23 09:53:09.

Flavor Version Tinstall Tcheck Ttotal Status Flags
r-devel-linux-x86_64-debian-clang 1.2 0.98 13.33 14.31 NOTE
r-devel-linux-x86_64-debian-gcc 1.2 0.96 12.91 13.87 NOTE
r-devel-linux-x86_64-fedora-clang 1.2 30.43 NOTE
r-devel-linux-x86_64-fedora-gcc 1.2 27.74 NOTE
r-devel-osx-x86_64-clang 1.2 30.74 NOTE
r-devel-windows-ix86+x86_64 1.2 3.00 21.00 24.00 NOTE
r-patched-linux-x86_64 1.2 1.06 13.85 14.92 NOTE
r-patched-solaris-sparc 1.2 179.30 NOTE
r-patched-solaris-x86 1.2 43.10 NOTE
r-release-linux-ix86 1.2 1.36 20.03 21.39 NOTE
r-release-linux-x86_64 1.2 1.03 14.37 15.40 NOTE
r-release-osx-x86_64-mavericks 1.2 NOTE
r-release-windows-ix86+x86_64 1.2 3.00 29.00 32.00 NOTE
r-oldrel-windows-ix86+x86_64 1.2 6.00 31.00 37.00 NOTE

Check Details

Version: 1.2
Check: dependencies in R code
Result: NOTE
    'library' or 'require' call to ‘XML’ which was already attached by Depends.
     Please remove these calls from your code.
    Package in Depends field not imported from: ‘XML’
     These packages need to be imported from (in the NAMESPACE file)
     for when this namespace is loaded but not attached.
    See the information on DESCRIPTION files in the chapter ‘Creating R
    packages’ of the ‘Writing R Extensions’ manual.
Flavors: r-devel-linux-x86_64-debian-clang, r-devel-linux-x86_64-debian-gcc, r-devel-linux-x86_64-fedora-clang, r-devel-linux-x86_64-fedora-gcc, r-devel-osx-x86_64-clang, r-devel-windows-ix86+x86_64, r-patched-linux-x86_64, r-patched-solaris-sparc, r-patched-solaris-x86, r-release-linux-ix86, r-release-linux-x86_64, r-release-osx-x86_64-mavericks, r-release-windows-ix86+x86_64, r-oldrel-windows-ix86+x86_64

Version: 1.2
Check: R code for possible problems
Result: NOTE
    compareODM: no visible global function definition for ‘xmlRoot’
    compareODM: no visible global function definition for ‘xmlTreeParse’
    compareODM: no visible global function definition for ‘xmlChildren’
    compareODM: no visible global function definition for ‘xmlAttrs’
    compareODM: no visible global function definition for ‘xmlValue’
Flavors: r-devel-linux-x86_64-debian-clang, r-devel-linux-x86_64-debian-gcc, r-devel-linux-x86_64-fedora-clang, r-devel-linux-x86_64-fedora-gcc, r-devel-osx-x86_64-clang, r-devel-windows-ix86+x86_64