CRAN Package Check Results for Package compareODM

Last updated on 2014-12-21 11:46:31.

Flavor Version Tinstall Tcheck Ttotal Status Flags
r-devel-linux-x86_64-debian-clang 1.2 0.98 14.08 15.06 NOTE
r-devel-linux-x86_64-debian-gcc 1.2 0.93 13.30 14.23 NOTE
r-devel-linux-x86_64-fedora-clang 1.2 32.52 NOTE
r-devel-linux-x86_64-fedora-gcc 1.2 29.72 NOTE
r-devel-osx-x86_64-clang 1.2 30.44 NOTE
r-devel-windows-ix86+x86_64 1.2 6.00 29.00 35.00 NOTE
r-patched-linux-x86_64 1.2 0.99 13.77 14.76 NOTE
r-patched-solaris-sparc 1.2 170.60 NOTE
r-patched-solaris-x86 1.2 43.00 NOTE
r-release-linux-ix86 1.2 1.25 19.10 20.35 NOTE
r-release-linux-x86_64 1.2 0.99 13.53 14.52 NOTE
r-release-osx-x86_64-mavericks 1.2 NOTE
r-release-windows-ix86+x86_64 1.2 3.00 23.00 26.00 NOTE
r-oldrel-windows-ix86+x86_64 1.2 3.00 23.00 26.00 NOTE

Check Details

Version: 1.2
Check: dependencies in R code
Result: NOTE
    'library' or 'require' call to ‘XML’ which was already attached by Depends.
     Please remove these calls from your code.
    Package in Depends field not imported from: ‘XML’
     These packages need to be imported from (in the NAMESPACE file)
     for when this namespace is loaded but not attached.
    See the information on DESCRIPTION files in the chapter ‘Creating R
    packages’ of the ‘Writing R Extensions’ manual.
Flavors: r-devel-linux-x86_64-debian-clang, r-devel-linux-x86_64-debian-gcc, r-devel-linux-x86_64-fedora-clang, r-devel-linux-x86_64-fedora-gcc, r-devel-osx-x86_64-clang, r-devel-windows-ix86+x86_64, r-patched-linux-x86_64, r-patched-solaris-sparc, r-patched-solaris-x86, r-release-linux-ix86, r-release-linux-x86_64, r-release-osx-x86_64-mavericks, r-release-windows-ix86+x86_64, r-oldrel-windows-ix86+x86_64

Version: 1.2
Check: R code for possible problems
Result: NOTE
    compareODM: no visible global function definition for ‘xmlRoot’
    compareODM: no visible global function definition for ‘xmlTreeParse’
    compareODM: no visible global function definition for ‘xmlChildren’
    compareODM: no visible global function definition for ‘xmlAttrs’
    compareODM: no visible global function definition for ‘xmlValue’
Flavors: r-devel-linux-x86_64-debian-clang, r-devel-linux-x86_64-debian-gcc, r-devel-linux-x86_64-fedora-clang, r-devel-linux-x86_64-fedora-gcc, r-devel-osx-x86_64-clang, r-devel-windows-ix86+x86_64, r-patched-linux-x86_64, r-patched-solaris-sparc, r-patched-solaris-x86, r-release-linux-ix86, r-release-linux-x86_64, r-release-windows-ix86+x86_64