CRAN Package Check Results for Package compareODM

Last updated on 2014-04-17 10:47:46.

Flavor Version Tinstall Tcheck Ttotal Status Flags
r-devel-linux-x86_64-debian-clang 1.2 1.06 14.06 15.13 NOTE
r-devel-linux-x86_64-debian-gcc 1.2 1.06 14.15 15.21 NOTE
r-devel-linux-x86_64-fedora-clang 1.2 32.27 NOTE
r-devel-linux-x86_64-fedora-gcc 1.2 30.33 NOTE
r-devel-macosx-x86_64-clang 1.2 31.75 NOTE
r-devel-macosx-x86_64-gcc 1.2 ERROR
r-devel-windows-ix86+x86_64 1.2 3.00 29.00 32.00 NOTE
r-patched-linux-x86_64 1.2 1.12 14.18 15.30 NOTE
r-patched-solaris-sparc 1.2 177.90 NOTE
r-patched-solaris-x86 1.2 45.30 NOTE
r-release-linux-ix86 1.2 3.00 28.00 31.00 NOTE
r-release-linux-x86_64 1.2 1.04 14.01 15.06 NOTE
r-release-windows-ix86+x86_64 1.2 6.00 29.00 35.00 NOTE
r-oldrel-windows-ix86+x86_64 1.2 3.00 23.00 26.00 NOTE

Check Details

Version: 1.2
Check: dependencies in R code
Result: NOTE
    'library' or 'require' call to ‘XML’ which was already attached by Depends.
     Please remove these calls from your code.
    Package in Depends field not imported from: ‘XML’
     These packages need to be imported from (in the NAMESPACE file)
     for when this namespace is loaded but not attached.
    See the information on DESCRIPTION files in the chapter ‘Creating R
    packages’ of the ‘Writing R Extensions’ manual.
Flavors: r-devel-linux-x86_64-debian-clang, r-devel-linux-x86_64-debian-gcc, r-devel-linux-x86_64-fedora-clang, r-devel-linux-x86_64-fedora-gcc, r-devel-macosx-x86_64-clang, r-devel-windows-ix86+x86_64, r-patched-linux-x86_64, r-patched-solaris-sparc, r-patched-solaris-x86, r-release-linux-ix86, r-release-linux-x86_64, r-release-windows-ix86+x86_64, r-oldrel-windows-ix86+x86_64

Version: 1.2
Check: package dependencies
Result: ERROR
    Package required but not available: ‘XML’
    
    See the information on DESCRIPTION files in the chapter ‘Creating R
    packages’ of the ‘Writing R Extensions’ manual.
Flavor: r-devel-macosx-x86_64-gcc