CRAN Package Check Results for Package compareODM

Last updated on 2017-09-21 17:47:59.

Flavor Version Tinstall Tcheck Ttotal Status Flags
r-devel-linux-x86_64-debian-clang 1.2 0.83 13.89 14.71 NOTE
r-devel-linux-x86_64-debian-gcc 1.2 0.86 13.79 14.64 NOTE
r-devel-linux-x86_64-fedora-clang 1.2 26.45 NOTE
r-devel-linux-x86_64-fedora-gcc 1.2 25.23 NOTE
r-devel-windows-ix86+x86_64 1.2 3.00 32.00 35.00 NOTE
r-patched-linux-x86_64 1.2 0.89 13.80 14.69 NOTE
r-patched-solaris-x86 1.2 36.30 NOTE
r-release-linux-x86_64 1.2 1.06 13.68 14.74 NOTE
r-release-windows-ix86+x86_64 1.2 3.00 31.00 34.00 NOTE
r-release-osx-x86_64 1.2 NOTE
r-oldrel-windows-ix86+x86_64 1.2 7.00 41.00 48.00 NOTE
r-oldrel-osx-x86_64 1.2 NOTE

Check Details

Version: 1.2
Check: DESCRIPTION meta-information
Result: NOTE
    Malformed Description field: should contain one or more complete sentences.
Flavors: r-devel-linux-x86_64-debian-clang, r-devel-linux-x86_64-debian-gcc, r-devel-linux-x86_64-fedora-clang, r-devel-linux-x86_64-fedora-gcc, r-devel-windows-ix86+x86_64, r-patched-linux-x86_64, r-patched-solaris-x86, r-release-linux-x86_64, r-release-windows-ix86+x86_64, r-release-osx-x86_64, r-oldrel-windows-ix86+x86_64, r-oldrel-osx-x86_64

Version: 1.2
Check: dependencies in R code
Result: NOTE
    'library' or 'require' call to ‘XML’ which was already attached by Depends.
     Please remove these calls from your code.
    Package in Depends field not imported from: ‘XML’
     These packages need to be imported from (in the NAMESPACE file)
     for when this namespace is loaded but not attached.
Flavors: r-devel-linux-x86_64-debian-clang, r-devel-linux-x86_64-debian-gcc, r-devel-linux-x86_64-fedora-clang, r-devel-linux-x86_64-fedora-gcc, r-devel-windows-ix86+x86_64, r-patched-linux-x86_64, r-patched-solaris-x86, r-release-linux-x86_64, r-release-windows-ix86+x86_64, r-release-osx-x86_64, r-oldrel-windows-ix86+x86_64, r-oldrel-osx-x86_64

Version: 1.2
Check: R code for possible problems
Result: NOTE
    compareODM: no visible global function definition for ‘xmlRoot’
    compareODM: no visible global function definition for ‘xmlTreeParse’
    compareODM: no visible global function definition for ‘xmlChildren’
    compareODM: no visible global function definition for ‘xmlAttrs’
    compareODM: no visible global function definition for ‘xmlValue’
    Undefined global functions or variables:
     xmlAttrs xmlChildren xmlRoot xmlTreeParse xmlValue
Flavors: r-devel-linux-x86_64-debian-clang, r-devel-linux-x86_64-debian-gcc, r-devel-linux-x86_64-fedora-clang, r-devel-linux-x86_64-fedora-gcc, r-devel-windows-ix86+x86_64, r-patched-linux-x86_64, r-patched-solaris-x86, r-release-linux-x86_64, r-release-windows-ix86+x86_64, r-release-osx-x86_64, r-oldrel-windows-ix86+x86_64, r-oldrel-osx-x86_64