CRAN Package Check Results for Package compareODM

Last updated on 2014-07-22 15:51:48.

Flavor Version Tinstall Tcheck Ttotal Status Flags
r-devel-linux-x86_64-debian-clang 1.2 1.00 13.44 14.45 NOTE
r-devel-linux-x86_64-debian-gcc 1.2 0.98 13.34 14.32 NOTE
r-devel-linux-x86_64-fedora-clang 1.2 33.31 NOTE
r-devel-linux-x86_64-fedora-gcc 1.2 29.55 NOTE
r-devel-osx-x86_64-clang 1.2 30.60 NOTE
r-devel-windows-ix86+x86_64 1.2 3.00 23.00 26.00 NOTE
r-patched-linux-x86_64 1.2 1.00 13.67 14.67 NOTE
r-patched-solaris-sparc 1.2 177.90 NOTE
r-patched-solaris-x86 1.2 43.10 NOTE
r-release-linux-ix86 1.2 1.46 19.90 21.37 NOTE
r-release-linux-x86_64 1.2 1.02 14.20 15.22 NOTE
r-release-osx-x86_64-mavericks 1.2 NOTE
r-release-windows-ix86+x86_64 1.2 5.00 23.00 28.00 NOTE
r-oldrel-windows-ix86+x86_64 1.2 3.00 23.00 26.00 NOTE

Check Details

Version: 1.2
Check: dependencies in R code
Result: NOTE
    'library' or 'require' call to ‘XML’ which was already attached by Depends.
     Please remove these calls from your code.
    Package in Depends field not imported from: ‘XML’
     These packages need to be imported from (in the NAMESPACE file)
     for when this namespace is loaded but not attached.
    See the information on DESCRIPTION files in the chapter ‘Creating R
    packages’ of the ‘Writing R Extensions’ manual.
Flavors: r-devel-linux-x86_64-debian-clang, r-devel-linux-x86_64-debian-gcc, r-devel-linux-x86_64-fedora-clang, r-devel-linux-x86_64-fedora-gcc, r-devel-osx-x86_64-clang, r-devel-windows-ix86+x86_64, r-patched-linux-x86_64, r-patched-solaris-sparc, r-patched-solaris-x86, r-release-linux-ix86, r-release-linux-x86_64, r-release-osx-x86_64-mavericks, r-release-windows-ix86+x86_64, r-oldrel-windows-ix86+x86_64