CRAN Package Check Results for Package compareODM

Last updated on 2015-09-01 06:47:58.

Flavor Version Tinstall Tcheck Ttotal Status Flags
r-devel-linux-x86_64-debian-clang 1.2 0.77 11.54 12.32 NOTE
r-devel-linux-x86_64-debian-gcc 1.2 0.74 11.52 12.25 NOTE
r-devel-linux-x86_64-fedora-clang 1.2 24.05 NOTE
r-devel-linux-x86_64-fedora-gcc 1.2 22.75 NOTE
r-devel-osx-x86_64-clang 1.2 22.43 NOTE
r-devel-windows-ix86+x86_64 1.2 3.00 25.00 28.00 NOTE
r-patched-linux-x86_64 1.2 0.89 12.31 13.20 NOTE
r-patched-solaris-sparc 1.2 162.40 NOTE
r-patched-solaris-x86 1.2 37.50 NOTE
r-release-linux-x86_64 1.2 0.84 12.28 13.12 NOTE
r-release-osx-x86_64-mavericks 1.2 NOTE
r-release-windows-ix86+x86_64 1.2 3.00 33.00 36.00 NOTE
r-oldrel-windows-ix86+x86_64 1.2 4.00 22.00 26.00 NOTE

Check Details

Version: 1.2
Check: DESCRIPTION meta-information
Result: NOTE
    Malformed Description field: should contain one or more complete sentences.
Flavors: r-devel-linux-x86_64-debian-clang, r-devel-linux-x86_64-debian-gcc, r-devel-linux-x86_64-fedora-clang, r-devel-linux-x86_64-fedora-gcc, r-devel-osx-x86_64-clang, r-devel-windows-ix86+x86_64, r-patched-linux-x86_64, r-patched-solaris-sparc, r-patched-solaris-x86, r-release-linux-x86_64, r-release-osx-x86_64-mavericks, r-release-windows-ix86+x86_64

Version: 1.2
Check: dependencies in R code
Result: NOTE
    'library' or 'require' call to ‘XML’ which was already attached by Depends.
     Please remove these calls from your code.
    Package in Depends field not imported from: ‘XML’
     These packages need to be imported from (in the NAMESPACE file)
     for when this namespace is loaded but not attached.
Flavors: r-devel-linux-x86_64-debian-clang, r-devel-linux-x86_64-debian-gcc, r-devel-linux-x86_64-fedora-clang, r-devel-linux-x86_64-fedora-gcc, r-devel-osx-x86_64-clang, r-devel-windows-ix86+x86_64, r-patched-linux-x86_64, r-patched-solaris-sparc, r-patched-solaris-x86, r-release-linux-x86_64, r-release-osx-x86_64-mavericks, r-release-windows-ix86+x86_64, r-oldrel-windows-ix86+x86_64

Version: 1.2
Check: R code for possible problems
Result: NOTE
    compareODM: no visible global function definition for ‘xmlRoot’
    compareODM: no visible global function definition for ‘xmlTreeParse’
    compareODM: no visible global function definition for ‘xmlChildren’
    compareODM: no visible global function definition for ‘xmlAttrs’
    compareODM: no visible global function definition for ‘xmlValue’
    Undefined global functions or variables:
     xmlAttrs xmlChildren xmlRoot xmlTreeParse xmlValue
Flavors: r-devel-linux-x86_64-debian-clang, r-devel-linux-x86_64-debian-gcc, r-devel-linux-x86_64-fedora-clang, r-devel-linux-x86_64-fedora-gcc, r-devel-osx-x86_64-clang, r-devel-windows-ix86+x86_64

Version: 1.2
Check: R code for possible problems
Result: NOTE
    compareODM: no visible global function definition for ‘xmlRoot’
    compareODM: no visible global function definition for ‘xmlTreeParse’
    compareODM: no visible global function definition for ‘xmlChildren’
    compareODM: no visible global function definition for ‘xmlAttrs’
    compareODM: no visible global function definition for ‘xmlValue’
Flavors: r-patched-linux-x86_64, r-patched-solaris-sparc, r-patched-solaris-x86, r-release-linux-x86_64, r-release-osx-x86_64-mavericks, r-release-windows-ix86+x86_64, r-oldrel-windows-ix86+x86_64