CRAN Package Check Results for Package compareODM

Last updated on 2014-10-20 05:47:12.

Flavor Version Tinstall Tcheck Ttotal Status Flags
r-devel-linux-x86_64-debian-clang 1.2 0.97 13.66 14.63 NOTE
r-devel-linux-x86_64-debian-gcc 1.2 0.94 13.80 14.74 NOTE
r-devel-linux-x86_64-fedora-clang 1.2 26.58 NOTE
r-devel-linux-x86_64-fedora-gcc 1.2 30.83 NOTE
r-devel-osx-x86_64-clang 1.2 31.34 NOTE
r-devel-windows-ix86+x86_64 1.2 4.00 22.00 26.00 NOTE
r-patched-linux-x86_64 1.2 0.99 14.42 15.41 NOTE
r-patched-solaris-sparc 1.2 170.60 NOTE
r-patched-solaris-x86 1.2 42.80 NOTE
r-release-linux-ix86 1.2 1.36 20.15 21.51 NOTE
r-release-linux-x86_64 1.2 1.05 14.02 15.07 NOTE
r-release-osx-x86_64-mavericks 1.2 NOTE
r-release-windows-ix86+x86_64 1.2 3.00 29.00 32.00 NOTE
r-oldrel-windows-ix86+x86_64 1.2 6.00 31.00 37.00 NOTE

Check Details

Version: 1.2
Check: dependencies in R code
Result: NOTE
    'library' or 'require' call to ‘XML’ which was already attached by Depends.
     Please remove these calls from your code.
    Package in Depends field not imported from: ‘XML’
     These packages need to be imported from (in the NAMESPACE file)
     for when this namespace is loaded but not attached.
    See the information on DESCRIPTION files in the chapter ‘Creating R
    packages’ of the ‘Writing R Extensions’ manual.
Flavors: r-devel-linux-x86_64-debian-clang, r-devel-linux-x86_64-debian-gcc, r-devel-linux-x86_64-fedora-clang, r-devel-linux-x86_64-fedora-gcc, r-devel-osx-x86_64-clang, r-devel-windows-ix86+x86_64, r-patched-linux-x86_64, r-patched-solaris-sparc, r-patched-solaris-x86, r-release-linux-ix86, r-release-linux-x86_64, r-release-osx-x86_64-mavericks, r-release-windows-ix86+x86_64, r-oldrel-windows-ix86+x86_64

Version: 1.2
Check: R code for possible problems
Result: NOTE
    compareODM: no visible global function definition for ‘xmlRoot’
    compareODM: no visible global function definition for ‘xmlTreeParse’
    compareODM: no visible global function definition for ‘xmlChildren’
    compareODM: no visible global function definition for ‘xmlAttrs’
    compareODM: no visible global function definition for ‘xmlValue’
Flavors: r-devel-linux-x86_64-debian-clang, r-devel-linux-x86_64-debian-gcc, r-devel-linux-x86_64-fedora-clang, r-devel-linux-x86_64-fedora-gcc, r-devel-osx-x86_64-clang, r-devel-windows-ix86+x86_64, r-patched-linux-x86_64, r-patched-solaris-sparc, r-patched-solaris-x86