CRAN Package Check Results for Package compas

Last updated on 2019-06-19 22:49:25 CEST.

Flavor Version Tinstall Tcheck Ttotal Status Flags
r-devel-linux-x86_64-debian-clang 0.1 80.12 24.44 104.56 OK
r-devel-linux-x86_64-debian-gcc 0.1 77.35 22.03 99.38 OK
r-devel-linux-x86_64-fedora-clang 0.1 162.47 NOTE
r-devel-linux-x86_64-fedora-gcc 0.1 157.09 OK
r-devel-windows-ix86+x86_64 0.1 178.00 75.00 253.00 OK
r-patched-linux-x86_64 0.1 87.67 26.65 114.32 OK
r-patched-solaris-x86 0.1 154.10 OK
r-release-linux-x86_64 0.1 87.73 26.50 114.23 OK
r-release-windows-ix86+x86_64 0.1 175.00 77.00 252.00 OK
r-release-osx-x86_64 0.1 NOTE
r-oldrel-windows-ix86+x86_64 0.1 134.00 83.00 217.00 OK
r-oldrel-osx-x86_64 0.1 NOTE

Check Details

Version: 0.1
Check: installed package size
Result: NOTE
     installed size is 27.9Mb
     sub-directories of 1Mb or more:
     R 1.5Mb
     libs 26.2Mb
Flavors: r-devel-linux-x86_64-fedora-clang, r-release-osx-x86_64, r-oldrel-osx-x86_64