CRAN Package Check Results for Package compas

Last updated on 2019-09-20 09:51:18 CEST.

Flavor Version Tinstall Tcheck Ttotal Status Flags
r-devel-linux-x86_64-debian-clang 0.1 81.53 24.23 105.76 OK
r-devel-linux-x86_64-debian-gcc 0.1 78.79 21.44 100.23 OK
r-devel-linux-x86_64-fedora-clang 0.1 160.51 NOTE
r-devel-linux-x86_64-fedora-gcc 0.1 165.41 OK
r-devel-windows-ix86+x86_64 0.1 183.00 57.00 240.00 OK
r-patched-linux-x86_64 0.1 85.19 25.79 110.98 OK
r-patched-solaris-x86 0.1 150.20 OK
r-release-linux-x86_64 0.1 81.72 25.67 107.39 OK
r-release-windows-ix86+x86_64 0.1 130.00 59.00 189.00 OK
r-release-osx-x86_64 0.1 NOTE
r-oldrel-windows-ix86+x86_64 0.1 128.00 56.00 184.00 OK
r-oldrel-osx-x86_64 0.1 NOTE

Check Details

Version: 0.1
Check: installed package size
Result: NOTE
     installed size is 28.0Mb
     sub-directories of 1Mb or more:
     R 1.5Mb
     libs 26.4Mb
Flavors: r-devel-linux-x86_64-fedora-clang, r-release-osx-x86_64, r-oldrel-osx-x86_64