CRAN Package Check Results for Package compas

Last updated on 2022-06-29 11:52:06 CEST.

Flavor Version Tinstall Tcheck Ttotal Status Flags
r-devel-linux-x86_64-debian-clang 0.1.1 90.41 30.06 120.47 OK
r-devel-linux-x86_64-debian-gcc 0.1.1 82.37 26.62 108.99 OK
r-devel-linux-x86_64-fedora-clang 0.1.1 192.46 NOTE
r-devel-linux-x86_64-fedora-gcc 0.1.1 179.45 OK
r-devel-windows-x86_64 0.1.1 68.00 78.00 146.00 OK
r-patched-linux-x86_64 0.1.1 81.84 33.00 114.84 OK
r-release-linux-x86_64 0.1.1 82.74 33.03 115.77 OK
r-release-macos-arm64 0.1.1 47.00 NOTE
r-release-macos-x86_64 0.1.1 62.00 NOTE
r-release-windows-x86_64 0.1.1 67.00 81.00 148.00 OK
r-oldrel-macos-arm64 0.1.1 50.00 NOTE
r-oldrel-macos-x86_64 0.1.1 70.00 NOTE
r-oldrel-windows-ix86+x86_64 0.1.1 206.00 80.00 286.00 OK

Check Details

Version: 0.1.1
Check: installed package size
Result: NOTE
     installed size is 26.2Mb
     sub-directories of 1Mb or more:
     R 1.5Mb
     libs 24.6Mb
Flavors: r-devel-linux-x86_64-fedora-clang, r-release-macos-arm64, r-release-macos-x86_64, r-oldrel-macos-arm64, r-oldrel-macos-x86_64