CRAN Package Check Results for Package complex.surv.dat.sim

Last updated on 2014-04-23 20:47:09.

Flavor Version Tinstall Tcheck Ttotal Status Flags
r-devel-linux-x86_64-debian-clang 2.0.0 0.79 18.49 19.28 OK
r-devel-linux-x86_64-debian-gcc 2.0.0 0.81 18.79 19.60 OK
r-devel-linux-x86_64-fedora-clang 2.0.0 39.05 NOTE
r-devel-linux-x86_64-fedora-gcc 2.0.0 36.14 NOTE
r-devel-osx-x86_64-clang 2.0.0 36.01 OK
r-devel-osx-x86_64-gcc 2.0.0 OK
r-devel-windows-ix86+x86_64 2.0.0 3.00 30.00 33.00 OK
r-patched-linux-x86_64 2.0.0 0.84 18.58 19.42 OK
r-patched-solaris-sparc 2.0.0 207.50 OK
r-patched-solaris-x86 2.0.0 48.70 OK
r-release-linux-ix86 2.0.0 1.00 34.00 35.00 OK
r-release-linux-x86_64 2.0.0 0.80 18.79 19.59 OK
r-release-osx-x86_64-mavericks 2.0.0 WARN
r-release-osx-x86_64-snowleopard 2.0.0 WARN
r-release-windows-ix86+x86_64 2.0.0 3.00 29.00 32.00 OK
r-oldrel-windows-ix86+x86_64 2.0.0 4.00 32.00 36.00 OK

Check Details

Version: 2.0.0
Check: top-level files
Result: NOTE
    Non-standard file/directory found at top level:
     ‘complex.surv.dat.sim-Ex.R’
Flavors: r-devel-linux-x86_64-fedora-clang, r-devel-linux-x86_64-fedora-gcc

Version: 2.0.0
Check: PDF version of manual
Result: WARNING
    LaTeX errors when creating PDF version.
    This typically indicates Rd problems.
    LaTeX errors found:
    ! LaTeX Error: File `upquote.sty' not found.
    
    Type X to quit or <RETURN> to proceed,
    or enter new name. (Default extension: sty)
    
    d1964bc/Rd2.tex:8: ==> Fatal error occurred, no output PDF file produced!
Flavor: r-release-osx-x86_64-mavericks

Version: 2.0.0
Check: examples
Result: WARNING
    checking a package with encoding 'latin1' in an ASCII locale
    
     OK
Flavor: r-release-osx-x86_64-snowleopard