CRAN Package Check Results for Package complex.surv.dat.sim

Last updated on 2014-11-24 09:48:10.

Flavor Version Tinstall Tcheck Ttotal Status Flags
r-devel-linux-x86_64-debian-clang 2.0.0 0.76 18.18 18.93 NOTE
r-devel-linux-x86_64-debian-gcc 2.0.0 0.78 18.39 19.17 NOTE
r-devel-linux-x86_64-fedora-clang 2.0.0 38.27 NOTE
r-devel-linux-x86_64-fedora-gcc 2.0.0 35.75 NOTE
r-devel-osx-x86_64-clang 2.0.0 39.90 OK
r-devel-windows-ix86+x86_64 2.0.0 3.00 28.00 31.00 OK
r-patched-linux-x86_64 2.0.0 0.76 18.15 18.91 NOTE
r-patched-solaris-sparc 2.0.0 218.50 OK
r-patched-solaris-x86 2.0.0 48.20 OK
r-release-linux-ix86 2.0.0 1.10 24.43 25.53 OK
r-release-linux-x86_64 2.0.0 0.78 18.41 19.19 NOTE
r-release-osx-x86_64-mavericks 2.0.0 OK
r-release-osx-x86_64-snowleopard 2.0.0 WARN
r-release-windows-ix86+x86_64 2.0.0 4.00 30.00 34.00 OK
r-oldrel-windows-ix86+x86_64 2.0.0 4.00 33.00 37.00 OK

Check Details

Version: 2.0.0
Check: top-level files
Result: NOTE
    Non-standard file/directory found at top level:
     ‘complex.surv.dat.sim-Ex.R’
Flavors: r-devel-linux-x86_64-debian-clang, r-devel-linux-x86_64-debian-gcc, r-devel-linux-x86_64-fedora-clang, r-devel-linux-x86_64-fedora-gcc, r-patched-linux-x86_64, r-release-linux-x86_64

Version: 2.0.0
Check: examples
Result: WARN
    checking a package with encoding 'latin1' in an ASCII locale
    
     OK
Flavor: r-release-osx-x86_64-snowleopard