CRAN Package Check Results for Package compoisson

Last updated on 2017-07-23 17:47:02.

Flavor Version Tinstall Tcheck Ttotal Status Flags
r-devel-linux-x86_64-debian-clang 0.3 0.68 18.75 19.43 NOTE
r-devel-linux-x86_64-debian-gcc 0.3 0.64 18.54 19.18 NOTE
r-devel-linux-x86_64-fedora-clang 0.3 21.21 NOTE
r-devel-linux-x86_64-fedora-gcc 0.3 20.38 NOTE
r-devel-windows-ix86+x86_64 0.3 5.00 39.00 44.00 OK
r-patched-linux-x86_64 0.3 0.69 18.68 19.37 NOTE
r-patched-solaris-x86 0.3 30.50 NOTE
r-release-linux-x86_64 0.3 0.63 18.93 19.57 NOTE
r-release-windows-ix86+x86_64 0.3 3.00 39.00 42.00 OK
r-release-osx-x86_64 0.3 NOTE
r-oldrel-windows-ix86+x86_64 0.3 3.00 37.00 40.00 OK
r-oldrel-osx-x86_64 0.3 NOTE

Check Details

Version: 0.3
Check: DESCRIPTION meta-information
Result: NOTE
    Deprecated license: BSD
Flavors: r-devel-linux-x86_64-debian-clang, r-devel-linux-x86_64-debian-gcc, r-devel-linux-x86_64-fedora-clang, r-devel-linux-x86_64-fedora-gcc, r-patched-linux-x86_64, r-patched-solaris-x86, r-release-linux-x86_64, r-release-osx-x86_64, r-oldrel-osx-x86_64