CRAN Package Check Results for Package compoisson

Last updated on 2017-03-29 18:46:59.

Flavor Version Tinstall Tcheck Ttotal Status Flags
r-devel-linux-x86_64-debian-clang 0.3 0.80 12.45 13.25 NOTE
r-devel-linux-x86_64-debian-gcc 0.3 0.64 12.07 12.71 NOTE
r-devel-linux-x86_64-fedora-clang 0.3 20.98 NOTE --no-stop-on-test-error
r-devel-linux-x86_64-fedora-gcc 0.3 19.73 NOTE --no-stop-on-test-error
r-devel-macos-x86_64-clang 0.3 18.71 NOTE --no-stop-on-test-error
r-devel-windows-ix86+x86_64 0.3 3.00 27.00 30.00 OK
r-patched-linux-x86_64 0.3 0.73 12.30 13.03 NOTE
r-patched-solaris-sparc 0.3 128.90 NOTE
r-patched-solaris-x86 0.3 30.60 NOTE
r-release-linux-x86_64 0.3 0.70 10.16 10.86 NOTE
r-release-osx-x86_64-mavericks 0.3 NOTE
r-release-windows-ix86+x86_64 0.3 3.00 36.00 39.00 OK
r-oldrel-windows-ix86+x86_64 0.3 8.00 60.00 68.00 OK

Check Details

Version: 0.3
Check: DESCRIPTION meta-information
Result: NOTE
    Deprecated license: BSD
Flavors: r-devel-linux-x86_64-debian-clang, r-devel-linux-x86_64-debian-gcc, r-patched-linux-x86_64, r-patched-solaris-sparc, r-patched-solaris-x86, r-release-linux-x86_64, r-release-osx-x86_64-mavericks

Version: 0.3
Flags: --no-stop-on-test-error
Check: DESCRIPTION meta-information
Result: NOTE
    Deprecated license: BSD
Flavors: r-devel-linux-x86_64-fedora-clang, r-devel-linux-x86_64-fedora-gcc, r-devel-macos-x86_64-clang