CRAN Package Check Results for Package compoisson

Last updated on 2016-12-10 07:47:13.

Flavor Version Tinstall Tcheck Ttotal Status Flags
r-devel-linux-x86_64-debian-clang 0.3 0.66 12.10 12.75 NOTE
r-devel-linux-x86_64-debian-gcc 0.3 0.64 11.98 12.62 NOTE
r-devel-linux-x86_64-fedora-clang 0.3 22.23 NOTE --no-stop-on-test-error
r-devel-linux-x86_64-fedora-gcc 0.3 20.06 NOTE --no-stop-on-test-error
r-devel-macos-x86_64-clang 0.3 18.84 NOTE --no-stop-on-test-error
r-devel-windows-ix86+x86_64 0.3 3.00 29.00 32.00 OK
r-patched-linux-x86_64 0.3 0.61 10.43 11.04 NOTE
r-patched-solaris-sparc 0.3 118.10 NOTE
r-patched-solaris-x86 0.3 26.20 NOTE
r-release-linux-x86_64 0.3 0.60 10.19 10.80 NOTE
r-release-osx-x86_64-mavericks 0.3 NOTE
r-release-windows-ix86+x86_64 0.3 3.00 27.00 30.00 OK
r-oldrel-windows-ix86+x86_64 0.3 5.00 26.00 31.00 OK

Check Details

Version: 0.3
Check: DESCRIPTION meta-information
Result: NOTE
    Deprecated license: BSD
Flavors: r-devel-linux-x86_64-debian-clang, r-devel-linux-x86_64-debian-gcc, r-patched-linux-x86_64, r-patched-solaris-sparc, r-patched-solaris-x86, r-release-linux-x86_64, r-release-osx-x86_64-mavericks

Version: 0.3
Flags: --no-stop-on-test-error
Check: DESCRIPTION meta-information
Result: NOTE
    Deprecated license: BSD
Flavors: r-devel-linux-x86_64-fedora-clang, r-devel-linux-x86_64-fedora-gcc, r-devel-macos-x86_64-clang