CRAN Package Check Results for Package compoisson

Last updated on 2015-05-28 23:47:22.

Flavor Version Tinstall Tcheck Ttotal Status Flags
r-devel-linux-x86_64-debian-clang 0.3 0.67 10.37 11.04 NOTE
r-devel-linux-x86_64-debian-gcc 0.3 0.60 10.02 10.62 NOTE
r-devel-linux-x86_64-fedora-clang 0.3 22.10 NOTE
r-devel-linux-x86_64-fedora-gcc 0.3 19.80 NOTE
r-devel-osx-x86_64-clang 0.3 23.91 NOTE
r-devel-windows-ix86+x86_64 0.3 2.00 20.00 22.00 OK
r-patched-linux-x86_64 0.3 0.59 9.83 10.42 NOTE
r-patched-solaris-sparc 0.3 144.30 NOTE
r-patched-solaris-x86 0.3 30.10 NOTE
r-release-linux-x86_64 0.3 0.59 10.28 10.87 NOTE
r-release-osx-x86_64-mavericks 0.3 NOTE
r-release-osx-x86_64-snowleopard 0.3 NOTE
r-release-windows-ix86+x86_64 0.3 3.00 19.00 22.00 OK
r-oldrel-windows-ix86+x86_64 0.3 3.00 22.00 25.00 OK

Check Details

Version: 0.3
Check: DESCRIPTION meta-information
Result: NOTE
    Deprecated license: BSD
Flavors: r-devel-linux-x86_64-debian-clang, r-devel-linux-x86_64-debian-gcc, r-devel-linux-x86_64-fedora-clang, r-devel-linux-x86_64-fedora-gcc, r-devel-osx-x86_64-clang, r-patched-linux-x86_64, r-patched-solaris-sparc, r-patched-solaris-x86, r-release-linux-x86_64, r-release-osx-x86_64-mavericks, r-release-osx-x86_64-snowleopard