CRAN Package Check Results for Package compoisson

Last updated on 2015-06-30 10:48:11.

Flavor Version Tinstall Tcheck Ttotal Status Flags
r-devel-linux-x86_64-debian-clang 0.3 0.64 10.51 11.15 NOTE
r-devel-linux-x86_64-debian-gcc 0.3 0.58 9.94 10.53 NOTE
r-devel-linux-x86_64-fedora-clang 0.3 19.67 NOTE
r-devel-linux-x86_64-fedora-gcc 0.3 18.26 NOTE
r-devel-osx-x86_64-clang 0.3 21.35 NOTE
r-devel-windows-ix86+x86_64 0.3 5.00 19.00 24.00 OK
r-patched-linux-x86_64 0.3 0.61 10.74 11.35 NOTE
r-patched-solaris-sparc 0.3 144.30 NOTE
r-patched-solaris-x86 0.3 30.60 NOTE
r-release-linux-x86_64 0.3 0.60 9.86 10.46 NOTE
r-release-osx-x86_64-mavericks 0.3 NOTE
r-release-windows-ix86+x86_64 0.3 5.00 19.00 24.00 OK
r-oldrel-windows-ix86+x86_64 0.3 5.00 21.00 26.00 OK

Check Details

Version: 0.3
Check: DESCRIPTION meta-information
Result: NOTE
    Deprecated license: BSD
Flavors: r-devel-linux-x86_64-debian-clang, r-devel-linux-x86_64-debian-gcc, r-devel-linux-x86_64-fedora-clang, r-devel-linux-x86_64-fedora-gcc, r-devel-osx-x86_64-clang, r-patched-linux-x86_64, r-patched-solaris-sparc, r-patched-solaris-x86, r-release-linux-x86_64, r-release-osx-x86_64-mavericks