CRAN Package Check Results for Package compoisson

Last updated on 2015-02-01 11:47:08.

Flavor Version Tinstall Tcheck Ttotal Status Flags
r-devel-linux-x86_64-debian-clang 0.3 0.63 10.35 10.98 NOTE
r-devel-linux-x86_64-debian-gcc 0.3 0.69 10.07 10.76 NOTE
r-devel-linux-x86_64-fedora-clang 0.3 23.51 NOTE
r-devel-linux-x86_64-fedora-gcc 0.3 19.45 NOTE
r-devel-osx-x86_64-clang 0.3 31.97 NOTE
r-devel-windows-ix86+x86_64 0.3 3.00 19.00 22.00 OK
r-patched-linux-x86_64 0.3 0.67 11.28 11.95 NOTE
r-patched-solaris-sparc 0.3 149.30 NOTE
r-patched-solaris-x86 0.3 34.40 NOTE
r-release-linux-ix86 0.3 0.97 17.34 18.31 NOTE
r-release-linux-x86_64 0.3 0.67 11.26 11.93 NOTE
r-release-osx-x86_64-mavericks 0.3 NOTE
r-release-windows-ix86+x86_64 0.3 3.00 21.00 24.00 OK
r-oldrel-windows-ix86+x86_64 0.3 3.00 21.00 24.00 OK

Check Details

Version: 0.3
Check: DESCRIPTION meta-information
Result: NOTE
    Deprecated license: BSD
Flavors: r-devel-linux-x86_64-debian-clang, r-devel-linux-x86_64-debian-gcc, r-devel-linux-x86_64-fedora-clang, r-devel-linux-x86_64-fedora-gcc, r-devel-osx-x86_64-clang, r-patched-linux-x86_64, r-patched-solaris-sparc, r-patched-solaris-x86, r-release-linux-ix86, r-release-linux-x86_64, r-release-osx-x86_64-mavericks