CRAN Package Check Results for Package compoisson

Last updated on 2018-05-24 14:46:41 CEST.

Flavor Version Tinstall Tcheck Ttotal Status Flags
r-devel-linux-x86_64-debian-clang 0.3 1.21 16.96 18.17 NOTE
r-devel-linux-x86_64-debian-gcc 0.3 0.98 15.29 16.27 NOTE
r-devel-linux-x86_64-fedora-clang 0.3 24.37 NOTE
r-devel-linux-x86_64-fedora-gcc 0.3 22.94 NOTE
r-devel-windows-ix86+x86_64 0.3 3.00 35.00 38.00 OK
r-patched-linux-x86_64 0.3 1.02 18.39 19.41 NOTE
r-patched-solaris-x86 0.3 36.20 NOTE
r-release-linux-x86_64 0.3 1.07 18.09 19.16 NOTE
r-release-windows-ix86+x86_64 0.3 5.00 33.00 38.00 OK
r-release-osx-x86_64 0.3 NOTE
r-oldrel-windows-ix86+x86_64 0.3 5.00 40.00 45.00 OK
r-oldrel-osx-x86_64 0.3 NOTE

Check Details

Version: 0.3
Check: DESCRIPTION meta-information
Result: NOTE
    Deprecated license: BSD
Flavors: r-devel-linux-x86_64-debian-clang, r-devel-linux-x86_64-debian-gcc, r-devel-linux-x86_64-fedora-clang, r-devel-linux-x86_64-fedora-gcc, r-patched-linux-x86_64, r-patched-solaris-x86, r-release-linux-x86_64, r-release-osx-x86_64, r-oldrel-osx-x86_64