CRAN Package Check Results for Package compoisson

Last updated on 2014-10-25 08:48:54.

Flavor Version Tinstall Tcheck Ttotal Status Flags
r-devel-linux-x86_64-debian-clang 0.3 0.65 11.22 11.87 NOTE
r-devel-linux-x86_64-debian-gcc 0.3 0.65 11.22 11.87 NOTE
r-devel-linux-x86_64-fedora-clang 0.3 18.92 NOTE
r-devel-linux-x86_64-fedora-gcc 0.3 23.16 NOTE
r-devel-osx-x86_64-clang 0.3 25.81 NOTE
r-devel-windows-ix86+x86_64 0.3 2.00 20.00 22.00 OK
r-patched-linux-x86_64 0.3 0.67 11.12 11.80 NOTE
r-patched-solaris-sparc 0.3 134.50 NOTE
r-patched-solaris-x86 0.3 35.20 NOTE
r-release-linux-ix86 0.3 0.94 19.45 20.39 NOTE
r-release-linux-x86_64 0.3 0.70 11.14 11.85 NOTE
r-release-osx-x86_64-mavericks 0.3 NOTE
r-release-windows-ix86+x86_64 0.3 3.00 21.00 24.00 OK
r-oldrel-windows-ix86+x86_64 0.3 4.00 21.00 25.00 OK

Check Details

Version: 0.3
Check: DESCRIPTION meta-information
Result: NOTE
    Deprecated license: BSD
Flavors: r-devel-linux-x86_64-debian-clang, r-devel-linux-x86_64-debian-gcc, r-devel-linux-x86_64-fedora-clang, r-devel-linux-x86_64-fedora-gcc, r-devel-osx-x86_64-clang, r-patched-linux-x86_64, r-patched-solaris-sparc, r-patched-solaris-x86, r-release-linux-ix86, r-release-linux-x86_64, r-release-osx-x86_64-mavericks