CRAN Package Check Results for Package compoisson

Last updated on 2015-08-03 23:47:44.

Flavor Version Tinstall Tcheck Ttotal Status Flags
r-devel-linux-x86_64-debian-clang 0.3 0.76 9.76 10.53 NOTE
r-devel-linux-x86_64-debian-gcc 0.3 0.58 9.78 10.36 NOTE
r-devel-linux-x86_64-fedora-clang 0.3 19.37 NOTE
r-devel-linux-x86_64-fedora-gcc 0.3 18.63 NOTE
r-devel-osx-x86_64-clang 0.3 20.78 NOTE
r-devel-windows-ix86+x86_64 0.3 4.00 21.00 25.00 OK
r-patched-linux-x86_64 0.3 0.64 9.96 10.61 NOTE
r-patched-solaris-sparc 0.3 131.50 NOTE
r-patched-solaris-x86 0.3 30.50 NOTE
r-release-linux-x86_64 0.3 0.81 9.88 10.69 NOTE
r-release-osx-x86_64-mavericks 0.3 NOTE
r-release-windows-ix86+x86_64 0.3 5.00 35.00 40.00 OK
r-oldrel-windows-ix86+x86_64 0.3 5.00 32.00 37.00 OK

Check Details

Version: 0.3
Check: DESCRIPTION meta-information
Result: NOTE
    Deprecated license: BSD
Flavors: r-devel-linux-x86_64-debian-clang, r-devel-linux-x86_64-debian-gcc, r-devel-linux-x86_64-fedora-clang, r-devel-linux-x86_64-fedora-gcc, r-devel-osx-x86_64-clang, r-patched-linux-x86_64, r-patched-solaris-sparc, r-patched-solaris-x86, r-release-linux-x86_64, r-release-osx-x86_64-mavericks