CRAN Package Check Results for Package compoisson

Last updated on 2017-11-25 09:49:18 CET.

Flavor Version Tinstall Tcheck Ttotal Status Flags
r-devel-linux-x86_64-debian-clang 0.3 0.92 32.76 33.68 NOTE
r-devel-linux-x86_64-debian-gcc 0.3 0.73 31.83 32.56 NOTE
r-devel-linux-x86_64-fedora-clang 0.3 19.79 NOTE
r-devel-linux-x86_64-fedora-gcc 0.3 18.95 NOTE
r-devel-windows-ix86+x86_64 0.3 2.00 36.00 38.00 OK
r-patched-linux-x86_64 0.3 0.88 33.46 34.34 NOTE
r-patched-solaris-x86 0.3 30.10 NOTE
r-release-linux-x86_64 0.3 0.99 34.40 35.39 NOTE
r-release-windows-ix86+x86_64 0.3 2.00 28.00 30.00 OK
r-release-osx-x86_64 0.3 NOTE
r-oldrel-windows-ix86+x86_64 0.3 3.00 42.00 45.00 OK
r-oldrel-osx-x86_64 0.3 NOTE

Check Details

Version: 0.3
Check: DESCRIPTION meta-information
Result: NOTE
    Deprecated license: BSD
Flavors: r-devel-linux-x86_64-debian-clang, r-devel-linux-x86_64-debian-gcc, r-devel-linux-x86_64-fedora-clang, r-devel-linux-x86_64-fedora-gcc, r-patched-linux-x86_64, r-patched-solaris-x86, r-release-linux-x86_64, r-release-osx-x86_64, r-oldrel-osx-x86_64