CRAN Package Check Results for Package compoisson

Last updated on 2015-09-04 14:46:54.

Flavor Version Tinstall Tcheck Ttotal Status Flags
r-devel-linux-x86_64-debian-clang 0.3 0.68 9.69 10.37 NOTE
r-devel-linux-x86_64-debian-gcc 0.3 0.55 10.58 11.12 NOTE
r-devel-linux-x86_64-fedora-clang 0.3 19.42 NOTE
r-devel-linux-x86_64-fedora-gcc 0.3 18.17 NOTE
r-devel-osx-x86_64-clang 0.3 20.40 NOTE
r-devel-windows-ix86+x86_64 0.3 3.00 21.00 24.00 OK
r-patched-linux-x86_64 0.3 0.65 10.27 10.92 NOTE
r-patched-solaris-sparc 0.3 131.50 NOTE
r-patched-solaris-x86 0.3 30.20 NOTE
r-release-linux-x86_64 0.3 0.74 10.34 11.08 NOTE
r-release-osx-x86_64-mavericks 0.3 NOTE
r-release-windows-ix86+x86_64 0.3 4.00 30.00 34.00 OK
r-oldrel-windows-ix86+x86_64 0.3 4.00 36.00 40.00 OK

Check Details

Version: 0.3
Check: DESCRIPTION meta-information
Result: NOTE
    Deprecated license: BSD
Flavors: r-devel-linux-x86_64-debian-clang, r-devel-linux-x86_64-debian-gcc, r-devel-linux-x86_64-fedora-clang, r-devel-linux-x86_64-fedora-gcc, r-devel-osx-x86_64-clang, r-patched-linux-x86_64, r-patched-solaris-sparc, r-patched-solaris-x86, r-release-linux-x86_64, r-release-osx-x86_64-mavericks