CRAN Package Check Results for Package compoisson

Last updated on 2016-06-01 06:48:52.

Flavor Version Tinstall Tcheck Ttotal Status Flags
r-devel-linux-x86_64-debian-gcc 0.3 0.62 11.29 11.90 NOTE
r-devel-linux-x86_64-fedora-clang 0.3 19.14 NOTE
r-devel-linux-x86_64-fedora-gcc 0.3 16.47 NOTE
r-devel-osx-x86_64-clang 0.3 21.56 NOTE
r-devel-windows-ix86+x86_64 0.3 4.00 26.00 30.00 OK
r-patched-linux-x86_64 0.3 0.60 11.44 12.04 NOTE
r-patched-solaris-sparc 0.3 118.40 NOTE
r-patched-solaris-x86 0.3 27.00 NOTE
r-release-linux-x86_64 0.3 0.64 10.30 10.94 NOTE
r-release-osx-x86_64-mavericks 0.3 NOTE
r-release-windows-ix86+x86_64 0.3 4.00 27.00 31.00 OK
r-oldrel-windows-ix86+x86_64 0.3 3.00 25.00 28.00 OK

Check Details

Version: 0.3
Check: DESCRIPTION meta-information
Result: NOTE
    Deprecated license: BSD
Flavors: r-devel-linux-x86_64-debian-gcc, r-devel-linux-x86_64-fedora-clang, r-devel-linux-x86_64-fedora-gcc, r-devel-osx-x86_64-clang, r-patched-linux-x86_64, r-patched-solaris-sparc, r-patched-solaris-x86, r-release-linux-x86_64, r-release-osx-x86_64-mavericks