CRAN Package Check Results for Package compoisson

Last updated on 2016-07-26 00:48:08.

Flavor Version Tinstall Tcheck Ttotal Status Flags
r-devel-linux-x86_64-debian-clang 0.3 0.84 12.32 13.15 NOTE
r-devel-linux-x86_64-debian-gcc 0.3 0.88 12.25 13.13 NOTE
r-devel-linux-x86_64-fedora-clang 0.3 17.54 NOTE
r-devel-linux-x86_64-fedora-gcc 0.3 16.79 NOTE
r-devel-osx-x86_64-clang 0.3 16.76 NOTE
r-devel-windows-ix86+x86_64 0.3 3.00 38.00 41.00 OK
r-patched-linux-x86_64 0.3 0.86 11.87 12.73 NOTE
r-patched-solaris-sparc 0.3 118.10 NOTE
r-patched-solaris-x86 0.3 26.10 NOTE
r-release-linux-x86_64 0.3 0.80 12.65 13.46 NOTE
r-release-osx-x86_64-mavericks 0.3 NOTE
r-release-windows-ix86+x86_64 0.3 3.00 28.00 31.00 OK
r-oldrel-windows-ix86+x86_64 0.3 4.00 25.00 29.00 OK

Check Details

Version: 0.3
Check: DESCRIPTION meta-information
Result: NOTE
    Deprecated license: BSD
Flavors: r-devel-linux-x86_64-debian-clang, r-devel-linux-x86_64-debian-gcc, r-devel-linux-x86_64-fedora-clang, r-devel-linux-x86_64-fedora-gcc, r-devel-osx-x86_64-clang, r-patched-linux-x86_64, r-patched-solaris-sparc, r-patched-solaris-x86, r-release-linux-x86_64, r-release-osx-x86_64-mavericks