CRAN Package Check Results for Package compoisson

Last updated on 2014-11-24 15:47:09.

Flavor Version Tinstall Tcheck Ttotal Status Flags
r-devel-linux-x86_64-debian-clang 0.3 0.64 11.06 11.70 NOTE
r-devel-linux-x86_64-debian-gcc 0.3 0.64 11.78 12.42 NOTE
r-devel-linux-x86_64-fedora-clang 0.3 24.62 NOTE
r-devel-linux-x86_64-fedora-gcc 0.3 22.71 NOTE
r-devel-osx-x86_64-clang 0.3 26.63 NOTE
r-devel-windows-ix86+x86_64 0.3 2.00 18.00 20.00 OK
r-patched-linux-x86_64 0.3 0.66 11.02 11.68 NOTE
r-patched-solaris-sparc 0.3 134.50 NOTE
r-patched-solaris-x86 0.3 33.90 NOTE
r-release-linux-ix86 0.3 0.94 16.64 17.58 NOTE
r-release-linux-x86_64 0.3 0.65 11.63 12.28 NOTE
r-release-osx-x86_64-mavericks 0.3 NOTE
r-release-windows-ix86+x86_64 0.3 2.00 19.00 21.00 OK
r-oldrel-windows-ix86+x86_64 0.3 3.00 20.00 23.00 OK

Check Details

Version: 0.3
Check: DESCRIPTION meta-information
Result: NOTE
    Deprecated license: BSD
Flavors: r-devel-linux-x86_64-debian-clang, r-devel-linux-x86_64-debian-gcc, r-devel-linux-x86_64-fedora-clang, r-devel-linux-x86_64-fedora-gcc, r-devel-osx-x86_64-clang, r-patched-linux-x86_64, r-patched-solaris-sparc, r-patched-solaris-x86, r-release-linux-ix86, r-release-linux-x86_64, r-release-osx-x86_64-mavericks