CRAN Package Check Results for Package compoisson

Last updated on 2014-12-19 19:00:09.

Flavor Version Tinstall Tcheck Ttotal Status Flags
r-devel-linux-x86_64-debian-clang 0.3 0.63 11.83 12.46 NOTE
r-devel-linux-x86_64-debian-gcc 0.3 0.62 12.12 12.74 NOTE
r-devel-linux-x86_64-fedora-clang 0.3 24.34 NOTE
r-devel-linux-x86_64-fedora-gcc 0.3 23.14 NOTE
r-devel-osx-x86_64-clang 0.3 25.44 NOTE
r-devel-windows-ix86+x86_64 0.3 3.00 20.00 23.00 OK
r-patched-linux-x86_64 0.3 0.68 11.14 11.83 NOTE
r-patched-solaris-sparc 0.3 134.50 NOTE
r-patched-solaris-x86 0.3 34.50 NOTE
r-release-linux-ix86 0.3 1.10 17.10 18.19 NOTE
r-release-linux-x86_64 0.3 0.65 11.21 11.86 NOTE
r-release-osx-x86_64-mavericks 0.3 NOTE
r-release-windows-ix86+x86_64 0.3 3.00 18.00 21.00 OK
r-oldrel-windows-ix86+x86_64 0.3 3.00 20.00 23.00 OK

Check Details

Version: 0.3
Check: DESCRIPTION meta-information
Result: NOTE
    Deprecated license: BSD
Flavors: r-devel-linux-x86_64-debian-clang, r-devel-linux-x86_64-debian-gcc, r-devel-linux-x86_64-fedora-clang, r-devel-linux-x86_64-fedora-gcc, r-devel-osx-x86_64-clang, r-patched-linux-x86_64, r-patched-solaris-sparc, r-patched-solaris-x86, r-release-linux-ix86, r-release-linux-x86_64, r-release-osx-x86_64-mavericks