CRAN Package Check Results for Package compoisson

Last updated on 2017-09-19 19:46:18.

Flavor Version Tinstall Tcheck Ttotal Status Flags
r-devel-linux-x86_64-debian-clang 0.3 0.73 12.55 13.27 NOTE
r-devel-linux-x86_64-debian-gcc 0.3 0.65 13.42 14.07 NOTE
r-devel-linux-x86_64-fedora-clang 0.3 21.39 NOTE
r-devel-linux-x86_64-fedora-gcc 0.3 21.11 NOTE
r-devel-windows-ix86+x86_64 0.3 2.00 38.00 40.00 OK
r-patched-linux-x86_64 0.3 0.63 12.52 13.15 NOTE
r-patched-solaris-x86 0.3 30.40 NOTE
r-release-linux-x86_64 0.3 0.66 12.31 12.97 NOTE
r-release-windows-ix86+x86_64 0.3 3.00 29.00 32.00 OK
r-release-osx-x86_64 0.3 NOTE
r-oldrel-windows-ix86+x86_64 0.3 2.00 26.00 28.00 OK
r-oldrel-osx-x86_64 0.3 NOTE

Check Details

Version: 0.3
Check: DESCRIPTION meta-information
Result: NOTE
    Deprecated license: BSD
Flavors: r-devel-linux-x86_64-debian-clang, r-devel-linux-x86_64-debian-gcc, r-devel-linux-x86_64-fedora-clang, r-devel-linux-x86_64-fedora-gcc, r-patched-linux-x86_64, r-patched-solaris-x86, r-release-linux-x86_64, r-release-osx-x86_64, r-oldrel-osx-x86_64