CRAN Package Check Results for Package compoisson

Last updated on 2017-02-23 23:49:20.

Flavor Version Tinstall Tcheck Ttotal Status Flags
r-devel-linux-x86_64-debian-clang 0.3 0.65 12.44 13.09 NOTE
r-devel-linux-x86_64-debian-gcc 0.3 0.64 12.84 13.47 NOTE
r-devel-linux-x86_64-fedora-clang 0.3 20.96 NOTE --no-stop-on-test-error
r-devel-linux-x86_64-fedora-gcc 0.3 19.73 NOTE --no-stop-on-test-error
r-devel-macos-x86_64-clang 0.3 19.29 NOTE --no-stop-on-test-error
r-devel-windows-ix86+x86_64 0.3 5.00 48.00 53.00 OK
r-patched-linux-x86_64 0.3 0.63 10.31 10.94 NOTE
r-patched-solaris-sparc 0.3 121.70 NOTE
r-patched-solaris-x86 0.3 25.70 NOTE
r-release-linux-x86_64 0.3 0.69 10.22 10.91 NOTE
r-release-osx-x86_64-mavericks 0.3 NOTE
r-release-windows-ix86+x86_64 0.3 4.00 37.00 41.00 OK
r-oldrel-windows-ix86+x86_64 0.3 7.00 59.00 66.00 OK

Check Details

Version: 0.3
Check: DESCRIPTION meta-information
Result: NOTE
    Deprecated license: BSD
Flavors: r-devel-linux-x86_64-debian-clang, r-devel-linux-x86_64-debian-gcc, r-patched-linux-x86_64, r-patched-solaris-sparc, r-patched-solaris-x86, r-release-linux-x86_64, r-release-osx-x86_64-mavericks

Version: 0.3
Flags: --no-stop-on-test-error
Check: DESCRIPTION meta-information
Result: NOTE
    Deprecated license: BSD
Flavors: r-devel-linux-x86_64-fedora-clang, r-devel-linux-x86_64-fedora-gcc, r-devel-macos-x86_64-clang