CRAN Package Check Results for Package compoisson

Last updated on 2018-02-22 04:48:21 CET.

Flavor Version Tinstall Tcheck Ttotal Status Flags
r-devel-linux-x86_64-debian-clang 0.3 1.20 16.66 17.86 NOTE
r-devel-linux-x86_64-debian-gcc 0.3 0.72 14.53 15.25 NOTE
r-devel-linux-x86_64-fedora-clang 0.3 23.23 NOTE
r-devel-linux-x86_64-fedora-gcc 0.3 21.59 NOTE
r-devel-windows-ix86+x86_64 0.3 4.00 29.00 33.00 OK
r-patched-linux-x86_64 0.3 0.78 17.74 18.52 NOTE
r-patched-solaris-x86 0.3 29.90 NOTE
r-release-linux-x86_64 0.3 0.80 17.54 18.34 NOTE
r-release-windows-ix86+x86_64 0.3 2.00 39.00 41.00 OK
r-release-osx-x86_64 0.3 NOTE
r-oldrel-windows-ix86+x86_64 0.3 2.00 40.00 42.00 OK
r-oldrel-osx-x86_64 0.3 NOTE

Check Details

Version: 0.3
Check: DESCRIPTION meta-information
Result: NOTE
    Deprecated license: BSD
Flavors: r-devel-linux-x86_64-debian-clang, r-devel-linux-x86_64-debian-gcc, r-devel-linux-x86_64-fedora-clang, r-devel-linux-x86_64-fedora-gcc, r-patched-linux-x86_64, r-patched-solaris-x86, r-release-linux-x86_64, r-release-osx-x86_64, r-oldrel-osx-x86_64