CRAN Package Check Results for Package compoisson

Last updated on 2016-08-26 09:53:37.

Flavor Version Tinstall Tcheck Ttotal Status Flags
r-devel-linux-x86_64-debian-clang 0.3 0.57 10.05 10.61 NOTE
r-devel-linux-x86_64-debian-gcc 0.3 0.73 13.64 14.37 NOTE
r-devel-linux-x86_64-fedora-clang 0.3 18.42 NOTE
r-devel-linux-x86_64-fedora-gcc 0.3 17.47 NOTE
r-devel-osx-x86_64-clang 0.3 16.17 NOTE
r-devel-windows-ix86+x86_64 0.3 5.00 26.00 31.00 OK
r-patched-linux-x86_64 0.3 0.63 10.09 10.72 NOTE
r-patched-solaris-sparc 0.3 118.10 NOTE
r-patched-solaris-x86 0.3 26.00 NOTE
r-release-linux-x86_64 0.3 0.70 10.21 10.91 NOTE
r-release-osx-x86_64-mavericks 0.3 NOTE
r-release-windows-ix86+x86_64 0.3 3.00 28.00 31.00 OK
r-oldrel-windows-ix86+x86_64 0.3 3.00 35.00 38.00 OK

Check Details

Version: 0.3
Check: DESCRIPTION meta-information
Result: NOTE
    Deprecated license: BSD
Flavors: r-devel-linux-x86_64-debian-clang, r-devel-linux-x86_64-debian-gcc, r-devel-linux-x86_64-fedora-clang, r-devel-linux-x86_64-fedora-gcc, r-devel-osx-x86_64-clang, r-patched-linux-x86_64, r-patched-solaris-sparc, r-patched-solaris-x86, r-release-linux-x86_64, r-release-osx-x86_64-mavericks