CRAN Package Check Results for Package compoisson

Last updated on 2015-04-28 21:46:30.

Flavor Version Tinstall Tcheck Ttotal Status Flags
r-devel-linux-x86_64-debian-clang 0.3 0.61 10.35 10.96 NOTE
r-devel-linux-x86_64-debian-gcc 0.3 0.61 9.89 10.50 NOTE
r-devel-linux-x86_64-fedora-clang 0.3 21.34 NOTE
r-devel-linux-x86_64-fedora-gcc 0.3 19.32 NOTE
r-devel-osx-x86_64-clang 0.3 23.77 NOTE
r-devel-windows-ix86+x86_64 0.3 3.00 20.00 23.00 OK
r-patched-linux-x86_64 0.3 0.62 9.86 10.48 NOTE
r-patched-solaris-sparc 0.3 151.70 NOTE
r-patched-solaris-x86 0.3 30.70 NOTE
r-release-linux-x86_64 0.3 0.73 10.24 10.97 NOTE
r-release-osx-x86_64-mavericks 0.3 NOTE
r-release-osx-x86_64-snowleopard 0.3 NOTE
r-release-windows-ix86+x86_64 0.3 3.00 19.00 22.00 OK
r-oldrel-windows-ix86+x86_64 0.3 2.00 19.00 21.00 OK

Check Details

Version: 0.3
Check: DESCRIPTION meta-information
Result: NOTE
    Deprecated license: BSD
Flavors: r-devel-linux-x86_64-debian-clang, r-devel-linux-x86_64-debian-gcc, r-devel-linux-x86_64-fedora-clang, r-devel-linux-x86_64-fedora-gcc, r-devel-osx-x86_64-clang, r-patched-linux-x86_64, r-patched-solaris-sparc, r-patched-solaris-x86, r-release-linux-x86_64, r-release-osx-x86_64-mavericks, r-release-osx-x86_64-snowleopard