CRAN Package Check Results for Package compoisson

Last updated on 2017-05-28 23:49:52.

Flavor Version Tinstall Tcheck Ttotal Status Flags
r-devel-linux-x86_64-debian-clang 0.3 0.72 12.67 13.39 NOTE
r-devel-linux-x86_64-debian-gcc 0.3 0.73 11.89 12.62 NOTE
r-devel-linux-x86_64-fedora-clang 0.3 21.19 NOTE
r-devel-linux-x86_64-fedora-gcc 0.3 19.89 NOTE
r-devel-windows-ix86+x86_64 0.3 3.00 40.00 43.00 OK
r-patched-linux-x86_64 0.3 0.80 14.22 15.01 NOTE
r-patched-solaris-sparc 0.3 128.90 NOTE
r-patched-solaris-x86 0.3 30.90 NOTE
r-release-linux-x86_64 0.3 0.89 12.97 13.86 NOTE
r-release-windows-ix86+x86_64 0.3 4.00 40.00 44.00 OK
r-release-osx-x86_64 0.3 NOTE
r-oldrel-windows-ix86+x86_64 0.3 6.00 28.00 34.00 OK
r-oldrel-osx-x86_64 0.3 NOTE

Check Details

Version: 0.3
Check: DESCRIPTION meta-information
Result: NOTE
    Deprecated license: BSD
Flavors: r-devel-linux-x86_64-debian-clang, r-devel-linux-x86_64-debian-gcc, r-devel-linux-x86_64-fedora-clang, r-devel-linux-x86_64-fedora-gcc, r-patched-linux-x86_64, r-patched-solaris-sparc, r-patched-solaris-x86, r-release-linux-x86_64, r-release-osx-x86_64, r-oldrel-osx-x86_64