CRAN Package Check Results for Package compoisson

Last updated on 2015-03-31 03:48:26.

Flavor Version Tinstall Tcheck Ttotal Status Flags
r-devel-linux-x86_64-debian-clang 0.3 0.80 10.19 10.99 NOTE
r-devel-linux-x86_64-debian-gcc 0.3 0.60 10.02 10.63 NOTE
r-devel-linux-x86_64-fedora-clang 0.3 21.08 NOTE
r-devel-linux-x86_64-fedora-gcc 0.3 19.33 NOTE
r-devel-osx-x86_64-clang 0.3 27.55 NOTE
r-prerel-windows-ix86+x86_64 0.3 3.00 19.00 22.00 OK
r-prerel-linux-x86_64 0.3 0.61 9.91 10.52 NOTE
r-prerel-solaris-sparc 0.3 151.70 NOTE
r-prerel-solaris-x86 0.3 29.80 NOTE
r-release-linux-x86_64 0.3 0.70 11.88 12.58 NOTE
r-release-osx-x86_64-mavericks 0.3 NOTE
r-release-windows-ix86+x86_64 0.3 3.00 21.00 24.00 OK
r-oldrel-windows-ix86+x86_64 0.3 4.00 21.00 25.00 OK

Check Details

Version: 0.3
Check: DESCRIPTION meta-information
Result: NOTE
    Deprecated license: BSD
Flavors: r-devel-linux-x86_64-debian-clang, r-devel-linux-x86_64-debian-gcc, r-devel-linux-x86_64-fedora-clang, r-devel-linux-x86_64-fedora-gcc, r-devel-osx-x86_64-clang, r-prerel-linux-x86_64, r-prerel-solaris-sparc, r-prerel-solaris-x86, r-release-linux-x86_64, r-release-osx-x86_64-mavericks