CRAN Package Check Results for Package compoisson

Last updated on 2014-09-17 18:46:47.

Flavor Version Tinstall Tcheck Ttotal Status Flags
r-devel-linux-x86_64-debian-clang 0.3 0.58 10.78 11.36 NOTE
r-devel-linux-x86_64-debian-gcc 0.3 0.58 10.75 11.33 NOTE
r-devel-linux-x86_64-fedora-clang 0.3 22.34 NOTE
r-devel-linux-x86_64-fedora-gcc 0.3 21.79 NOTE
r-devel-osx-x86_64-clang 0.3 23.94 NOTE
r-devel-windows-ix86+x86_64 0.3 2.00 18.00 20.00 OK
r-patched-linux-x86_64 0.3 0.62 10.48 11.10 NOTE
r-patched-solaris-sparc 0.3 134.50 NOTE
r-patched-solaris-x86 0.3 32.90 NOTE
r-release-linux-ix86 0.3 0.92 18.34 19.27 NOTE
r-release-linux-x86_64 0.3 0.79 11.46 12.25 NOTE
r-release-osx-x86_64-mavericks 0.3 NOTE
r-release-windows-ix86+x86_64 0.3 3.00 20.00 23.00 OK
r-oldrel-windows-ix86+x86_64 0.3 3.00 20.00 23.00 OK

Check Details

Version: 0.3
Check: DESCRIPTION meta-information
Result: NOTE
    Deprecated license: BSD
Flavors: r-devel-linux-x86_64-debian-clang, r-devel-linux-x86_64-debian-gcc, r-devel-linux-x86_64-fedora-clang, r-devel-linux-x86_64-fedora-gcc, r-devel-osx-x86_64-clang, r-patched-linux-x86_64, r-patched-solaris-sparc, r-patched-solaris-x86, r-release-linux-ix86, r-release-linux-x86_64, r-release-osx-x86_64-mavericks