CRAN Package Check Results for Package compoisson

Last updated on 2016-02-10 11:55:09.

Flavor Version Tinstall Tcheck Ttotal Status Flags
r-devel-linux-x86_64-debian-gcc 0.3 0.61 8.96 9.57 NOTE
r-devel-linux-x86_64-fedora-clang 0.3 17.47 NOTE
r-devel-linux-x86_64-fedora-gcc 0.3 16.59 NOTE
r-devel-osx-x86_64-clang 0.3 21.28 NOTE
r-devel-windows-ix86+x86_64 0.3 4.00 38.00 42.00 OK
r-patched-linux-x86_64 0.3 0.64 10.10 10.74 NOTE
r-patched-solaris-sparc 0.3 118.80 NOTE
r-patched-solaris-x86 0.3 27.10 NOTE
r-release-linux-x86_64 0.3 0.66 9.86 10.51 NOTE
r-release-osx-x86_64-mavericks 0.3 NOTE
r-release-windows-ix86+x86_64 0.3 3.00 28.00 31.00 OK
r-oldrel-windows-ix86+x86_64 0.3 4.00 33.00 37.00 OK

Check Details

Version: 0.3
Check: DESCRIPTION meta-information
Result: NOTE
    Deprecated license: BSD
Flavors: r-devel-linux-x86_64-debian-gcc, r-devel-linux-x86_64-fedora-clang, r-devel-linux-x86_64-fedora-gcc, r-devel-osx-x86_64-clang, r-patched-linux-x86_64, r-patched-solaris-sparc, r-patched-solaris-x86, r-release-linux-x86_64, r-release-osx-x86_64-mavericks