CRAN Package Check Results for Package compoisson

Last updated on 2014-07-30 11:49:46.

Flavor Version Tinstall Tcheck Ttotal Status Flags
r-devel-linux-x86_64-debian-clang 0.3 0.62 10.86 11.48 NOTE
r-devel-linux-x86_64-debian-gcc 0.3 0.66 10.93 11.59 NOTE
r-devel-linux-x86_64-fedora-clang 0.3 22.79 NOTE
r-devel-linux-x86_64-fedora-gcc 0.3 21.92 NOTE
r-devel-osx-x86_64-clang 0.3 24.36 NOTE
r-devel-windows-ix86+x86_64 0.3 3.00 19.00 22.00 OK
r-patched-linux-x86_64 0.3 0.62 10.73 11.34 NOTE
r-patched-solaris-sparc 0.3 130.70 NOTE
r-patched-solaris-x86 0.3 33.10 NOTE
r-release-linux-ix86 0.3 0.93 16.91 17.84 NOTE
r-release-linux-x86_64 0.3 0.65 11.10 11.75 NOTE
r-release-osx-x86_64-mavericks 0.3 NOTE
r-release-windows-ix86+x86_64 0.3 2.00 19.00 21.00 OK
r-oldrel-windows-ix86+x86_64 0.3 3.00 20.00 23.00 OK

Check Details

Version: 0.3
Check: DESCRIPTION meta-information
Result: NOTE
    Deprecated license: BSD
Flavors: r-devel-linux-x86_64-debian-clang, r-devel-linux-x86_64-debian-gcc, r-devel-linux-x86_64-fedora-clang, r-devel-linux-x86_64-fedora-gcc, r-devel-osx-x86_64-clang, r-patched-linux-x86_64, r-patched-solaris-sparc, r-patched-solaris-x86, r-release-linux-ix86, r-release-linux-x86_64, r-release-osx-x86_64-mavericks