CRAN Package Check Results for Package compoisson

Last updated on 2016-09-27 16:47:35.

Flavor Version Tinstall Tcheck Ttotal Status Flags
r-devel-linux-x86_64-debian-clang 0.3 0.66 10.41 11.07 NOTE
r-devel-linux-x86_64-debian-gcc 0.3 0.64 10.81 11.45 NOTE
r-devel-linux-x86_64-fedora-clang 0.3 18.53 NOTE
r-devel-linux-x86_64-fedora-gcc 0.3 17.16 NOTE
r-devel-macos-x86_64-clang 0.3 16.57 NOTE
r-devel-windows-ix86+x86_64 0.3 4.00 33.00 37.00 OK
r-patched-linux-x86_64 0.3 0.60 10.36 10.96 NOTE
r-patched-solaris-sparc 0.3 118.10 NOTE
r-patched-solaris-x86 0.3 25.80 NOTE
r-release-linux-x86_64 0.3 0.62 10.51 11.13 NOTE
r-release-osx-x86_64-mavericks 0.3 NOTE
r-release-windows-ix86+x86_64 0.3 4.00 38.00 42.00 OK
r-oldrel-windows-ix86+x86_64 0.3 4.00 43.00 47.00 OK

Check Details

Version: 0.3
Check: DESCRIPTION meta-information
Result: NOTE
    Deprecated license: BSD
Flavors: r-devel-linux-x86_64-debian-clang, r-devel-linux-x86_64-debian-gcc, r-devel-linux-x86_64-fedora-clang, r-devel-linux-x86_64-fedora-gcc, r-devel-macos-x86_64-clang, r-patched-linux-x86_64, r-patched-solaris-sparc, r-patched-solaris-x86, r-release-linux-x86_64, r-release-osx-x86_64-mavericks