CRAN Package Check Results for Package compoisson

Last updated on 2014-04-17 02:47:44.

Flavor Version Tinstall Tcheck Ttotal Status Flags
r-devel-linux-x86_64-debian-clang 0.3 0.72 11.22 11.94 NOTE
r-devel-linux-x86_64-debian-gcc 0.3 0.68 11.62 12.30 NOTE
r-devel-linux-x86_64-fedora-clang 0.3 23.10 NOTE
r-devel-linux-x86_64-fedora-gcc 0.3 21.58 NOTE
r-devel-macosx-x86_64-clang 0.3 27.99 NOTE
r-devel-macosx-x86_64-gcc 0.3 NOTE
r-devel-windows-ix86+x86_64 0.3 2.00 18.00 20.00 OK
r-patched-linux-x86_64 0.3 0.80 11.13 11.93 NOTE
r-patched-solaris-sparc 0.3 130.70 NOTE
r-patched-solaris-x86 0.3 34.50 NOTE
r-release-linux-ix86 0.3 2.00 24.00 26.00 NOTE
r-release-linux-x86_64 0.3 0.72 11.36 12.09 NOTE
r-release-windows-ix86+x86_64 0.3 3.00 20.00 23.00 OK
r-oldrel-windows-ix86+x86_64 0.3 3.00 18.00 21.00 OK

Check Details

Version: 0.3
Check: DESCRIPTION meta-information
Result: NOTE
    Deprecated license: BSD
Flavors: r-devel-linux-x86_64-debian-clang, r-devel-linux-x86_64-debian-gcc, r-devel-linux-x86_64-fedora-clang, r-devel-linux-x86_64-fedora-gcc, r-devel-macosx-x86_64-clang, r-devel-macosx-x86_64-gcc, r-patched-linux-x86_64, r-patched-solaris-sparc, r-patched-solaris-x86, r-release-linux-ix86, r-release-linux-x86_64