CRAN Package Check Results for Package compositions

Last updated on 2014-11-23 03:47:56.

Flavor Version Tinstall Tcheck Ttotal Status Flags
r-devel-linux-x86_64-debian-clang 1.40-1 4.70 91.24 95.95 NOTE
r-devel-linux-x86_64-debian-gcc 1.40-1 5.18 91.73 96.91 NOTE
r-devel-linux-x86_64-fedora-clang 1.40-1 190.60 NOTE
r-devel-linux-x86_64-fedora-gcc 1.40-1 180.39 NOTE
r-devel-osx-x86_64-clang 1.40-1 162.06 NOTE
r-devel-windows-ix86+x86_64 1.40-1 16.00 184.00 200.00 NOTE
r-patched-linux-x86_64 1.40-1 5.29 92.26 97.55 NOTE
r-patched-solaris-sparc 1.40-1 1068.30 NOTE
r-patched-solaris-x86 1.40-1 224.80 NOTE
r-release-linux-ix86 1.40-1 6.36 105.38 111.74 NOTE
r-release-linux-x86_64 1.40-1 5.53 93.29 98.82 NOTE
r-release-osx-x86_64-mavericks 1.40-1 OK
r-release-osx-x86_64-snowleopard 1.40-1 OK
r-release-windows-ix86+x86_64 1.40-1 20.00 192.00 212.00 NOTE
r-oldrel-windows-ix86+x86_64 1.40-1 17.00 195.00 212.00 OK

Check Details

Version: 1.40-1
Check: R code for possible problems
Result: NOTE
    arrows3D.default: no visible global function definition for ‘texts3d’
    arrows3D.default: no visible global function definition for
     ‘segments3d’
    axis3D: no visible global function definition for ‘bbox3d’
    biplot3D.default: no visible global function definition for ‘points3d’
    biplot3D.default: no visible global function definition for ‘texts3d’
    biplot3D.princomp: no visible global function definition for ‘texts3d’
    biplot3D.princomp: no visible global function definition for ‘par3d’
    plot3D.acomp: no visible global function definition for ‘points3d’
    plot3D.acomp: no visible global function definition for ‘lines3d’
    plot3D.acomp: no visible global function definition for ‘texts3d’
    plot3D.acomp: no visible global function definition for ‘rgl.viewpoint’
    plot3D.acomp: no visible global function definition for ‘bbox3d’
    plot3D.default: no visible global function definition for ‘rgl.bbox’
    plot3D.rcomp: no visible global function definition for ‘points3d’
    plot3D.rcomp: no visible global function definition for ‘lines3d’
    plot3D.rcomp: no visible global function definition for ‘texts3d’
    plot3D.rcomp: no visible global function definition for ‘rgl.viewpoint’
    plot3D.rcomp: no visible global function definition for ‘bbox3d’
    plot3D.rmult: no visible global function definition for ‘points3d’
    plot3D.rmult: no visible global function definition for ‘par3d’
Flavors: r-devel-linux-x86_64-debian-clang, r-devel-linux-x86_64-debian-gcc, r-devel-linux-x86_64-fedora-clang, r-devel-linux-x86_64-fedora-gcc, r-devel-osx-x86_64-clang, r-devel-windows-ix86+x86_64, r-patched-linux-x86_64, r-patched-solaris-sparc, r-patched-solaris-x86, r-release-linux-ix86, r-release-linux-x86_64, r-release-windows-ix86+x86_64