CRAN Package Check Results for Package compositions

Last updated on 2015-01-29 12:47:59.

Flavor Version Tinstall Tcheck Ttotal Status Flags
r-devel-linux-x86_64-debian-clang 1.40-1 4.32 86.52 90.85 NOTE
r-devel-linux-x86_64-debian-gcc 1.40-1 5.06 86.78 91.84 NOTE
r-devel-linux-x86_64-fedora-clang 1.40-1 201.60 NOTE
r-devel-linux-x86_64-fedora-gcc 1.40-1 177.99 NOTE
r-devel-osx-x86_64-clang 1.40-1 161.69 NOTE
r-devel-windows-ix86+x86_64 1.40-1 24.00 185.00 209.00 NOTE
r-patched-linux-x86_64 1.40-1 5.42 97.40 102.82 NOTE
r-patched-solaris-sparc 1.40-1 1089.20 NOTE
r-patched-solaris-x86 1.40-1 226.40 NOTE
r-release-linux-ix86 1.40-1 6.42 106.58 113.00 NOTE
r-release-linux-x86_64 1.40-1 5.59 94.28 99.87 NOTE
r-release-osx-x86_64-mavericks 1.40-1 NOTE
r-release-osx-x86_64-snowleopard 1.40-1 OK
r-release-windows-ix86+x86_64 1.40-1 18.00 214.00 232.00 NOTE
r-oldrel-windows-ix86+x86_64 1.40-1 20.00 210.00 230.00 OK

Check Details

Version: 1.40-1
Check: dependencies in R code
Result: NOTE
    'library' or 'require' call to ‘rgl’ in package code.
     Please use :: or requireNamespace() instead.
     See section 'Suggested packages' in the 'Writing R Extensions' manual.
Flavors: r-devel-linux-x86_64-debian-clang, r-devel-linux-x86_64-debian-gcc, r-devel-linux-x86_64-fedora-clang, r-devel-linux-x86_64-fedora-gcc, r-devel-osx-x86_64-clang, r-devel-windows-ix86+x86_64

Version: 1.40-1
Check: S3 generic/method consistency
Result: NOTE
    Found the following apparent S3 methods exported but not registered:
     MahalanobisDist.aplus MahalanobisDist.rcomp MahalanobisDist.rplus
     R2.default R2.lm acompGOF.test.formula acompGOF.test.list
     balanceBase.aplus balanceBase.rplus bit<-.character bit<-.numeric
     cdt.ccomp cdtInv.ccomp groupparts.ccomp idt.ccomp idtInv.ccomp
     missingProjector.rmult totals.ccomp var.lm var.mlm mean.ccomp
     split.ccomp barplot.ccomp plot.ccomp plot.logratioVariogram
     names.ccomp names<-.acomp names<-.aplus names<-.ccomp names<-.rcomp
     names<-.rmult names<-.rplus +.acomp +.rcomp +.rmult +.rplus -.acomp
     -.rcomp -.rmult -.rplus *.acomp *.rcomp *.rmult *.rplus /.acomp
     /.rcomp /.rmult /.rplus
    See section ‘Registering S3 methods’ in the ‘Writing R Extensions’
    manual.
Flavors: r-devel-linux-x86_64-debian-clang, r-devel-linux-x86_64-debian-gcc, r-devel-linux-x86_64-fedora-clang, r-devel-linux-x86_64-fedora-gcc, r-devel-osx-x86_64-clang

Version: 1.40-1
Check: R code for possible problems
Result: NOTE
    arrows3D.default: no visible global function definition for ‘texts3d’
    arrows3D.default: no visible global function definition for
     ‘segments3d’
    axis3D: no visible global function definition for ‘bbox3d’
    biplot3D.default: no visible global function definition for ‘points3d’
    biplot3D.default: no visible global function definition for ‘texts3d’
    biplot3D.princomp: no visible global function definition for ‘texts3d’
    biplot3D.princomp: no visible global function definition for ‘par3d’
    plot3D.acomp: no visible global function definition for ‘points3d’
    plot3D.acomp: no visible global function definition for ‘lines3d’
    plot3D.acomp: no visible global function definition for ‘texts3d’
    plot3D.acomp: no visible global function definition for ‘rgl.viewpoint’
    plot3D.acomp: no visible global function definition for ‘bbox3d’
    plot3D.default: no visible global function definition for ‘rgl.bbox’
    plot3D.rcomp: no visible global function definition for ‘points3d’
    plot3D.rcomp: no visible global function definition for ‘lines3d’
    plot3D.rcomp: no visible global function definition for ‘texts3d’
    plot3D.rcomp: no visible global function definition for ‘rgl.viewpoint’
    plot3D.rcomp: no visible global function definition for ‘bbox3d’
    plot3D.rmult: no visible global function definition for ‘points3d’
    plot3D.rmult: no visible global function definition for ‘par3d’
Flavors: r-devel-linux-x86_64-debian-clang, r-devel-linux-x86_64-debian-gcc, r-devel-linux-x86_64-fedora-clang, r-devel-linux-x86_64-fedora-gcc, r-devel-osx-x86_64-clang, r-devel-windows-ix86+x86_64, r-patched-linux-x86_64, r-patched-solaris-sparc, r-patched-solaris-x86, r-release-linux-ix86, r-release-linux-x86_64, r-release-osx-x86_64-mavericks, r-release-windows-ix86+x86_64