CRAN Package Check Results for Package compositions

Last updated on 2014-10-30 19:48:50.

Flavor Version Tinstall Tcheck Ttotal Status Flags
r-devel-linux-x86_64-debian-clang 1.40-1 4.83 91.33 96.16 NOTE
r-devel-linux-x86_64-debian-gcc 1.40-1 5.22 90.11 95.33 NOTE
r-devel-linux-x86_64-fedora-clang 1.40-1 192.62 NOTE
r-devel-linux-x86_64-fedora-gcc 1.40-1 184.01 NOTE
r-devel-osx-x86_64-clang 1.40-1 158.50 NOTE
r-devel-windows-ix86+x86_64 1.40-1 16.00 169.00 185.00 NOTE
r-patched-linux-x86_64 1.40-1 6.09 95.40 101.48 NOTE
r-patched-solaris-sparc 1.40-1 1068.30 NOTE
r-patched-solaris-x86 1.40-1 228.10 NOTE
r-release-linux-ix86 1.40-1 6.72 122.09 128.82 OK
r-release-linux-x86_64 1.40-1 5.28 95.86 101.14 OK
r-release-osx-x86_64-mavericks 1.40-1 OK
r-release-osx-x86_64-snowleopard 1.40-1 OK
r-release-windows-ix86+x86_64 1.40-1 16.00 193.00 209.00 OK
r-oldrel-windows-ix86+x86_64 1.40-1 17.00 199.00 216.00 OK

Check Details

Version: 1.40-1
Check: R code for possible problems
Result: NOTE
    arrows3D.default: no visible global function definition for ‘texts3d’
    arrows3D.default: no visible global function definition for
     ‘segments3d’
    axis3D: no visible global function definition for ‘bbox3d’
    biplot3D.default: no visible global function definition for ‘points3d’
    biplot3D.default: no visible global function definition for ‘texts3d’
    biplot3D.princomp: no visible global function definition for ‘texts3d’
    biplot3D.princomp: no visible global function definition for ‘par3d’
    plot3D.acomp: no visible global function definition for ‘points3d’
    plot3D.acomp: no visible global function definition for ‘lines3d’
    plot3D.acomp: no visible global function definition for ‘texts3d’
    plot3D.acomp: no visible global function definition for ‘rgl.viewpoint’
    plot3D.acomp: no visible global function definition for ‘bbox3d’
    plot3D.default: no visible global function definition for ‘rgl.bbox’
    plot3D.rcomp: no visible global function definition for ‘points3d’
    plot3D.rcomp: no visible global function definition for ‘lines3d’
    plot3D.rcomp: no visible global function definition for ‘texts3d’
    plot3D.rcomp: no visible global function definition for ‘rgl.viewpoint’
    plot3D.rcomp: no visible global function definition for ‘bbox3d’
    plot3D.rmult: no visible global function definition for ‘points3d’
    plot3D.rmult: no visible global function definition for ‘par3d’
Flavors: r-devel-linux-x86_64-debian-clang, r-devel-linux-x86_64-debian-gcc, r-devel-linux-x86_64-fedora-clang, r-devel-linux-x86_64-fedora-gcc, r-devel-osx-x86_64-clang, r-devel-windows-ix86+x86_64, r-patched-linux-x86_64, r-patched-solaris-sparc, r-patched-solaris-x86