CRAN Package Check Results for Package compositions

Last updated on 2014-08-20 21:47:23.

Flavor Version Tinstall Tcheck Ttotal Status Flags
r-devel-linux-x86_64-debian-clang 1.40-1 4.53 90.23 94.76 OK
r-devel-linux-x86_64-debian-gcc 1.40-1 5.94 89.30 95.24 OK
r-devel-linux-x86_64-fedora-clang 1.40-1 204.60 NOTE
r-devel-linux-x86_64-fedora-gcc 1.40-1 189.47 NOTE
r-devel-osx-x86_64-clang 1.40-1 155.40 NOTE
r-devel-windows-ix86+x86_64 1.40-1 16.00 179.00 195.00 OK
r-patched-linux-x86_64 1.40-1 5.30 91.70 97.00 OK
r-patched-solaris-sparc 1.40-1 1085.90 OK
r-patched-solaris-x86 1.40-1 227.70 OK
r-release-linux-ix86 1.40-1 6.72 111.84 118.56 OK
r-release-linux-x86_64 1.40-1 5.86 93.17 99.03 OK
r-release-osx-x86_64-mavericks 1.40-1 OK
r-release-osx-x86_64-snowleopard 1.40-1 OK
r-release-windows-ix86+x86_64 1.40-1 16.00 186.00 202.00 OK
r-oldrel-windows-ix86+x86_64 1.40-1 16.00 193.00 209.00 OK

Check Details

Version: 1.40-1
Check: R code for possible problems
Result: NOTE
    arrows3D.default: no visible global function definition for ‘texts3d’
    arrows3D.default: no visible global function definition for
     ‘segments3d’
    axis3D: no visible global function definition for ‘bbox3d’
    biplot3D.default: no visible global function definition for ‘points3d’
    biplot3D.default: no visible global function definition for ‘texts3d’
    biplot3D.princomp: no visible global function definition for ‘texts3d’
    biplot3D.princomp: no visible global function definition for ‘par3d’
    plot3D.acomp: no visible global function definition for ‘points3d’
    plot3D.acomp: no visible global function definition for ‘lines3d’
    plot3D.acomp: no visible global function definition for ‘texts3d’
    plot3D.acomp: no visible global function definition for ‘rgl.viewpoint’
    plot3D.acomp: no visible global function definition for ‘bbox3d’
    plot3D.default: no visible global function definition for ‘rgl.bbox’
    plot3D.rcomp: no visible global function definition for ‘points3d’
    plot3D.rcomp: no visible global function definition for ‘lines3d’
    plot3D.rcomp: no visible global function definition for ‘texts3d’
    plot3D.rcomp: no visible global function definition for ‘rgl.viewpoint’
    plot3D.rcomp: no visible global function definition for ‘bbox3d’
    plot3D.rmult: no visible global function definition for ‘points3d’
    plot3D.rmult: no visible global function definition for ‘par3d’
Flavors: r-devel-linux-x86_64-fedora-clang, r-devel-linux-x86_64-fedora-gcc, r-devel-osx-x86_64-clang