CRAN Package Check Results for Package compositions

Last updated on 2015-06-30 22:47:12.

Flavor Version Tinstall Tcheck Ttotal Status Flags
r-devel-linux-x86_64-debian-clang 1.40-1 5.72 85.50 91.21 NOTE
r-devel-linux-x86_64-debian-gcc 1.40-1 6.40 85.70 92.11 NOTE
r-devel-linux-x86_64-fedora-clang 1.40-1 173.86 NOTE
r-devel-linux-x86_64-fedora-gcc 1.40-1 163.45 NOTE
r-devel-osx-x86_64-clang 1.40-1 158.51 NOTE
r-devel-windows-ix86+x86_64 1.40-1 20.00 193.00 213.00 NOTE
r-patched-linux-x86_64 1.40-1 5.05 83.55 88.60 NOTE
r-patched-solaris-sparc 1.40-1 1030.30 NOTE
r-patched-solaris-x86 1.40-1 215.10 NOTE
r-release-linux-x86_64 1.40-1 5.06 84.46 89.52 NOTE
r-release-osx-x86_64-mavericks 1.40-1 NOTE
r-release-windows-ix86+x86_64 1.40-1 29.00 199.00 228.00 NOTE
r-oldrel-windows-ix86+x86_64 1.40-1 20.00 208.00 228.00 NOTE

Check Details

Version: 1.40-1
Check: dependencies in R code
Result: NOTE
    'library' or 'require' call to ‘rgl’ in package code.
     Please use :: or requireNamespace() instead.
     See section 'Suggested packages' in the 'Writing R Extensions' manual.
Flavors: r-devel-linux-x86_64-debian-clang, r-devel-linux-x86_64-debian-gcc, r-devel-linux-x86_64-fedora-clang, r-devel-linux-x86_64-fedora-gcc, r-devel-osx-x86_64-clang, r-devel-windows-ix86+x86_64, r-patched-linux-x86_64, r-patched-solaris-sparc, r-patched-solaris-x86, r-release-linux-x86_64, r-release-osx-x86_64-mavericks, r-release-windows-ix86+x86_64, r-oldrel-windows-ix86+x86_64

Version: 1.40-1
Check: S3 generic/method consistency
Result: NOTE
    Found the following apparent S3 methods exported but not registered:
     *.acomp *.rcomp *.rmult *.rplus +.acomp +.rcomp +.rmult +.rplus
     -.acomp -.rcomp -.rmult -.rplus /.acomp /.rcomp /.rmult /.rplus
     MahalanobisDist.aplus MahalanobisDist.rcomp MahalanobisDist.rplus
     R2.default R2.lm acompGOF.test.formula acompGOF.test.list
     balanceBase.aplus balanceBase.rplus barplot.ccomp bit<-.character
     bit<-.numeric cdt.ccomp cdtInv.ccomp groupparts.ccomp idt.ccomp
     idtInv.ccomp mean.ccomp missingProjector.rmult names.ccomp
     names<-.acomp names<-.aplus names<-.ccomp names<-.rcomp names<-.rmult
     names<-.rplus plot.ccomp plot.logratioVariogram split.ccomp
     totals.ccomp var.lm var.mlm
    See section ‘Registering S3 methods’ in the ‘Writing R Extensions’
    manual.
Flavors: r-devel-linux-x86_64-debian-clang, r-devel-linux-x86_64-debian-gcc, r-devel-linux-x86_64-fedora-clang, r-devel-linux-x86_64-fedora-gcc, r-devel-osx-x86_64-clang, r-patched-linux-x86_64, r-patched-solaris-sparc, r-patched-solaris-x86, r-release-linux-x86_64

Version: 1.40-1
Check: R code for possible problems
Result: NOTE
    arrows3D.default: no visible global function definition for ‘texts3d’
    arrows3D.default: no visible global function definition for
     ‘segments3d’
    axis3D: no visible global function definition for ‘bbox3d’
    biplot3D.default: no visible global function definition for ‘points3d’
    biplot3D.default: no visible global function definition for ‘texts3d’
    biplot3D.princomp: no visible global function definition for ‘texts3d’
    biplot3D.princomp: no visible global function definition for ‘par3d’
    coloredBiplot.default: no visible global function definition for
     ‘palette’
    colorsForOutliers1: no visible binding for global variable ‘rainbow’
    colorsForOutliers2: no visible global function definition for ‘rgb’
    gsi.APdivideix : <anonymous>: no visible global function definition for
     ‘combn’
    gsi.APrecursiu: no visible global function definition for ‘write.table’
    gsi.PrinBal: no visible global function definition for ‘write.table’
    gsi.PrinBal: no visible global function definition for ‘read.table’
    gsi.getPlot: no visible global function definition for ‘dev.cur’
    gsi.setPlot: no visible global function definition for ‘dev.cur’
    mix.Read: no visible global function definition for ‘read.table’
    noreplot: no visible global function definition for ‘dev.cur’
    pairwisePlot.default: no visible global function definition for
     ‘methods’
    plot3D.acomp: no visible global function definition for ‘points3d’
    plot3D.acomp: no visible global function definition for ‘lines3d’
    plot3D.acomp: no visible global function definition for ‘texts3d’
    plot3D.acomp: no visible global function definition for ‘rgl.viewpoint’
    plot3D.acomp: no visible global function definition for ‘bbox3d’
    plot3D.default: no visible global function definition for ‘rgl.bbox’
    plot3D.rcomp: no visible global function definition for ‘points3d’
    plot3D.rcomp: no visible global function definition for ‘lines3d’
    plot3D.rcomp: no visible global function definition for ‘texts3d’
    plot3D.rcomp: no visible global function definition for ‘rgl.viewpoint’
    plot3D.rcomp: no visible global function definition for ‘bbox3d’
    plot3D.rmult: no visible global function definition for ‘points3d’
    plot3D.rmult: no visible global function definition for ‘par3d’
    read.geoeas: no visible global function definition for ‘read.table’
    replot: no visible global function definition for ‘dev.cur’
    ternaryAxis: no visible global function definition for
     ‘as.graphicsAnnot’
    tryDebugger: no visible global function definition for ‘menu’
Flavors: r-devel-linux-x86_64-debian-clang, r-devel-linux-x86_64-debian-gcc, r-devel-linux-x86_64-fedora-clang, r-devel-linux-x86_64-fedora-gcc, r-devel-windows-ix86+x86_64

Version: 1.40-1
Check: R code for possible problems
Result: NOTE
    arrows3D.default: no visible global function definition for ‘texts3d’
    arrows3D.default: no visible global function definition for
     ‘segments3d’
    axis3D: no visible global function definition for ‘bbox3d’
    biplot3D.default: no visible global function definition for ‘points3d’
    biplot3D.default: no visible global function definition for ‘texts3d’
    biplot3D.princomp: no visible global function definition for ‘texts3d’
    biplot3D.princomp: no visible global function definition for ‘par3d’
    plot3D.acomp: no visible global function definition for ‘points3d’
    plot3D.acomp: no visible global function definition for ‘lines3d’
    plot3D.acomp: no visible global function definition for ‘texts3d’
    plot3D.acomp: no visible global function definition for ‘rgl.viewpoint’
    plot3D.acomp: no visible global function definition for ‘bbox3d’
    plot3D.default: no visible global function definition for ‘rgl.bbox’
    plot3D.rcomp: no visible global function definition for ‘points3d’
    plot3D.rcomp: no visible global function definition for ‘lines3d’
    plot3D.rcomp: no visible global function definition for ‘texts3d’
    plot3D.rcomp: no visible global function definition for ‘rgl.viewpoint’
    plot3D.rcomp: no visible global function definition for ‘bbox3d’
    plot3D.rmult: no visible global function definition for ‘points3d’
    plot3D.rmult: no visible global function definition for ‘par3d’
Flavors: r-devel-osx-x86_64-clang, r-patched-linux-x86_64, r-patched-solaris-sparc, r-patched-solaris-x86, r-release-linux-x86_64, r-release-osx-x86_64-mavericks, r-release-windows-ix86+x86_64, r-oldrel-windows-ix86+x86_64