CRAN Package Check Results for Package compositions

Last updated on 2014-12-19 17:50:20.

Flavor Version Tinstall Tcheck Ttotal Status Flags
r-devel-linux-x86_64-debian-clang 1.40-1 4.83 92.38 97.21 NOTE
r-devel-linux-x86_64-debian-gcc 1.40-1 5.06 87.60 92.66 NOTE
r-devel-linux-x86_64-fedora-clang 1.40-1 191.18 NOTE
r-devel-linux-x86_64-fedora-gcc 1.40-1 174.42 NOTE
r-devel-osx-x86_64-clang 1.40-1 162.88 NOTE
r-devel-windows-ix86+x86_64 1.40-1 20.00 188.00 208.00 NOTE
r-patched-linux-x86_64 1.40-1 5.30 92.01 97.31 NOTE
r-patched-solaris-sparc 1.40-1 1068.30 NOTE
r-patched-solaris-x86 1.40-1 222.90 NOTE
r-release-linux-ix86 1.40-1 6.33 105.96 112.29 NOTE
r-release-linux-x86_64 1.40-1 5.27 95.86 101.12 NOTE
r-release-osx-x86_64-mavericks 1.40-1 OK
r-release-osx-x86_64-snowleopard 1.40-1 OK
r-release-windows-ix86+x86_64 1.40-1 21.00 193.00 214.00 NOTE
r-oldrel-windows-ix86+x86_64 1.40-1 22.00 212.00 234.00 OK

Check Details

Version: 1.40-1
Check: R code for possible problems
Result: NOTE
    arrows3D.default: no visible global function definition for ‘texts3d’
    arrows3D.default: no visible global function definition for
     ‘segments3d’
    axis3D: no visible global function definition for ‘bbox3d’
    biplot3D.default: no visible global function definition for ‘points3d’
    biplot3D.default: no visible global function definition for ‘texts3d’
    biplot3D.princomp: no visible global function definition for ‘texts3d’
    biplot3D.princomp: no visible global function definition for ‘par3d’
    plot3D.acomp: no visible global function definition for ‘points3d’
    plot3D.acomp: no visible global function definition for ‘lines3d’
    plot3D.acomp: no visible global function definition for ‘texts3d’
    plot3D.acomp: no visible global function definition for ‘rgl.viewpoint’
    plot3D.acomp: no visible global function definition for ‘bbox3d’
    plot3D.default: no visible global function definition for ‘rgl.bbox’
    plot3D.rcomp: no visible global function definition for ‘points3d’
    plot3D.rcomp: no visible global function definition for ‘lines3d’
    plot3D.rcomp: no visible global function definition for ‘texts3d’
    plot3D.rcomp: no visible global function definition for ‘rgl.viewpoint’
    plot3D.rcomp: no visible global function definition for ‘bbox3d’
    plot3D.rmult: no visible global function definition for ‘points3d’
    plot3D.rmult: no visible global function definition for ‘par3d’
Flavors: r-devel-linux-x86_64-debian-clang, r-devel-linux-x86_64-debian-gcc, r-devel-linux-x86_64-fedora-clang, r-devel-linux-x86_64-fedora-gcc, r-devel-osx-x86_64-clang, r-devel-windows-ix86+x86_64, r-patched-linux-x86_64, r-patched-solaris-sparc, r-patched-solaris-x86, r-release-linux-ix86, r-release-linux-x86_64, r-release-windows-ix86+x86_64