CRAN Package Check Results for Package compositions

Last updated on 2015-04-19 19:51:44.

Flavor Version Tinstall Tcheck Ttotal Status Flags
r-devel-linux-x86_64-debian-clang 1.40-1 4.57 84.04 88.61 NOTE
r-devel-linux-x86_64-debian-gcc 1.40-1 4.72 82.16 86.88 NOTE
r-devel-linux-x86_64-fedora-clang 1.40-1 170.36 NOTE
r-devel-linux-x86_64-fedora-gcc 1.40-1 164.83 NOTE
r-devel-osx-x86_64-clang 1.40-1 158.99 NOTE
r-devel-windows-ix86+x86_64 1.40-1 24.00 216.00 240.00 NOTE
r-patched-linux-x86_64 1.40-1 5.09 82.48 87.57 NOTE
r-patched-solaris-sparc 1.40-1 920.80 NOTE
r-patched-solaris-x86 1.40-1 203.50 NOTE
r-release-linux-x86_64 1.40-1 5.19 83.58 88.77 NOTE
r-release-osx-x86_64-mavericks 1.40-1 NOTE
r-release-osx-x86_64-snowleopard 1.40-1 ERROR
r-release-windows-ix86+x86_64 1.40-1 13.00 171.00 184.00 NOTE
r-oldrel-windows-ix86+x86_64 1.40-1 14.00 183.00 197.00 NOTE

Check Details

Version: 1.40-1
Check: dependencies in R code
Result: NOTE
    'library' or 'require' call to ‘rgl’ in package code.
     Please use :: or requireNamespace() instead.
     See section 'Suggested packages' in the 'Writing R Extensions' manual.
Flavors: r-devel-linux-x86_64-debian-clang, r-devel-linux-x86_64-debian-gcc, r-devel-linux-x86_64-fedora-clang, r-devel-linux-x86_64-fedora-gcc, r-devel-osx-x86_64-clang, r-devel-windows-ix86+x86_64, r-patched-linux-x86_64, r-patched-solaris-sparc, r-patched-solaris-x86, r-release-linux-x86_64, r-release-osx-x86_64-mavericks, r-release-osx-x86_64-snowleopard, r-release-windows-ix86+x86_64, r-oldrel-windows-ix86+x86_64

Version: 1.40-1
Check: S3 generic/method consistency
Result: NOTE
    Found the following apparent S3 methods exported but not registered:
     *.acomp *.rcomp *.rmult *.rplus +.acomp +.rcomp +.rmult +.rplus
     -.acomp -.rcomp -.rmult -.rplus /.acomp /.rcomp /.rmult /.rplus
     MahalanobisDist.aplus MahalanobisDist.rcomp MahalanobisDist.rplus
     R2.default R2.lm acompGOF.test.formula acompGOF.test.list
     balanceBase.aplus balanceBase.rplus barplot.ccomp bit<-.character
     bit<-.numeric cdt.ccomp cdtInv.ccomp groupparts.ccomp idt.ccomp
     idtInv.ccomp mean.ccomp missingProjector.rmult names.ccomp
     names<-.acomp names<-.aplus names<-.ccomp names<-.rcomp names<-.rmult
     names<-.rplus plot.ccomp plot.logratioVariogram split.ccomp
     totals.ccomp var.lm var.mlm
    See section ‘Registering S3 methods’ in the ‘Writing R Extensions’
    manual.
Flavors: r-devel-linux-x86_64-debian-clang, r-devel-linux-x86_64-debian-gcc, r-devel-linux-x86_64-fedora-clang, r-devel-linux-x86_64-fedora-gcc, r-devel-osx-x86_64-clang, r-patched-linux-x86_64, r-release-linux-x86_64

Version: 1.40-1
Check: R code for possible problems
Result: NOTE
    arrows3D.default: no visible global function definition for ‘texts3d’
    arrows3D.default: no visible global function definition for
     ‘segments3d’
    axis3D: no visible global function definition for ‘bbox3d’
    biplot3D.default: no visible global function definition for ‘points3d’
    biplot3D.default: no visible global function definition for ‘texts3d’
    biplot3D.princomp: no visible global function definition for ‘texts3d’
    biplot3D.princomp: no visible global function definition for ‘par3d’
    plot3D.acomp: no visible global function definition for ‘points3d’
    plot3D.acomp: no visible global function definition for ‘lines3d’
    plot3D.acomp: no visible global function definition for ‘texts3d’
    plot3D.acomp: no visible global function definition for ‘rgl.viewpoint’
    plot3D.acomp: no visible global function definition for ‘bbox3d’
    plot3D.default: no visible global function definition for ‘rgl.bbox’
    plot3D.rcomp: no visible global function definition for ‘points3d’
    plot3D.rcomp: no visible global function definition for ‘lines3d’
    plot3D.rcomp: no visible global function definition for ‘texts3d’
    plot3D.rcomp: no visible global function definition for ‘rgl.viewpoint’
    plot3D.rcomp: no visible global function definition for ‘bbox3d’
    plot3D.rmult: no visible global function definition for ‘points3d’
    plot3D.rmult: no visible global function definition for ‘par3d’
Flavors: r-devel-linux-x86_64-debian-clang, r-devel-linux-x86_64-debian-gcc, r-devel-linux-x86_64-fedora-clang, r-devel-linux-x86_64-fedora-gcc, r-devel-osx-x86_64-clang, r-devel-windows-ix86+x86_64, r-patched-linux-x86_64, r-patched-solaris-sparc, r-patched-solaris-x86, r-release-linux-x86_64, r-release-osx-x86_64-mavericks, r-release-osx-x86_64-snowleopard, r-release-windows-ix86+x86_64, r-oldrel-windows-ix86+x86_64

Version: 1.40-1
Check: examples
Result: ERROR
    Running examples in ‘compositions-Ex.R’ failed
    The error most likely occurred in:
    
    > ### Name: arrows3D
    > ### Title: arrows in 3D, based on package rgl
    > ### Aliases: arrows3D arrows3D.default
    > ### Keywords: multivariate
    >
    > ### ** Examples
    >
    > x <- cbind(rnorm(10),rnorm(10),rnorm(10))
    > plot3D(x)
    Loading required package: rgl
    Fri Mar 20 21:43:41 hagal.research.att.com R[38738] <Error>: unknown error code: invalid pixel format
    Fri Mar 20 21:43:41 hagal.research.att.com R[38738] <Error>: kCGErrorFailure: Set a breakpoint @ CGErrorBreakpoint() to catch errors as they are logged.
    X Error of failed request: GLXBadContext
     Major opcode of failed request: 0 ()
     Serial number of failed request: 27
     Current serial number in output stream: 27
Flavor: r-release-osx-x86_64-snowleopard