CRAN Package Check Results for Package compositions

Last updated on 2015-03-28 03:49:59.

Flavor Version Tinstall Tcheck Ttotal Status Flags
r-devel-linux-x86_64-debian-clang 1.40-1 4.52 86.66 91.18 NOTE
r-devel-linux-x86_64-debian-gcc 1.40-1 4.83 82.40 87.23 NOTE
r-devel-linux-x86_64-fedora-clang 1.40-1 171.14 NOTE
r-devel-linux-x86_64-fedora-gcc 1.40-1 159.59 NOTE
r-devel-osx-x86_64-clang 1.40-1 159.88 NOTE
r-prerel-windows-ix86+x86_64 1.40-1 19.00 180.00 199.00 NOTE
r-prerel-linux-x86_64 1.40-1 4.96 82.12 87.07 NOTE
r-prerel-solaris-sparc 1.40-1 920.80 NOTE
r-prerel-solaris-x86 1.40-1 205.50 NOTE
r-release-linux-x86_64 1.40-1 5.32 93.98 99.30 NOTE
r-release-osx-x86_64-mavericks 1.40-1 NOTE
r-release-osx-x86_64-snowleopard 1.40-1 OK
r-release-windows-ix86+x86_64 1.40-1 16.00 197.00 213.00 NOTE
r-oldrel-windows-ix86+x86_64 1.40-1 19.00 203.00 222.00 OK

Check Details

Version: 1.40-1
Check: dependencies in R code
Result: NOTE
    'library' or 'require' call to ‘rgl’ in package code.
     Please use :: or requireNamespace() instead.
     See section 'Suggested packages' in the 'Writing R Extensions' manual.
Flavors: r-devel-linux-x86_64-debian-clang, r-devel-linux-x86_64-debian-gcc, r-devel-linux-x86_64-fedora-clang, r-devel-linux-x86_64-fedora-gcc, r-devel-osx-x86_64-clang, r-prerel-windows-ix86+x86_64, r-prerel-linux-x86_64, r-prerel-solaris-sparc, r-prerel-solaris-x86, r-release-linux-x86_64, r-release-windows-ix86+x86_64

Version: 1.40-1
Check: S3 generic/method consistency
Result: NOTE
    Found the following apparent S3 methods exported but not registered:
     *.acomp *.rcomp *.rmult *.rplus +.acomp +.rcomp +.rmult +.rplus
     -.acomp -.rcomp -.rmult -.rplus /.acomp /.rcomp /.rmult /.rplus
     MahalanobisDist.aplus MahalanobisDist.rcomp MahalanobisDist.rplus
     R2.default R2.lm acompGOF.test.formula acompGOF.test.list
     balanceBase.aplus balanceBase.rplus barplot.ccomp bit<-.character
     bit<-.numeric cdt.ccomp cdtInv.ccomp groupparts.ccomp idt.ccomp
     idtInv.ccomp mean.ccomp missingProjector.rmult names.ccomp
     names<-.acomp names<-.aplus names<-.ccomp names<-.rcomp names<-.rmult
     names<-.rplus plot.ccomp plot.logratioVariogram split.ccomp
     totals.ccomp var.lm var.mlm
    See section ‘Registering S3 methods’ in the ‘Writing R Extensions’
    manual.
Flavors: r-devel-linux-x86_64-debian-clang, r-devel-linux-x86_64-debian-gcc, r-devel-linux-x86_64-fedora-clang, r-devel-linux-x86_64-fedora-gcc, r-devel-osx-x86_64-clang, r-prerel-linux-x86_64

Version: 1.40-1
Check: R code for possible problems
Result: NOTE
    arrows3D.default: no visible global function definition for ‘texts3d’
    arrows3D.default: no visible global function definition for
     ‘segments3d’
    axis3D: no visible global function definition for ‘bbox3d’
    biplot3D.default: no visible global function definition for ‘points3d’
    biplot3D.default: no visible global function definition for ‘texts3d’
    biplot3D.princomp: no visible global function definition for ‘texts3d’
    biplot3D.princomp: no visible global function definition for ‘par3d’
    plot3D.acomp: no visible global function definition for ‘points3d’
    plot3D.acomp: no visible global function definition for ‘lines3d’
    plot3D.acomp: no visible global function definition for ‘texts3d’
    plot3D.acomp: no visible global function definition for ‘rgl.viewpoint’
    plot3D.acomp: no visible global function definition for ‘bbox3d’
    plot3D.default: no visible global function definition for ‘rgl.bbox’
    plot3D.rcomp: no visible global function definition for ‘points3d’
    plot3D.rcomp: no visible global function definition for ‘lines3d’
    plot3D.rcomp: no visible global function definition for ‘texts3d’
    plot3D.rcomp: no visible global function definition for ‘rgl.viewpoint’
    plot3D.rcomp: no visible global function definition for ‘bbox3d’
    plot3D.rmult: no visible global function definition for ‘points3d’
    plot3D.rmult: no visible global function definition for ‘par3d’
Flavors: r-devel-linux-x86_64-debian-clang, r-devel-linux-x86_64-debian-gcc, r-devel-linux-x86_64-fedora-clang, r-devel-linux-x86_64-fedora-gcc, r-devel-osx-x86_64-clang, r-prerel-windows-ix86+x86_64, r-prerel-linux-x86_64, r-prerel-solaris-sparc, r-prerel-solaris-x86, r-release-linux-x86_64, r-release-osx-x86_64-mavericks, r-release-windows-ix86+x86_64