CRAN Package Check Results for Package compositions

Last updated on 2014-04-24 11:48:43.

Flavor Version Tinstall Tcheck Ttotal Status Flags
r-devel-linux-x86_64-debian-clang 1.40-0 4.93 94.52 99.45 OK
r-devel-linux-x86_64-debian-gcc 1.40-0 5.43 96.20 101.63 OK
r-devel-linux-x86_64-fedora-clang 1.40-0 202.71 OK
r-devel-linux-x86_64-fedora-gcc 1.40-0 198.16 OK
r-devel-osx-x86_64-clang 1.40-0 145.31 OK
r-devel-osx-x86_64-gcc 1.40-0 ERROR
r-devel-windows-ix86+x86_64 1.40-0 14.00 179.00 193.00 OK
r-patched-linux-x86_64 1.40-0 5.53 96.00 101.53 OK
r-patched-solaris-sparc 1.40-0 1036.90 OK
r-patched-solaris-x86 1.40-0 227.50 OK
r-release-linux-ix86 1.40-0 9.00 141.00 150.00 OK
r-release-linux-x86_64 1.40-0 5.33 95.53 100.86 OK
r-release-osx-x86_64-mavericks 1.40-0 OK
r-release-osx-x86_64-snowleopard 1.40-0 OK
r-release-windows-ix86+x86_64 1.40-0 15.00 194.00 209.00 OK
r-oldrel-windows-ix86+x86_64 1.40-0 18.00 197.00 215.00 OK

Memtest notes: UBSAN UBSAN

Check Details

Version: 1.40-0
Check: package dependencies
Result: ERROR
    Package required but not available: ‘robustbase’
    
    See the information on DESCRIPTION files in the chapter ‘Creating R
    packages’ of the ‘Writing R Extensions’ manual.
Flavor: r-devel-osx-x86_64-gcc