CRAN Package Check Results for Package compositions

Last updated on 2014-09-18 03:47:47.

Flavor Version Tinstall Tcheck Ttotal Status Flags
r-devel-linux-x86_64-debian-clang 1.40-1 4.72 90.51 95.23 NOTE
r-devel-linux-x86_64-debian-gcc 1.40-1 5.38 87.95 93.32 NOTE
r-devel-linux-x86_64-fedora-clang 1.40-1 189.88 NOTE
r-devel-linux-x86_64-fedora-gcc 1.40-1 186.88 NOTE
r-devel-osx-x86_64-clang 1.40-1 146.89 NOTE
r-devel-windows-ix86+x86_64 1.40-1 17.00 174.00 191.00 NOTE
r-patched-linux-x86_64 1.40-1 5.30 94.22 99.52 OK
r-patched-solaris-sparc 1.40-1 1085.90 OK
r-patched-solaris-x86 1.40-1 225.40 OK
r-release-linux-ix86 1.40-1 6.69 114.32 121.02 OK
r-release-linux-x86_64 1.40-1 5.33 95.30 100.63 OK
r-release-osx-x86_64-mavericks 1.40-1 OK
r-release-osx-x86_64-snowleopard 1.40-1 OK
r-release-windows-ix86+x86_64 1.40-1 14.00 190.00 204.00 OK
r-oldrel-windows-ix86+x86_64 1.40-1 16.00 197.00 213.00 OK

Check Details

Version: 1.40-1
Check: R code for possible problems
Result: NOTE
    arrows3D.default: no visible global function definition for ‘texts3d’
    arrows3D.default: no visible global function definition for
     ‘segments3d’
    axis3D: no visible global function definition for ‘bbox3d’
    biplot3D.default: no visible global function definition for ‘points3d’
    biplot3D.default: no visible global function definition for ‘texts3d’
    biplot3D.princomp: no visible global function definition for ‘texts3d’
    biplot3D.princomp: no visible global function definition for ‘par3d’
    plot3D.acomp: no visible global function definition for ‘points3d’
    plot3D.acomp: no visible global function definition for ‘lines3d’
    plot3D.acomp: no visible global function definition for ‘texts3d’
    plot3D.acomp: no visible global function definition for ‘rgl.viewpoint’
    plot3D.acomp: no visible global function definition for ‘bbox3d’
    plot3D.default: no visible global function definition for ‘rgl.bbox’
    plot3D.rcomp: no visible global function definition for ‘points3d’
    plot3D.rcomp: no visible global function definition for ‘lines3d’
    plot3D.rcomp: no visible global function definition for ‘texts3d’
    plot3D.rcomp: no visible global function definition for ‘rgl.viewpoint’
    plot3D.rcomp: no visible global function definition for ‘bbox3d’
    plot3D.rmult: no visible global function definition for ‘points3d’
    plot3D.rmult: no visible global function definition for ‘par3d’
Flavors: r-devel-linux-x86_64-debian-clang, r-devel-linux-x86_64-debian-gcc, r-devel-linux-x86_64-fedora-clang, r-devel-linux-x86_64-fedora-gcc, r-devel-osx-x86_64-clang, r-devel-windows-ix86+x86_64