CRAN Package Check Results for Package compound.Cox

Last updated on 2017-11-19 19:50:04.

Flavor Version Tinstall Tcheck Ttotal Status Flags
r-devel-linux-x86_64-debian-clang 3.5 2.32 38.40 40.71 OK
r-devel-linux-x86_64-debian-gcc 3.6 2.28 65.82 68.09 OK
r-devel-linux-x86_64-fedora-clang 3.6 42.28 OK
r-devel-linux-x86_64-fedora-gcc 3.6 116.06 OK
r-devel-windows-ix86+x86_64 3.5 7.00 73.00 80.00 OK
r-patched-linux-x86_64 3.5 2.53 39.51 42.04 OK
r-patched-solaris-x86 3.6 91.70 OK
r-release-linux-x86_64 3.5 2.36 39.15 41.51 OK
r-release-windows-ix86+x86_64 3.6 1.00 4.00 5.00 ERROR
r-release-osx-x86_64 3.6 OK
r-oldrel-windows-ix86+x86_64 3.5 6.00 91.00 97.00 OK
r-oldrel-osx-x86_64 3.5 OK

Check Details

Version: 3.6
Check: whether package can be installed
Result: ERROR
    Installation failed.
Flavor: r-release-windows-ix86+x86_64