CRAN Package Check Results for Package compound.Cox

Last updated on 2015-09-02 14:47:40.

Flavor Version Tinstall Tcheck Ttotal Status Flags
r-devel-linux-x86_64-debian-clang 1.4 0.58 24.35 24.93 NOTE
r-devel-linux-x86_64-debian-gcc 1.4 0.54 23.73 24.27 NOTE
r-devel-linux-x86_64-fedora-clang 1.4 46.81 NOTE
r-devel-linux-x86_64-fedora-gcc 1.4 44.48 NOTE
r-devel-osx-x86_64-clang 1.4 35.65 OK
r-devel-windows-ix86+x86_64 1.4 2.00 44.00 46.00 NOTE
r-patched-linux-x86_64 1.4 0.65 23.91 24.56 OK
r-patched-solaris-sparc 1.4 313.10 OK
r-patched-solaris-x86 1.4 62.70 OK
r-release-linux-x86_64 1.4 0.61 23.64 24.25 OK
r-release-osx-x86_64-mavericks 1.4 OK
r-release-windows-ix86+x86_64 1.4 3.00 56.00 59.00 OK
r-oldrel-windows-ix86+x86_64 1.4 4.00 47.00 51.00 OK

Check Details

Version: 1.4
Check: R code for possible problems
Result: NOTE
    compound.reg : CV_a.func: no visible global function definition for
     ‘nlm’
    compound.reg: no visible global function definition for ‘points’
    compound.reg: no visible global function definition for ‘abline’
    compound.reg: no visible global function definition for ‘nlm’
    dependCox.reg: no visible global function definition for ‘nlm’
    dependCox.reg: no visible global function definition for ‘pchisq’
    dependCox.reg.CV: no visible global function definition for ‘pchisq’
    dependCox.reg.CV: no visible global function definition for ‘plot’
    dependCox.reg.CV: no visible global function definition for ‘points’
    Undefined global functions or variables:
     abline nlm pchisq plot points
    Consider adding
     importFrom("graphics", "abline", "plot", "points")
     importFrom("stats", "nlm", "pchisq")
    to your NAMESPACE.
Flavors: r-devel-linux-x86_64-debian-clang, r-devel-linux-x86_64-debian-gcc, r-devel-linux-x86_64-fedora-clang, r-devel-linux-x86_64-fedora-gcc, r-devel-windows-ix86+x86_64