CRAN Package Check Results for Package compound.Cox

Last updated on 2015-07-30 13:47:20.

Flavor Version Tinstall Tcheck Ttotal Status Flags
r-devel-linux-x86_64-debian-clang 1.4 0.57 23.60 24.17 NOTE
r-devel-linux-x86_64-debian-gcc 1.4 0.58 23.15 23.73 NOTE
r-devel-linux-x86_64-fedora-clang 1.4 48.27 NOTE
r-devel-linux-x86_64-fedora-gcc 1.4 45.92 NOTE
r-devel-osx-x86_64-clang 1.4 36.72 OK
r-devel-windows-ix86+x86_64 1.4 3.00 39.00 42.00 NOTE
r-patched-linux-x86_64 1.4 0.58 24.18 24.77 OK
r-patched-solaris-sparc 1.4 313.10 OK
r-patched-solaris-x86 1.4 60.90 OK
r-release-linux-x86_64 1.4 0.59 23.89 24.48 OK
r-release-osx-x86_64-mavericks 1.4 OK
r-release-windows-ix86+x86_64 1.4 6.00 38.00 44.00 OK
r-oldrel-windows-ix86+x86_64 1.4 4.00 47.00 51.00 OK

Check Details

Version: 1.4
Check: R code for possible problems
Result: NOTE
    compound.reg : CV_a.func: no visible global function definition for
     ‘nlm’
    compound.reg: no visible global function definition for ‘points’
    compound.reg: no visible global function definition for ‘abline’
    compound.reg: no visible global function definition for ‘nlm’
    dependCox.reg: no visible global function definition for ‘nlm’
    dependCox.reg: no visible global function definition for ‘pchisq’
    dependCox.reg.CV: no visible global function definition for ‘pchisq’
    dependCox.reg.CV: no visible global function definition for ‘plot’
    dependCox.reg.CV: no visible global function definition for ‘points’
    Undefined global functions or variables:
     abline nlm pchisq plot points
    Consider adding
     importFrom("graphics", "abline", "plot", "points")
     importFrom("stats", "nlm", "pchisq")
    to your NAMESPACE.
Flavors: r-devel-linux-x86_64-debian-clang, r-devel-linux-x86_64-debian-gcc, r-devel-linux-x86_64-fedora-clang, r-devel-linux-x86_64-fedora-gcc, r-devel-windows-ix86+x86_64