CRAN Package Check Results for Package comprehenr

Last updated on 2021-03-02 18:47:35 CET.

Flavor Version Tinstall Tcheck Ttotal Status Flags
r-devel-linux-x86_64-debian-clang 0.6.10 OK
r-devel-linux-x86_64-debian-gcc 0.6.10 1.62 19.10 20.72 OK
r-devel-linux-x86_64-fedora-clang 0.6.10 41.68 OK
r-devel-linux-x86_64-fedora-gcc 0.6.10 32.14 OK
r-devel-windows-ix86+x86_64 0.6.10 5.00 38.00 43.00 OK
r-patched-linux-x86_64 0.6.10 1.81 23.47 25.28 OK
r-patched-solaris-x86 0.6.10 51.80 OK
r-release-linux-x86_64 0.6.10 2.13 23.47 25.60 OK
r-release-macos-x86_64 0.6.10 OK
r-release-windows-ix86+x86_64 0.6.10 5.00 30.00 35.00 OK
r-oldrel-macos-x86_64 0.6.10 ERROR
r-oldrel-windows-ix86+x86_64 0.6.10 10.00 37.00 47.00 ERROR

Check Details

Version: 0.6.10
Check: tests
Result: ERROR
     Running ‘tinytest.R’ [1s/1s]
    Running the tests in ‘tests/tinytest.R’ failed.
    Last 13 lines of output:
     Context: to_df/to_dfc
    
     Running test_to_list.R................ 42 tests <1b>[0;32mOK<1b>[0m
     Running test_to_list.R................ 42 tests <1b>[0;32mOK<1b>[0m
     Running test_to_list.R................ 43 tests <1b>[0;32mOK<1b>[0m
     Running test_to_list.R................ 44 tests <1b>[0;32mOK<1b>[0m
     Running test_to_list.R................ 45 tests <1b>[0;31m1 fails<1b>[0m
     Running test_to_list.R................ 46 tests <1b>[0;31m1 fails<1b>[0m <1b>[0;34m0.2s<1b>[0m
     ----- FAILED[data]: test_to_list.R<235--238>
     call| expect_equal(current = to_df(for (`.name, .x` in mark(mtcars)) list(mean = mean(.x),
     call| sd = sd(.x), var = .name)), target = data.frame(mean = colMeans(mtcars),
     call| sd = sapply(mtcars, sd), var = names(mtcars), row.names = seq_along(mtcars)))
     diff| Component "var": Attributes: < Component "levels": 10 string mismatches >
     Error: 1 out of 60 tests failed
     Execution halted
Flavor: r-oldrel-macos-x86_64

Version: 0.6.10
Check: tests
Result: ERROR
     Running 'tinytest.R' [1s]
    Running the tests in 'tests/tinytest.R' failed.
    Complete output:
     > if(capabilities('long.double') && requireNamespace("tinytest", quietly=TRUE)){
     + library(tinytest)
     + test_package("comprehenr")
     + }
    
     Context: numerate
    
     Running test_numerate.R............... 0 tests
     Running test_numerate.R............... 0 tests
     Running test_numerate.R............... 1 tests <1b>[0;32mOK<1b>[0m
     Running test_numerate.R............... 2 tests <1b>[0;32mOK<1b>[0m
     Running test_numerate.R............... 3 tests <1b>[0;32mOK<1b>[0m
     Context: mark
    
     Running test_numerate.R............... 3 tests <1b>[0;32mOK<1b>[0m
     Running test_numerate.R............... 3 tests <1b>[0;32mOK<1b>[0m
     Running test_numerate.R............... 4 tests <1b>[0;32mOK<1b>[0m
     Running test_numerate.R............... 5 tests <1b>[0;32mOK<1b>[0m
     Running test_numerate.R............... 6 tests <1b>[0;32mOK<1b>[0m
     Context: unzip_list
    
     Running test_numerate.R............... 6 tests <1b>[0;32mOK<1b>[0m
     Running test_numerate.R............... 6 tests <1b>[0;32mOK<1b>[0m
     Running test_numerate.R............... 7 tests <1b>[0;32mOK<1b>[0m
     Running test_numerate.R............... 8 tests <1b>[0;32mOK<1b>[0m
     Running test_numerate.R............... 8 tests <1b>[0;32mOK<1b>[0m
     Running test_numerate.R............... 9 tests <1b>[0;32mOK<1b>[0m
     Running test_numerate.R............... 9 tests <1b>[0;32mOK<1b>[0m
     Running test_numerate.R............... 10 tests <1b>[0;32mOK<1b>[0m
     Running test_numerate.R............... 11 tests <1b>[0;32mOK<1b>[0m
     Running test_numerate.R............... 12 tests <1b>[0;32mOK<1b>[0m
     Running test_numerate.R............... 13 tests <1b>[0;32mOK<1b>[0m
     Running test_numerate.R............... 14 tests <1b>[0;32mOK<1b>[0m <1b>[0;34m0.1s<1b>[0m
    
     Running test_to_list.R................ 0 tests
     Context: to_list
    
     Running test_to_list.R................ 0 tests
     Running test_to_list.R................ 1 tests <1b>[0;32mOK<1b>[0m
     Running test_to_list.R................ 2 tests <1b>[0;32mOK<1b>[0m
     Running test_to_list.R................ 3 tests <1b>[0;32mOK<1b>[0m
     Running test_to_list.R................ 4 tests <1b>[0;32mOK<1b>[0m
     Running test_to_list.R................ 5 tests <1b>[0;32mOK<1b>[0m
     Running test_to_list.R................ 6 tests <1b>[0;32mOK<1b>[0m
     Running test_to_list.R................ 7 tests <1b>[0;32mOK<1b>[0m
     Running test_to_list.R................ 8 tests <1b>[0;32mOK<1b>[0m
     Running test_to_list.R................ 9 tests <1b>[0;32mOK<1b>[0m
     Running test_to_list.R................ 10 tests <1b>[0;32mOK<1b>[0m
     Running test_to_list.R................ 11 tests <1b>[0;32mOK<1b>[0m
     Running test_to_list.R................ 12 tests <1b>[0;32mOK<1b>[0m
     Running test_to_list.R................ 13 tests <1b>[0;32mOK<1b>[0m
     Running test_to_list.R................ 14 tests <1b>[0;32mOK<1b>[0m
     Running test_to_list.R................ 15 tests <1b>[0;32mOK<1b>[0m
     Running test_to_list.R................ 16 tests <1b>[0;32mOK<1b>[0m
     Running test_to_list.R................ 17 tests <1b>[0;32mOK<1b>[0m
     Running test_to_list.R................ 17 tests <1b>[0;32mOK<1b>[0m
     Running test_to_list.R................ 18 tests <1b>[0;32mOK<1b>[0m
     Context: to_list scoping
    
     Running test_to_list.R................ 18 tests <1b>[0;32mOK<1b>[0m
     Running test_to_list.R................ 18 tests <1b>[0;32mOK<1b>[0m
     Running test_to_list.R................ 19 tests <1b>[0;32mOK<1b>[0m
     Running test_to_list.R................ 19 tests <1b>[0;32mOK<1b>[0m
     Running test_to_list.R................ 20 tests <1b>[0;32mOK<1b>[0m
     Running test_to_list.R................ 20 tests <1b>[0;32mOK<1b>[0m
     Running test_to_list.R................ 21 tests <1b>[0;32mOK<1b>[0m
     Running test_to_list.R................ 21 tests <1b>[0;32mOK<1b>[0m
     Running test_to_list.R................ 21 tests <1b>[0;32mOK<1b>[0m
     Running test_to_list.R................ 22 tests <1b>[0;32mOK<1b>[0m
     Running test_to_list.R................ 22 tests <1b>[0;32mOK<1b>[0m
     Running test_to_list.R................ 23 tests <1b>[0;32mOK<1b>[0m
     Context: to_vec
    
     Running test_to_list.R................ 23 tests <1b>[0;32mOK<1b>[0m
     Running test_to_list.R................ 24 tests <1b>[0;32mOK<1b>[0m
     Running test_to_list.R................ 25 tests <1b>[0;32mOK<1b>[0m
     Running test_to_list.R................ 26 tests <1b>[0;32mOK<1b>[0m
     Running test_to_list.R................ 26 tests <1b>[0;32mOK<1b>[0m
     Running test_to_list.R................ 26 tests <1b>[0;32mOK<1b>[0m
     Running test_to_list.R................ 27 tests <1b>[0;32mOK<1b>[0m
     Running test_to_list.R................ 27 tests <1b>[0;32mOK<1b>[0m
     Running test_to_list.R................ 28 tests <1b>[0;32mOK<1b>[0m
     Running test_to_list.R................ 28 tests <1b>[0;32mOK<1b>[0m
     Running test_to_list.R................ 29 tests <1b>[0;32mOK<1b>[0m
     Running test_to_list.R................ 30 tests <1b>[0;32mOK<1b>[0m
     Context: `i, j`
    
     Running test_to_list.R................ 30 tests <1b>[0;32mOK<1b>[0m
     Running test_to_list.R................ 30 tests <1b>[0;32mOK<1b>[0m
     Running test_to_list.R................ 31 tests <1b>[0;32mOK<1b>[0m
     Running test_to_list.R................ 31 tests <1b>[0;32mOK<1b>[0m
     Running test_to_list.R................ 31 tests <1b>[0;32mOK<1b>[0m
     Running test_to_list.R................ 32 tests <1b>[0;32mOK<1b>[0m
     Running test_to_list.R................ 32 tests <1b>[0;32mOK<1b>[0m
     Running test_to_list.R................ 32 tests <1b>[0;32mOK<1b>[0m
     Running test_to_list.R................ 32 tests <1b>[0;32mOK<1b>[0m
     Running test_to_list.R................ 32 tests <1b>[0;32mOK<1b>[0m
     Running test_to_list.R................ 33 tests <1b>[0;32mOK<1b>[0m
     Context: alter
    
     Running test_to_list.R................ 33 tests <1b>[0;32mOK<1b>[0m
     Running test_to_list.R................ 33 tests <1b>[0;32mOK<1b>[0m
     Running test_to_list.R................ 33 tests <1b>[0;32mOK<1b>[0m
     Running test_to_list.R................ 33 tests <1b>[0;32mOK<1b>[0m
     Running test_to_list.R................ 33 tests <1b>[0;32mOK<1b>[0m
     Running test_to_list.R................ 34 tests <1b>[0;32mOK<1b>[0m
     Running test_to_list.R................ 34 tests <1b>[0;32mOK<1b>[0m
     Running test_to_list.R................ 34 tests <1b>[0;32mOK<1b>[0m
     Running test_to_list.R................ 34 tests <1b>[0;32mOK<1b>[0m
     Running test_to_list.R................ 35 tests <1b>[0;32mOK<1b>[0m
     Running test_to_list.R................ 35 tests <1b>[0;32mOK<1b>[0m
     Running test_to_list.R................ 35 tests <1b>[0;32mOK<1b>[0m
     Running test_to_list.R................ 35 tests <1b>[0;32mOK<1b>[0m
     Running test_to_list.R................ 36 tests <1b>[0;32mOK<1b>[0m
     Running test_to_list.R................ 37 tests <1b>[0;32mOK<1b>[0m
     Running test_to_list.R................ 37 tests <1b>[0;32mOK<1b>[0m
     Running test_to_list.R................ 37 tests <1b>[0;32mOK<1b>[0m
     Running test_to_list.R................ 37 tests <1b>[0;32mOK<1b>[0m
     Running test_to_list.R................ 37 tests <1b>[0;32mOK<1b>[0m
     Running test_to_list.R................ 38 tests <1b>[0;32mOK<1b>[0m
     Running test_to_list.R................ 38 tests <1b>[0;32mOK<1b>[0m
     Running test_to_list.R................ 38 tests <1b>[0;32mOK<1b>[0m
     Running test_to_list.R................ 38 tests <1b>[0;32mOK<1b>[0m
     Running test_to_list.R................ 38 tests <1b>[0;32mOK<1b>[0m
     Running test_to_list.R................ 39 tests <1b>[0;32mOK<1b>[0m
     Running test_to_list.R................ 39 tests <1b>[0;32mOK<1b>[0m
     Running test_to_list.R................ 39 tests <1b>[0;32mOK<1b>[0m
     Running test_to_list.R................ 39 tests <1b>[0;32mOK<1b>[0m
     Running test_to_list.R................ 39 tests <1b>[0;32mOK<1b>[0m
     Running test_to_list.R................ 40 tests <1b>[0;32mOK<1b>[0m
     Running test_to_list.R................ 40 tests <1b>[0;32mOK<1b>[0m
     Running test_to_list.R................ 40 tests <1b>[0;32mOK<1b>[0m
     Running test_to_list.R................ 40 tests <1b>[0;32mOK<1b>[0m
     Running test_to_list.R................ 40 tests <1b>[0;32mOK<1b>[0m
     Running test_to_list.R................ 41 tests <1b>[0;32mOK<1b>[0m
     Running test_to_list.R................ 41 tests <1b>[0;32mOK<1b>[0m
     Running test_to_list.R................ 41 tests <1b>[0;32mOK<1b>[0m
     Running test_to_list.R................ 41 tests <1b>[0;32mOK<1b>[0m
     Running test_to_list.R................ 41 tests <1b>[0;32mOK<1b>[0m
     Running test_to_list.R................ 42 tests <1b>[0;32mOK<1b>[0m
     Context: to_df/to_dfc
    
     Running test_to_list.R................ 42 tests <1b>[0;32mOK<1b>[0m
     Running test_to_list.R................ 42 tests <1b>[0;32mOK<1b>[0m
     Running test_to_list.R................ 43 tests <1b>[0;32mOK<1b>[0m
     Running test_to_list.R................ 44 tests <1b>[0;32mOK<1b>[0m
     Running test_to_list.R................ 45 tests <1b>[0;31m1 fails<1b>[0m
     Running test_to_list.R................ 46 tests <1b>[0;31m1 fails<1b>[0m <1b>[0;34m0.4s<1b>[0m
     ----- FAILED[data]: test_to_list.R<235--238>
     call| expect_equal(current = to_df(for (`.name, .x` in mark(mtcars)) list(mean = mean(.x),
     call| sd = sd(.x), var = .name)), target = data.frame(mean = colMeans(mtcars),
     call| sd = sapply(mtcars, sd), var = names(mtcars), row.names = seq_along(mtcars)))
     diff| Component "var": Attributes: < Component "levels": 10 string mismatches >
     Error: 1 out of 60 tests failed
     Execution halted
Flavor: r-oldrel-windows-ix86+x86_64