CRAN Package Check Results for Package con2lki

Last updated on 2021-04-17 16:48:50 CEST.

Flavor Version Tinstall Tcheck Ttotal Status Flags
r-devel-linux-x86_64-debian-clang 0.1.0 1.57 21.72 23.29 NOTE
r-devel-linux-x86_64-debian-gcc 0.1.0 1.43 17.34 18.77 NOTE
r-devel-linux-x86_64-fedora-clang 0.1.0 38.02 NOTE
r-devel-linux-x86_64-fedora-gcc 0.1.0 27.69 NOTE
r-devel-windows-ix86+x86_64 0.1.0 5.00 35.00 40.00 NOTE
r-devel-windows-x86_64-gcc10-UCRT 0.1.0 NOTE
r-patched-linux-x86_64 0.1.0 1.60 21.03 22.63 OK
r-patched-solaris-x86 0.1.0 43.50 OK
r-release-linux-x86_64 0.1.0 1.65 21.24 22.89 OK
r-release-macos-x86_64 0.1.0 OK
r-release-windows-ix86+x86_64 0.1.0 4.00 36.00 40.00 OK
r-oldrel-macos-x86_64 0.1.0 OK
r-oldrel-windows-ix86+x86_64 0.1.0 3.00 34.00 37.00 OK

Check Details

Version: 0.1.0
Check: LazyData
Result: NOTE
     'LazyData' is specified without a 'data' directory
Flavors: r-devel-linux-x86_64-debian-clang, r-devel-linux-x86_64-debian-gcc, r-devel-linux-x86_64-fedora-clang, r-devel-linux-x86_64-fedora-gcc, r-devel-windows-ix86+x86_64, r-devel-windows-x86_64-gcc10-UCRT