CRAN Package Check Results for Package concatenate

Last updated on 2022-06-27 22:54:22 CEST.

Flavor Version Tinstall Tcheck Ttotal Status Flags
r-devel-linux-x86_64-debian-clang 1.0.0 1.85 24.84 26.69 NOTE
r-devel-linux-x86_64-debian-gcc 1.0.0 1.37 19.82 21.19 NOTE
r-devel-linux-x86_64-fedora-clang 1.0.0 43.81 NOTE
r-devel-linux-x86_64-fedora-gcc 1.0.0 43.53 NOTE
r-devel-windows-x86_64 1.0.0 23.00 51.00 74.00 NOTE
r-patched-linux-x86_64 1.0.0 1.98 24.49 26.47 NOTE
r-release-linux-x86_64 1.0.0 2.02 25.13 27.15 NOTE
r-release-macos-arm64 1.0.0 15.00 NOTE
r-release-macos-x86_64 1.0.0 24.00 NOTE
r-release-windows-x86_64 1.0.0 24.00 51.00 75.00 NOTE
r-oldrel-macos-arm64 1.0.0 27.00 NOTE
r-oldrel-macos-x86_64 1.0.0 28.00 NOTE
r-oldrel-windows-ix86+x86_64 1.0.0 5.00 44.00 49.00 NOTE

Check Details

Version: 1.0.0
Check: LazyData
Result: NOTE
     'LazyData' is specified without a 'data' directory
Flavors: r-devel-linux-x86_64-debian-clang, r-devel-linux-x86_64-debian-gcc, r-devel-linux-x86_64-fedora-clang, r-devel-linux-x86_64-fedora-gcc, r-devel-windows-x86_64, r-patched-linux-x86_64, r-release-linux-x86_64, r-release-macos-arm64, r-release-macos-x86_64, r-release-windows-x86_64, r-oldrel-macos-arm64, r-oldrel-macos-x86_64, r-oldrel-windows-ix86+x86_64