CRAN Package Check Results for Package concatenate

Last updated on 2024-02-21 19:53:10 CET.

Flavor Version Tinstall Tcheck Ttotal Status Flags
r-devel-linux-x86_64-debian-clang 1.0.0 NOTE
r-devel-linux-x86_64-debian-gcc 1.0.0 1.45 19.61 21.06 NOTE
r-devel-linux-x86_64-fedora-clang 1.0.0 32.99 NOTE
r-devel-linux-x86_64-fedora-gcc 1.0.0 32.73 NOTE
r-devel-windows-x86_64 1.0.0 3.00 41.00 44.00 NOTE
r-patched-linux-x86_64 1.0.0 2.37 24.95 27.32 NOTE
r-release-linux-x86_64 1.0.0 2.01 24.36 26.37 NOTE
r-release-macos-arm64 1.0.0 17.00 NOTE
r-release-macos-x86_64 1.0.0 20.00 NOTE
r-release-windows-x86_64 1.0.0 3.00 42.00 45.00 NOTE
r-oldrel-macos-arm64 1.0.0 16.00 NOTE
r-oldrel-windows-x86_64 1.0.0 4.00 46.00 50.00 NOTE

Check Details

Version: 1.0.0
Check: LazyData
Result: NOTE 'LazyData' is specified without a 'data' directory Flavors: r-devel-linux-x86_64-debian-clang, r-devel-linux-x86_64-debian-gcc, r-devel-linux-x86_64-fedora-clang, r-devel-linux-x86_64-fedora-gcc, r-devel-windows-x86_64, r-patched-linux-x86_64, r-release-linux-x86_64, r-release-macos-arm64, r-release-macos-x86_64, r-release-windows-x86_64, r-oldrel-macos-arm64, r-oldrel-windows-x86_64