CRAN Package Check Results for Package concatenate

Last updated on 2019-03-24 01:50:26 CET.

Flavor Version Tinstall Tcheck Ttotal Status Flags
r-devel-linux-x86_64-debian-clang 1.0.0 1.84 20.32 22.16 OK
r-devel-linux-x86_64-debian-gcc 1.0.0 1.33 16.74 18.07 OK
r-devel-linux-x86_64-fedora-clang 1.0.0 26.45 OK
r-devel-linux-x86_64-fedora-gcc 1.0.0 25.39 OK
r-devel-windows-ix86+x86_64 1.0.0 6.00 43.00 49.00 OK
r-patched-linux-x86_64 1.0.0 0.95 19.00 19.95 OK
r-patched-solaris-x86 1.0.0 39.00 OK
r-release-linux-x86_64 1.0.0 0.32 1.86 2.18 ERROR
r-release-windows-ix86+x86_64 1.0.0 2.00 33.00 35.00 OK
r-release-osx-x86_64 1.0.0 OK
r-oldrel-windows-ix86+x86_64 1.0.0 2.00 34.00 36.00 OK
r-oldrel-osx-x86_64 1.0.0 OK

Check Details

Version: 1.0.0
Check: whether package can be installed
Result: ERROR
    Installation failed.
Flavor: r-release-linux-x86_64