CRAN Package Check Results for Package concom

Last updated on 2025-01-21 05:48:36 CET.

Flavor Version Tinstall Tcheck Ttotal Status Flags
r-devel-linux-x86_64-debian-clang 1.0.0 13.78 30.46 44.24 NOTE
r-devel-linux-x86_64-debian-gcc 1.0.0 10.45 26.70 37.15 NOTE
r-devel-linux-x86_64-fedora-clang 1.0.0 77.74 NOTE
r-devel-linux-x86_64-fedora-gcc 1.0.0 77.94 NOTE
r-devel-windows-x86_64 1.0.0 17.00 66.00 83.00 NOTE
r-patched-linux-x86_64 1.0.0 14.20 30.52 44.72 NOTE
r-release-linux-x86_64 1.0.0 13.44 30.46 43.90 NOTE
r-release-macos-arm64 1.0.0 25.00 NOTE
r-release-macos-x86_64 1.0.0 36.00 NOTE
r-release-windows-x86_64 1.0.0 17.00 67.00 84.00 NOTE
r-oldrel-macos-arm64 1.0.0 30.00 NOTE
r-oldrel-macos-x86_64 1.0.0 41.00 NOTE
r-oldrel-windows-x86_64 1.0.0 21.00 74.00 95.00 NOTE

Check Details

Version: 1.0.0
Check: C++ specification
Result: NOTE Specified C++11: please drop specification unless essential Flavors: r-devel-linux-x86_64-debian-clang, r-devel-linux-x86_64-debian-gcc, r-devel-linux-x86_64-fedora-clang, r-devel-linux-x86_64-fedora-gcc, r-devel-windows-x86_64, r-patched-linux-x86_64, r-release-linux-x86_64, r-release-macos-arm64, r-release-macos-x86_64, r-release-windows-x86_64, r-oldrel-macos-arm64, r-oldrel-macos-x86_64, r-oldrel-windows-x86_64