CRAN Package Check Results for Package concor

Last updated on 2014-04-23 12:48:16.

Flavor Version Tinstall Tcheck Ttotal Status Flags
r-devel-linux-x86_64-debian-clang 1.0-0.1 0.62 11.14 11.76 NOTE
r-devel-linux-x86_64-debian-gcc 1.0-0.1 0.68 11.07 11.75 NOTE
r-devel-linux-x86_64-fedora-clang 1.0-0.1 23.35 NOTE
r-devel-linux-x86_64-fedora-gcc 1.0-0.1 21.57 NOTE
r-devel-osx-x86_64-clang 1.0-0.1 22.96 NOTE
r-devel-osx-x86_64-gcc 1.0-0.1 NOTE
r-devel-windows-ix86+x86_64 1.0-0.1 2.00 16.00 18.00 NOTE
r-patched-linux-x86_64 1.0-0.1 0.64 11.25 11.90 NOTE
r-patched-solaris-sparc 1.0-0.1 131.80 NOTE
r-patched-solaris-x86 1.0-0.1 32.10 NOTE
r-release-linux-ix86 1.0-0.1 1.00 24.00 25.00 NOTE
r-release-linux-x86_64 1.0-0.1 0.69 11.14 11.83 NOTE
r-release-osx-x86_64-mavericks 1.0-0.1 NOTE
r-release-windows-ix86+x86_64 1.0-0.1 5.00 23.00 28.00 NOTE
r-oldrel-windows-ix86+x86_64 1.0-0.1 2.00 19.00 21.00 NOTE

Check Details

Version: 1.0-0.1
Check: Rd files
Result: NOTE
    prepare_Rd: concor.Rd:4: Dropping empty section \keyword
    prepare_Rd: concor.Rd:5: Dropping empty section \keyword
    prepare_Rd: concorcano.Rd:4: Dropping empty section \keyword
    prepare_Rd: concorcano.Rd:5: Dropping empty section \keyword
    prepare_Rd: concoreg.Rd:4: Dropping empty section \keyword
    prepare_Rd: concoreg.Rd:5: Dropping empty section \keyword
    prepare_Rd: concorgm.Rd:4: Dropping empty section \keyword
    prepare_Rd: concorgm.Rd:5: Dropping empty section \keyword
    prepare_Rd: concorgmcano.Rd:4: Dropping empty section \keyword
    prepare_Rd: concorgmcano.Rd:5: Dropping empty section \keyword
    prepare_Rd: concorgmreg.Rd:4: Dropping empty section \keyword
    prepare_Rd: concorgmreg.Rd:5: Dropping empty section \keyword
    prepare_Rd: concors.Rd:4: Dropping empty section \keyword
    prepare_Rd: concors.Rd:5: Dropping empty section \keyword
    prepare_Rd: concorscano.Rd:4: Dropping empty section \keyword
    prepare_Rd: concorscano.Rd:5: Dropping empty section \keyword
    prepare_Rd: concorsreg.Rd:4: Dropping empty section \keyword
    prepare_Rd: concorsreg.Rd:5: Dropping empty section \keyword
    prepare_Rd: svdbip.Rd:4: Dropping empty section \keyword
    prepare_Rd: svdbip.Rd:5: Dropping empty section \keyword
    prepare_Rd: svdbip2.Rd:4: Dropping empty section \keyword
    prepare_Rd: svdbip2.Rd:5: Dropping empty section \keyword
    prepare_Rd: svdbips.Rd:4: Dropping empty section \keyword
    prepare_Rd: svdbips.Rd:5: Dropping empty section \keyword
    prepare_Rd: svdcp.Rd:4: Dropping empty section \keyword
    prepare_Rd: svdcp.Rd:5: Dropping empty section \keyword
Flavors: r-devel-linux-x86_64-debian-clang, r-devel-linux-x86_64-debian-gcc, r-devel-linux-x86_64-fedora-clang, r-devel-linux-x86_64-fedora-gcc, r-devel-osx-x86_64-clang, r-devel-osx-x86_64-gcc, r-devel-windows-ix86+x86_64, r-patched-linux-x86_64, r-patched-solaris-sparc, r-patched-solaris-x86, r-release-linux-ix86, r-release-linux-x86_64, r-release-osx-x86_64-mavericks, r-release-windows-ix86+x86_64, r-oldrel-windows-ix86+x86_64