CRAN Package Check Results for Package concor

Last updated on 2017-01-23 23:52:47.

Flavor Version Tinstall Tcheck Ttotal Status Flags
r-devel-linux-x86_64-debian-clang 1.0-0.1 0.79 12.96 13.75 NOTE
r-devel-linux-x86_64-debian-gcc 1.0-0.1 0.59 12.61 13.21 NOTE
r-devel-linux-x86_64-fedora-clang 1.0-0.1 22.25 NOTE --no-stop-on-test-error
r-devel-linux-x86_64-fedora-gcc 1.0-0.1 21.18 NOTE --no-stop-on-test-error
r-devel-macos-x86_64-clang 1.0-0.1 19.76 NOTE --no-stop-on-test-error
r-devel-windows-ix86+x86_64 1.0-0.1 3.00 28.00 31.00 NOTE
r-patched-linux-x86_64 1.0-0.1 0.54 11.09 11.63 NOTE
r-patched-solaris-sparc 1.0-0.1 128.70 NOTE
r-patched-solaris-x86 1.0-0.1 26.10 NOTE
r-release-linux-x86_64 1.0-0.1 0.57 11.20 11.77 NOTE
r-release-osx-x86_64-mavericks 1.0-0.1 NOTE
r-release-windows-ix86+x86_64 1.0-0.1 2.00 27.00 29.00 NOTE
r-oldrel-windows-ix86+x86_64 1.0-0.1 3.00 22.00 25.00 NOTE

Check Details

Version: 1.0-0.1
Check: Rd files
Result: NOTE
    prepare_Rd: concor.Rd:4: Dropping empty section \keyword
    prepare_Rd: concor.Rd:5: Dropping empty section \keyword
    prepare_Rd: concorcano.Rd:4: Dropping empty section \keyword
    prepare_Rd: concorcano.Rd:5: Dropping empty section \keyword
    prepare_Rd: concoreg.Rd:4: Dropping empty section \keyword
    prepare_Rd: concoreg.Rd:5: Dropping empty section \keyword
    prepare_Rd: concorgm.Rd:4: Dropping empty section \keyword
    prepare_Rd: concorgm.Rd:5: Dropping empty section \keyword
    prepare_Rd: concorgmcano.Rd:4: Dropping empty section \keyword
    prepare_Rd: concorgmcano.Rd:5: Dropping empty section \keyword
    prepare_Rd: concorgmreg.Rd:4: Dropping empty section \keyword
    prepare_Rd: concorgmreg.Rd:5: Dropping empty section \keyword
    prepare_Rd: concors.Rd:4: Dropping empty section \keyword
    prepare_Rd: concors.Rd:5: Dropping empty section \keyword
    prepare_Rd: concorscano.Rd:4: Dropping empty section \keyword
    prepare_Rd: concorscano.Rd:5: Dropping empty section \keyword
    prepare_Rd: concorsreg.Rd:4: Dropping empty section \keyword
    prepare_Rd: concorsreg.Rd:5: Dropping empty section \keyword
    prepare_Rd: svdbip.Rd:4: Dropping empty section \keyword
    prepare_Rd: svdbip.Rd:5: Dropping empty section \keyword
    prepare_Rd: svdbip2.Rd:4: Dropping empty section \keyword
    prepare_Rd: svdbip2.Rd:5: Dropping empty section \keyword
    prepare_Rd: svdbips.Rd:4: Dropping empty section \keyword
    prepare_Rd: svdbips.Rd:5: Dropping empty section \keyword
    prepare_Rd: svdcp.Rd:4: Dropping empty section \keyword
    prepare_Rd: svdcp.Rd:5: Dropping empty section \keyword
Flavors: r-devel-linux-x86_64-debian-clang, r-devel-linux-x86_64-debian-gcc, r-devel-windows-ix86+x86_64, r-patched-linux-x86_64, r-patched-solaris-sparc, r-patched-solaris-x86, r-release-linux-x86_64, r-release-osx-x86_64-mavericks, r-release-windows-ix86+x86_64, r-oldrel-windows-ix86+x86_64

Version: 1.0-0.1
Flags: --no-stop-on-test-error
Check: Rd files
Result: NOTE
    prepare_Rd: concor.Rd:4: Dropping empty section \keyword
    prepare_Rd: concor.Rd:5: Dropping empty section \keyword
    prepare_Rd: concorcano.Rd:4: Dropping empty section \keyword
    prepare_Rd: concorcano.Rd:5: Dropping empty section \keyword
    prepare_Rd: concoreg.Rd:4: Dropping empty section \keyword
    prepare_Rd: concoreg.Rd:5: Dropping empty section \keyword
    prepare_Rd: concorgm.Rd:4: Dropping empty section \keyword
    prepare_Rd: concorgm.Rd:5: Dropping empty section \keyword
    prepare_Rd: concorgmcano.Rd:4: Dropping empty section \keyword
    prepare_Rd: concorgmcano.Rd:5: Dropping empty section \keyword
    prepare_Rd: concorgmreg.Rd:4: Dropping empty section \keyword
    prepare_Rd: concorgmreg.Rd:5: Dropping empty section \keyword
    prepare_Rd: concors.Rd:4: Dropping empty section \keyword
    prepare_Rd: concors.Rd:5: Dropping empty section \keyword
    prepare_Rd: concorscano.Rd:4: Dropping empty section \keyword
    prepare_Rd: concorscano.Rd:5: Dropping empty section \keyword
    prepare_Rd: concorsreg.Rd:4: Dropping empty section \keyword
    prepare_Rd: concorsreg.Rd:5: Dropping empty section \keyword
    prepare_Rd: svdbip.Rd:4: Dropping empty section \keyword
    prepare_Rd: svdbip.Rd:5: Dropping empty section \keyword
    prepare_Rd: svdbip2.Rd:4: Dropping empty section \keyword
    prepare_Rd: svdbip2.Rd:5: Dropping empty section \keyword
    prepare_Rd: svdbips.Rd:4: Dropping empty section \keyword
    prepare_Rd: svdbips.Rd:5: Dropping empty section \keyword
    prepare_Rd: svdcp.Rd:4: Dropping empty section \keyword
    prepare_Rd: svdcp.Rd:5: Dropping empty section \keyword
Flavors: r-devel-linux-x86_64-fedora-clang, r-devel-linux-x86_64-fedora-gcc, r-devel-macos-x86_64-clang