CRAN Package Check Results for Package concor

Last updated on 2017-05-25 06:47:38.

Flavor Version Tinstall Tcheck Ttotal Status Flags
r-devel-linux-x86_64-debian-clang 1.0-0.1 0.63 12.86 13.49 NOTE
r-devel-linux-x86_64-debian-gcc 1.0-0.1 0.63 12.80 13.43 NOTE
r-devel-linux-x86_64-fedora-clang 1.0-0.1 22.71 NOTE --no-stop-on-test-error
r-devel-linux-x86_64-fedora-gcc 1.0-0.1 21.31 NOTE --no-stop-on-test-error
r-devel-windows-ix86+x86_64 1.0-0.1 5.00 37.00 42.00 NOTE
r-patched-linux-x86_64 1.0-0.1 0.61 12.61 13.21 NOTE
r-patched-solaris-sparc 1.0-0.1 137.60 NOTE
r-patched-solaris-x86 1.0-0.1 30.20 NOTE
r-release-linux-x86_64 1.0-0.1 0.66 12.59 13.25 NOTE
r-release-windows-ix86+x86_64 1.0-0.1 2.00 26.00 28.00 NOTE
r-release-osx-x86_64 1.0-0.1 NOTE
r-oldrel-windows-ix86+x86_64 1.0-0.1 2.00 27.00 29.00 NOTE
r-oldrel-osx-x86_64 1.0-0.1 NOTE

Check Details

Version: 1.0-0.1
Check: Rd files
Result: NOTE
    prepare_Rd: concor.Rd:4: Dropping empty section \keyword
    prepare_Rd: concor.Rd:5: Dropping empty section \keyword
    prepare_Rd: concorcano.Rd:4: Dropping empty section \keyword
    prepare_Rd: concorcano.Rd:5: Dropping empty section \keyword
    prepare_Rd: concoreg.Rd:4: Dropping empty section \keyword
    prepare_Rd: concoreg.Rd:5: Dropping empty section \keyword
    prepare_Rd: concorgm.Rd:4: Dropping empty section \keyword
    prepare_Rd: concorgm.Rd:5: Dropping empty section \keyword
    prepare_Rd: concorgmcano.Rd:4: Dropping empty section \keyword
    prepare_Rd: concorgmcano.Rd:5: Dropping empty section \keyword
    prepare_Rd: concorgmreg.Rd:4: Dropping empty section \keyword
    prepare_Rd: concorgmreg.Rd:5: Dropping empty section \keyword
    prepare_Rd: concors.Rd:4: Dropping empty section \keyword
    prepare_Rd: concors.Rd:5: Dropping empty section \keyword
    prepare_Rd: concorscano.Rd:4: Dropping empty section \keyword
    prepare_Rd: concorscano.Rd:5: Dropping empty section \keyword
    prepare_Rd: concorsreg.Rd:4: Dropping empty section \keyword
    prepare_Rd: concorsreg.Rd:5: Dropping empty section \keyword
    prepare_Rd: svdbip.Rd:4: Dropping empty section \keyword
    prepare_Rd: svdbip.Rd:5: Dropping empty section \keyword
    prepare_Rd: svdbip2.Rd:4: Dropping empty section \keyword
    prepare_Rd: svdbip2.Rd:5: Dropping empty section \keyword
    prepare_Rd: svdbips.Rd:4: Dropping empty section \keyword
    prepare_Rd: svdbips.Rd:5: Dropping empty section \keyword
    prepare_Rd: svdcp.Rd:4: Dropping empty section \keyword
    prepare_Rd: svdcp.Rd:5: Dropping empty section \keyword
Flavors: r-devel-linux-x86_64-debian-clang, r-devel-linux-x86_64-debian-gcc, r-devel-windows-ix86+x86_64, r-patched-linux-x86_64, r-patched-solaris-sparc, r-patched-solaris-x86, r-release-linux-x86_64, r-release-windows-ix86+x86_64, r-release-osx-x86_64, r-oldrel-windows-ix86+x86_64, r-oldrel-osx-x86_64

Version: 1.0-0.1
Flags: --no-stop-on-test-error
Check: Rd files
Result: NOTE
    prepare_Rd: concor.Rd:4: Dropping empty section \keyword
    prepare_Rd: concor.Rd:5: Dropping empty section \keyword
    prepare_Rd: concorcano.Rd:4: Dropping empty section \keyword
    prepare_Rd: concorcano.Rd:5: Dropping empty section \keyword
    prepare_Rd: concoreg.Rd:4: Dropping empty section \keyword
    prepare_Rd: concoreg.Rd:5: Dropping empty section \keyword
    prepare_Rd: concorgm.Rd:4: Dropping empty section \keyword
    prepare_Rd: concorgm.Rd:5: Dropping empty section \keyword
    prepare_Rd: concorgmcano.Rd:4: Dropping empty section \keyword
    prepare_Rd: concorgmcano.Rd:5: Dropping empty section \keyword
    prepare_Rd: concorgmreg.Rd:4: Dropping empty section \keyword
    prepare_Rd: concorgmreg.Rd:5: Dropping empty section \keyword
    prepare_Rd: concors.Rd:4: Dropping empty section \keyword
    prepare_Rd: concors.Rd:5: Dropping empty section \keyword
    prepare_Rd: concorscano.Rd:4: Dropping empty section \keyword
    prepare_Rd: concorscano.Rd:5: Dropping empty section \keyword
    prepare_Rd: concorsreg.Rd:4: Dropping empty section \keyword
    prepare_Rd: concorsreg.Rd:5: Dropping empty section \keyword
    prepare_Rd: svdbip.Rd:4: Dropping empty section \keyword
    prepare_Rd: svdbip.Rd:5: Dropping empty section \keyword
    prepare_Rd: svdbip2.Rd:4: Dropping empty section \keyword
    prepare_Rd: svdbip2.Rd:5: Dropping empty section \keyword
    prepare_Rd: svdbips.Rd:4: Dropping empty section \keyword
    prepare_Rd: svdbips.Rd:5: Dropping empty section \keyword
    prepare_Rd: svdcp.Rd:4: Dropping empty section \keyword
    prepare_Rd: svdcp.Rd:5: Dropping empty section \keyword
Flavors: r-devel-linux-x86_64-fedora-clang, r-devel-linux-x86_64-fedora-gcc