CRAN Package Check Results for Package concordancer

Last updated on 2024-03-05 01:54:50 CET.

Flavor Version Tinstall Tcheck Ttotal Status Flags
r-devel-linux-x86_64-debian-clang 1.0.2 19.77 27.77 47.54 NOTE
r-devel-linux-x86_64-debian-gcc 1.0.2 14.10 21.26 35.36 NOTE
r-devel-linux-x86_64-fedora-clang 1.0.2 65.61 NOTE
r-devel-linux-x86_64-fedora-gcc 1.0.2 60.33 NOTE
r-devel-windows-x86_64 1.0.2 16.00 60.00 76.00 NOTE
r-patched-linux-x86_64 1.0.2 16.11 26.79 42.90 OK
r-release-linux-x86_64 1.0.2 15.48 27.14 42.62 OK
r-release-macos-arm64 1.0.2 25.00 OK
r-release-macos-x86_64 1.0.2 43.00 OK
r-release-windows-x86_64 1.0.2 15.00 65.00 80.00 OK
r-oldrel-macos-arm64 1.0.2 27.00 OK
r-oldrel-windows-x86_64 1.0.2 20.00 66.00 86.00 OK

Check Details

Version: 1.0.2
Check: Rd contents
Result: NOTE Auto-generated content requiring editing in Rd file 'concordancer-package.Rd': \references: ‘This optional section can contain literature or other refere...’ \seealso: ‘Optional links to other man pages’ \examples: ‘\dontrun{ ## Optional simple examples of the most impor...’ Flavors: r-devel-linux-x86_64-debian-clang, r-devel-linux-x86_64-debian-gcc, r-devel-linux-x86_64-fedora-clang, r-devel-linux-x86_64-fedora-gcc, r-devel-windows-x86_64

Version: 1.0.2
Check: Rd cross-references
Result: NOTE Undeclared packages ‘DescTools’, ‘epiR’ in Rd xrefs Flavor: r-devel-linux-x86_64-fedora-clang