CRAN Package Check Results for Package concreg

Last updated on 2019-08-21 22:48:36 CEST.

Flavor Version Tinstall Tcheck Ttotal Status Flags
r-devel-linux-x86_64-debian-clang 0.6 8.57 50.97 59.54 OK
r-devel-linux-x86_64-debian-gcc 0.6 OK
r-devel-linux-x86_64-fedora-clang 0.6 73.57 NOTE
r-devel-linux-x86_64-fedora-gcc 0.6 71.74 NOTE
r-devel-windows-ix86+x86_64 0.6 26.00 113.00 139.00 OK
r-patched-linux-x86_64 0.6 7.93 49.92 57.85 OK
r-patched-solaris-x86 0.6 119.80 OK
r-release-linux-x86_64 0.6 7.90 50.19 58.09 OK
r-release-windows-ix86+x86_64 0.6 16.00 82.00 98.00 OK
r-release-osx-x86_64 0.6 OK
r-oldrel-windows-ix86+x86_64 0.6 19.00 101.00 120.00 OK
r-oldrel-osx-x86_64 0.6 OK

Check Details

Version: 0.6
Check: compiled code
Result: NOTE
    File ‘concreg/libs/concreg.so’:
     Found no calls to: ‘R_registerRoutines’, ‘R_useDynamicSymbols’
    
    It is good practice to register native routines and to disable symbol
    search.
    
    See ‘Writing portable packages’ in the ‘Writing R Extensions’ manual.
Flavors: r-devel-linux-x86_64-fedora-clang, r-devel-linux-x86_64-fedora-gcc