CRAN Package Check Results for Package concreg

Last updated on 2015-07-07 15:46:24.

Flavor Version Tinstall Tcheck Ttotal Status Flags
r-devel-linux-x86_64-debian-clang 0.5 1.41 11.24 12.65 NOTE
r-devel-linux-x86_64-debian-gcc 0.5 1.44 12.18 13.62 NOTE
r-devel-linux-x86_64-fedora-clang 0.5 23.92 NOTE
r-devel-linux-x86_64-fedora-gcc 0.5 22.23 NOTE
r-devel-osx-x86_64-clang 0.5 23.92 NOTE
r-devel-windows-ix86+x86_64 0.5 7.00 24.00 31.00 NOTE
r-patched-linux-x86_64 0.5 1.51 11.36 12.88 NOTE
r-patched-solaris-sparc 0.5 165.00 NOTE
r-patched-solaris-x86 0.5 39.00 NOTE
r-release-linux-x86_64 0.5 1.46 11.60 13.07 NOTE
r-release-osx-x86_64-mavericks 0.5 WARN
r-release-windows-ix86+x86_64 0.5 12.00 26.00 38.00 NOTE
r-oldrel-windows-ix86+x86_64 0.5 8.00 30.00 38.00 NOTE

Check Details

Version: 0.5
Check: DESCRIPTION meta-information
Result: NOTE
    Malformed Description field: should contain one or more complete sentences.
Flavors: r-devel-linux-x86_64-debian-clang, r-devel-linux-x86_64-debian-gcc, r-devel-linux-x86_64-fedora-clang, r-devel-linux-x86_64-fedora-gcc, r-devel-osx-x86_64-clang, r-devel-windows-ix86+x86_64, r-patched-linux-x86_64, r-patched-solaris-sparc, r-patched-solaris-x86, r-release-linux-x86_64, r-release-osx-x86_64-mavericks, r-release-windows-ix86+x86_64

Version: 0.5
Check: dependencies in R code
Result: NOTE
    Package in Depends field not imported from: ‘survival’
     These packages need to be imported from (in the NAMESPACE file)
     for when this namespace is loaded but not attached.
Flavors: r-devel-linux-x86_64-debian-clang, r-devel-linux-x86_64-debian-gcc, r-devel-linux-x86_64-fedora-clang, r-devel-linux-x86_64-fedora-gcc, r-devel-osx-x86_64-clang, r-devel-windows-ix86+x86_64, r-patched-linux-x86_64, r-patched-solaris-sparc, r-patched-solaris-x86, r-release-linux-x86_64, r-release-osx-x86_64-mavericks, r-release-windows-ix86+x86_64, r-oldrel-windows-ix86+x86_64

Version: 0.5
Check: R code for possible problems
Result: NOTE
    cindex: no visible global function definition for ‘coef’
    concreg: no visible global function definition for ‘survfit’
    concreg: no visible global function definition for ‘pchisq’
    concreg: no visible global function definition for ‘qnorm’
    concreg.fit: no visible binding for global variable ‘sd’
    concreg.wei: no visible global function definition for ‘survfit’
    concreg.wei: no visible global function definition for ‘quantile’
    confint.concreg: no visible global function definition for ‘coef’
    confint.concreg: no visible global function definition for ‘vcov’
    confint.concreg: no visible global function definition for ‘qnorm’
    decomposeSurv: no visible global function definition for ‘as.formula’
    decomposeSurv: no visible global function definition for
     ‘untangle.specials’
    decomposeSurv: no visible global function definition for
     ‘model.extract’
    decomposeSurv: no visible global function definition for ‘model.frame’
    decomposeSurv: no visible global function definition for ‘model.matrix’
    decomposeSurv: no visible global function definition for ‘tail’
    plotw: no visible global function definition for ‘plot’
    plotw: no visible global function definition for ‘lines’
    plotw: no visible global function definition for ‘legend’
    print.concreg: no visible global function definition for ‘pchisq’
    summary.concreg: no visible global function definition for ‘pchisq’
    useFP: no visible global function definition for ‘as.formula’
    Undefined global functions or variables:
     as.formula coef legend lines model.extract model.frame model.matrix
     pchisq plot qnorm quantile sd survfit tail untangle.specials vcov
Flavors: r-devel-linux-x86_64-debian-clang, r-devel-linux-x86_64-debian-gcc, r-devel-linux-x86_64-fedora-clang, r-devel-linux-x86_64-fedora-gcc, r-devel-windows-ix86+x86_64

Version: 0.5
Check: R code for possible problems
Result: NOTE
    concreg: no visible global function definition for ‘survfit’
    concreg.wei: no visible global function definition for ‘survfit’
    decomposeSurv: no visible global function definition for
     ‘untangle.specials’
    Undefined global functions or variables:
     survfit untangle.specials
Flavor: r-devel-osx-x86_64-clang

Version: 0.5
Check: R code for possible problems
Result: NOTE
    concreg: no visible global function definition for ‘survfit’
    concreg.wei: no visible global function definition for ‘survfit’
    decomposeSurv: no visible global function definition for
     ‘untangle.specials’
Flavors: r-patched-linux-x86_64, r-patched-solaris-sparc, r-patched-solaris-x86, r-release-linux-x86_64, r-release-osx-x86_64-mavericks, r-release-windows-ix86+x86_64, r-oldrel-windows-ix86+x86_64

Version: 0.5
Check: whether package can be installed
Result: WARN
    Found the following significant warnings:
     Warning: Possible change of value in conversion from REAL(8) to INTEGER(4) at (1)
Flavor: r-release-osx-x86_64-mavericks