CRAN Package Check Results for Package concreg

Last updated on 2015-02-01 19:49:59.

Flavor Version Tinstall Tcheck Ttotal Status Flags
r-devel-linux-x86_64-debian-clang 0.5 1.44 11.29 12.73 NOTE
r-devel-linux-x86_64-debian-gcc 0.5 1.44 10.90 12.34 NOTE
r-devel-linux-x86_64-fedora-clang 0.5 24.59 NOTE
r-devel-linux-x86_64-fedora-gcc 0.5 22.47 NOTE
r-devel-osx-x86_64-clang 0.5 32.81 NOTE
r-devel-windows-ix86+x86_64 0.5 8.00 29.00 37.00 NOTE
r-patched-linux-x86_64 0.5 1.50 11.98 13.48 NOTE
r-patched-solaris-sparc 0.5 155.00 NOTE
r-patched-solaris-x86 0.5 40.70 NOTE
r-release-linux-ix86 0.5 2.22 18.25 20.46 NOTE
r-release-linux-x86_64 0.5 1.56 12.57 14.12 NOTE
r-release-osx-x86_64-mavericks 0.5 WARN
r-release-windows-ix86+x86_64 0.5 7.00 26.00 33.00 NOTE
r-oldrel-windows-ix86+x86_64 0.5 7.00 30.00 37.00 NOTE

Check Details

Version: 0.5
Check: dependencies in R code
Result: NOTE
    Package in Depends field not imported from: ‘survival’
     These packages need to be imported from (in the NAMESPACE file)
     for when this namespace is loaded but not attached.
Flavors: r-devel-linux-x86_64-debian-clang, r-devel-linux-x86_64-debian-gcc, r-devel-linux-x86_64-fedora-clang, r-devel-linux-x86_64-fedora-gcc, r-devel-osx-x86_64-clang, r-devel-windows-ix86+x86_64

Version: 0.5
Check: R code for possible problems
Result: NOTE
    concreg: no visible global function definition for ‘survfit’
    concreg.wei: no visible global function definition for ‘survfit’
    decomposeSurv: no visible global function definition for
     ‘untangle.specials’
Flavors: r-devel-linux-x86_64-debian-clang, r-devel-linux-x86_64-debian-gcc, r-devel-linux-x86_64-fedora-clang, r-devel-linux-x86_64-fedora-gcc, r-devel-osx-x86_64-clang, r-devel-windows-ix86+x86_64, r-patched-linux-x86_64, r-patched-solaris-sparc, r-patched-solaris-x86, r-release-linux-ix86, r-release-linux-x86_64, r-release-osx-x86_64-mavericks, r-release-windows-ix86+x86_64

Version: 0.5
Check: dependencies in R code
Result: NOTE
    Package in Depends field not imported from: ‘survival’
     These packages need to be imported from (in the NAMESPACE file)
     for when this namespace is loaded but not attached.
    See the information on DESCRIPTION files in the chapter ‘Creating R
    packages’ of the ‘Writing R Extensions’ manual.
Flavors: r-patched-linux-x86_64, r-patched-solaris-sparc, r-patched-solaris-x86, r-release-linux-ix86, r-release-linux-x86_64, r-release-osx-x86_64-mavericks, r-release-windows-ix86+x86_64, r-oldrel-windows-ix86+x86_64

Version: 0.5
Check: whether package can be installed
Result: WARN
    Found the following significant warnings:
     Warning: Possible change of value in conversion from REAL(8) to INTEGER(4) at (1)
Flavor: r-release-osx-x86_64-mavericks