CRAN Package Check Results for Package concreg

Last updated on 2018-04-21 16:46:29 CEST.

Flavor Version Tinstall Tcheck Ttotal Status Flags
r-devel-linux-x86_64-debian-clang 0.6 5.63 48.28 53.91 NOTE
r-devel-linux-x86_64-debian-gcc 0.6 4.76 38.97 43.73 NOTE
r-devel-linux-x86_64-fedora-clang 0.6 64.50 NOTE
r-devel-linux-x86_64-fedora-gcc 0.6 62.53 NOTE
r-devel-windows-ix86+x86_64 0.6 16.00 94.00 110.00 OK
r-devel-osx-x86_64 0.6 OK
r-patched-linux-x86_64 0.6 5.30 48.46 53.76 NOTE
r-patched-solaris-x86 0.6 101.50 OK
r-release-linux-x86_64 0.6 4.83 48.01 52.84 NOTE
r-release-windows-ix86+x86_64 0.6 12.00 93.00 105.00 OK
r-release-osx-x86_64 0.6 OK
r-oldrel-windows-ix86+x86_64 0.6 14.00 72.00 86.00 OK

Check Details

Version: 0.6
Check: compiled code
Result: NOTE
    File ‘concreg/libs/concreg.so’:
     Found no calls to: ‘R_registerRoutines’, ‘R_useDynamicSymbols’
    
    It is good practice to register native routines and to disable symbol
    search.
    
    See ‘Writing portable packages’ in the ‘Writing R Extensions’ manual.
Flavors: r-devel-linux-x86_64-debian-clang, r-devel-linux-x86_64-debian-gcc, r-devel-linux-x86_64-fedora-clang, r-devel-linux-x86_64-fedora-gcc, r-patched-linux-x86_64, r-release-linux-x86_64