CRAN Package Check Results for Package concreg

Last updated on 2017-03-25 17:49:20.

Flavor Version Tinstall Tcheck Ttotal Status Flags
r-devel-linux-x86_64-debian-clang 0.6 3.32 30.52 33.84 NOTE
r-devel-linux-x86_64-debian-gcc 0.6 3.36 30.24 33.60 NOTE
r-devel-linux-x86_64-fedora-clang 0.6 76.70 NOTE --no-stop-on-test-error
r-devel-linux-x86_64-fedora-gcc 0.6 74.74 NOTE --no-stop-on-test-error
r-devel-macos-x86_64-clang 0.6 57.59 NOTE --no-stop-on-test-error
r-devel-windows-ix86+x86_64 0.6 12.00 96.00 108.00 OK
r-patched-linux-x86_64 0.6 3.14 29.74 32.88 NOTE
r-patched-solaris-sparc 0.6 442.00 OK
r-patched-solaris-x86 0.6 108.40 OK
r-release-linux-x86_64 0.6 3.00 27.03 30.03 OK
r-release-osx-x86_64-mavericks 0.6 OK
r-release-windows-ix86+x86_64 0.6 13.00 72.00 85.00 OK
r-oldrel-windows-ix86+x86_64 0.6 11.00 89.00 100.00 OK

Check Details

Version: 0.6
Check: compiled code
Result: NOTE
    File ‘concreg/libs/concreg.so’:
     Found no calls to: ‘R_registerRoutines’, ‘R_useDynamicSymbols’
    
    It is good practice to register native routines and to disable symbol
    search.
    
    See ‘Writing portable packages’ in the ‘Writing R Extensions’ manual.
Flavors: r-devel-linux-x86_64-debian-clang, r-devel-linux-x86_64-debian-gcc, r-patched-linux-x86_64

Version: 0.6
Flags: --no-stop-on-test-error
Check: compiled code
Result: NOTE
    File ‘concreg/libs/concreg.so’:
     Found no calls to: ‘R_registerRoutines’, ‘R_useDynamicSymbols’
    
    It is good practice to register native routines and to disable symbol
    search.
    
    See ‘Writing portable packages’ in the ‘Writing R Extensions’ manual.
Flavors: r-devel-linux-x86_64-fedora-clang, r-devel-linux-x86_64-fedora-gcc, r-devel-macos-x86_64-clang