CRAN Package Check Results for Package concreg

Last updated on 2019-05-25 13:46:49 CEST.

Flavor Version Tinstall Tcheck Ttotal Status Flags
r-devel-linux-x86_64-debian-clang 0.6 8.17 51.35 59.52 OK
r-devel-linux-x86_64-debian-gcc 0.6 7.10 40.76 47.86 OK
r-devel-linux-x86_64-fedora-clang 0.6 70.12 NOTE
r-devel-linux-x86_64-fedora-gcc 0.6 68.13 NOTE
r-devel-windows-ix86+x86_64 0.6 17.00 108.00 125.00 OK
r-patched-linux-x86_64 0.6 OK
r-patched-solaris-x86 0.6 111.00 OK
r-release-linux-x86_64 0.6 8.33 50.56 58.89 OK
r-release-windows-ix86+x86_64 0.6 23.00 86.00 109.00 OK
r-release-osx-x86_64 0.6 OK
r-oldrel-windows-ix86+x86_64 0.6 18.00 76.00 94.00 OK
r-oldrel-osx-x86_64 0.6 OK

Check Details

Version: 0.6
Check: compiled code
Result: NOTE
    File ‘concreg/libs/concreg.so’:
     Found no calls to: ‘R_registerRoutines’, ‘R_useDynamicSymbols’
    
    It is good practice to register native routines and to disable symbol
    search.
    
    See ‘Writing portable packages’ in the ‘Writing R Extensions’ manual.
Flavors: r-devel-linux-x86_64-fedora-clang, r-devel-linux-x86_64-fedora-gcc