CRAN Package Check Results for Package concreg

Last updated on 2017-05-30 02:46:29.

Flavor Version Tinstall Tcheck Ttotal Status Flags
r-devel-linux-x86_64-debian-clang 0.6 3.16 30.72 33.88 NOTE
r-devel-linux-x86_64-debian-gcc 0.6 3.55 29.95 33.50 NOTE
r-devel-linux-x86_64-fedora-clang 0.6 77.45 NOTE
r-devel-linux-x86_64-fedora-gcc 0.6 74.63 NOTE
r-devel-windows-ix86+x86_64 0.6 12.00 108.00 120.00 OK
r-patched-linux-x86_64 0.6 3.26 30.24 33.50 NOTE
r-patched-solaris-sparc 0.6 442.00 OK
r-patched-solaris-x86 0.6 105.00 OK
r-release-linux-x86_64 0.6 3.27 31.34 34.62 NOTE
r-release-windows-ix86+x86_64 0.6 15.00 71.00 86.00 OK
r-release-osx-x86_64 0.6 OK
r-oldrel-windows-ix86+x86_64 0.6 9.00 70.00 79.00 OK
r-oldrel-osx-x86_64 0.6 OK

Check Details

Version: 0.6
Check: compiled code
Result: NOTE
    File ‘concreg/libs/concreg.so’:
     Found no calls to: ‘R_registerRoutines’, ‘R_useDynamicSymbols’
    
    It is good practice to register native routines and to disable symbol
    search.
    
    See ‘Writing portable packages’ in the ‘Writing R Extensions’ manual.
Flavors: r-devel-linux-x86_64-debian-clang, r-devel-linux-x86_64-debian-gcc, r-devel-linux-x86_64-fedora-clang, r-devel-linux-x86_64-fedora-gcc, r-patched-linux-x86_64, r-release-linux-x86_64