CRAN Package Check Results for Package concreg

Last updated on 2014-09-21 21:47:34.

Flavor Version Tinstall Tcheck Ttotal Status Flags
r-devel-linux-x86_64-debian-clang 0.5 1.40 11.54 12.94 NOTE
r-devel-linux-x86_64-debian-gcc 0.5 1.46 11.20 12.66 NOTE
r-devel-linux-x86_64-fedora-clang 0.5 25.61 NOTE
r-devel-linux-x86_64-fedora-gcc 0.5 24.14 NOTE
r-devel-osx-x86_64-clang 0.5 28.70 NOTE
r-devel-windows-ix86+x86_64 0.5 7.00 25.00 32.00 NOTE
r-patched-linux-x86_64 0.5 1.43 11.83 13.26 NOTE
r-patched-solaris-sparc 0.5 157.90 NOTE
r-patched-solaris-x86 0.5 38.40 NOTE
r-release-linux-ix86 0.5 2.22 18.28 20.50 NOTE
r-release-linux-x86_64 0.5 1.44 12.36 13.80 NOTE
r-release-osx-x86_64-mavericks 0.5 WARN
r-release-windows-ix86+x86_64 0.5 10.00 26.00 36.00 NOTE
r-oldrel-windows-ix86+x86_64 0.5 7.00 30.00 37.00 NOTE

Check Details

Version: 0.5
Check: dependencies in R code
Result: NOTE
    Package in Depends field not imported from: ‘survival’
     These packages need to be imported from (in the NAMESPACE file)
     for when this namespace is loaded but not attached.
    See the information on DESCRIPTION files in the chapter ‘Creating R
    packages’ of the ‘Writing R Extensions’ manual.
Flavors: r-devel-linux-x86_64-debian-clang, r-devel-linux-x86_64-debian-gcc, r-devel-linux-x86_64-fedora-clang, r-devel-linux-x86_64-fedora-gcc, r-devel-osx-x86_64-clang, r-devel-windows-ix86+x86_64, r-patched-linux-x86_64, r-patched-solaris-sparc, r-patched-solaris-x86, r-release-linux-ix86, r-release-linux-x86_64, r-release-osx-x86_64-mavericks, r-release-windows-ix86+x86_64, r-oldrel-windows-ix86+x86_64

Version: 0.5
Check: R code for possible problems
Result: NOTE
    concreg: no visible global function definition for ‘survfit’
    concreg.wei: no visible global function definition for ‘survfit’
    decomposeSurv: no visible global function definition for
     ‘untangle.specials’
Flavors: r-devel-linux-x86_64-debian-clang, r-devel-linux-x86_64-debian-gcc, r-devel-linux-x86_64-fedora-clang, r-devel-linux-x86_64-fedora-gcc, r-devel-osx-x86_64-clang, r-devel-windows-ix86+x86_64

Version: 0.5
Check: whether package can be installed
Result: WARN
    Found the following significant warnings:
     Warning: Possible change of value in conversion from REAL(8) to INTEGER(4) at (1)
     Warning: Possible change of value in conversion from REAL(8) to INTEGER(4) at (1)
     Warning: Possible change of value in conversion from REAL(8) to INTEGER(4) at (1)
     Warning: Possible change of value in conversion from REAL(8) to INTEGER(4) at (1)
     Warning: Possible change of value in conversion from REAL(8) to INTEGER(4) at (1)
     Warning: Possible change of value in conversion from REAL(8) to INTEGER(4) at (1)
     Warning: Possible change of value in conversion from REAL(8) to INTEGER(4) at (1)
     Warning: Possible change of value in conversion from REAL(8) to INTEGER(4) at (1)
     Warning: Possible change of value in conversion from REAL(8) to INTEGER(4) at (1)
     Warning: Possible change of value in conversion from REAL(8) to INTEGER(4) at (1)
     Warning: Possible change of value in conversion from REAL(8) to INTEGER(4) at (1)
     Warning: Possible change of value in conversion from REAL(8) to INTEGER(4) at (1)
Flavor: r-release-osx-x86_64-mavericks