CRAN Package Check Results for Package concreg

Last updated on 2017-04-24 18:47:09.

Flavor Version Tinstall Tcheck Ttotal Status Flags
r-devel-linux-x86_64-debian-clang 0.6 3.15 30.48 33.63 NOTE
r-devel-linux-x86_64-debian-gcc 0.6 3.31 30.01 33.32 NOTE
r-devel-linux-x86_64-fedora-clang 0.6 76.70 NOTE --no-stop-on-test-error
r-devel-linux-x86_64-fedora-gcc 0.6 73.81 NOTE --no-stop-on-test-error
r-devel-windows-ix86+x86_64 0.6 OK
r-patched-linux-x86_64 0.6 3.31 30.01 33.32 NOTE
r-patched-solaris-sparc 0.6 442.00 OK
r-patched-solaris-x86 0.6 108.50 OK
r-release-linux-x86_64 0.6 3.15 30.04 33.20 NOTE
r-release-windows-ix86+x86_64 0.6 12.00 82.00 94.00 OK
r-release-osx-x86_64 0.6 OK
r-oldrel-windows-ix86+x86_64 0.6 11.00 68.00 79.00 OK
r-oldrel-osx-x86_64 0.6 OK

Check Details

Version: 0.6
Check: compiled code
Result: NOTE
    File ‘concreg/libs/concreg.so’:
     Found no calls to: ‘R_registerRoutines’, ‘R_useDynamicSymbols’
    
    It is good practice to register native routines and to disable symbol
    search.
    
    See ‘Writing portable packages’ in the ‘Writing R Extensions’ manual.
Flavors: r-devel-linux-x86_64-debian-clang, r-devel-linux-x86_64-debian-gcc, r-patched-linux-x86_64, r-release-linux-x86_64

Version: 0.6
Flags: --no-stop-on-test-error
Check: compiled code
Result: NOTE
    File ‘concreg/libs/concreg.so’:
     Found no calls to: ‘R_registerRoutines’, ‘R_useDynamicSymbols’
    
    It is good practice to register native routines and to disable symbol
    search.
    
    See ‘Writing portable packages’ in the ‘Writing R Extensions’ manual.
Flavors: r-devel-linux-x86_64-fedora-clang, r-devel-linux-x86_64-fedora-gcc