CRAN Package Check Results for Package concreg

Last updated on 2017-11-24 18:50:10 CET.

Flavor Version Tinstall Tcheck Ttotal Status Flags
r-devel-linux-x86_64-debian-clang 0.6 4.25 68.52 72.77 NOTE
r-devel-linux-x86_64-debian-gcc 0.6 3.44 61.29 64.73 NOTE
r-devel-linux-x86_64-fedora-clang 0.6 62.79 NOTE
r-devel-linux-x86_64-fedora-gcc 0.6 62.01 NOTE
r-devel-windows-ix86+x86_64 0.6 12.00 93.00 105.00 OK
r-patched-linux-x86_64 0.6 4.49 70.45 74.94 NOTE
r-patched-solaris-x86 0.6 104.90 OK
r-release-linux-x86_64 0.6 4.65 72.30 76.95 NOTE
r-release-windows-ix86+x86_64 0.6 11.00 69.00 80.00 OK
r-release-osx-x86_64 0.6 OK
r-oldrel-windows-ix86+x86_64 0.6 11.00 69.00 80.00 OK
r-oldrel-osx-x86_64 0.6 OK

Check Details

Version: 0.6
Check: compiled code
Result: NOTE
    File ‘concreg/libs/concreg.so’:
     Found no calls to: ‘R_registerRoutines’, ‘R_useDynamicSymbols’
    
    It is good practice to register native routines and to disable symbol
    search.
    
    See ‘Writing portable packages’ in the ‘Writing R Extensions’ manual.
Flavors: r-devel-linux-x86_64-debian-clang, r-devel-linux-x86_64-debian-gcc, r-devel-linux-x86_64-fedora-clang, r-devel-linux-x86_64-fedora-gcc, r-patched-linux-x86_64, r-release-linux-x86_64