CRAN Package Check Results for Package concreg

Last updated on 2015-03-04 06:48:19.

Flavor Version Tinstall Tcheck Ttotal Status Flags
r-devel-linux-x86_64-debian-clang 0.5 1.42 11.23 12.65 NOTE
r-devel-linux-x86_64-debian-gcc 0.5 1.74 11.73 13.47 NOTE
r-devel-linux-x86_64-fedora-clang 0.5 24.25 NOTE
r-devel-linux-x86_64-fedora-gcc 0.5 21.95 NOTE
r-devel-osx-x86_64-clang 0.5 26.61 NOTE
r-devel-windows-ix86+x86_64 0.5 8.00 24.00 32.00 NOTE
r-patched-linux-x86_64 0.5 1.48 12.58 14.05 NOTE
r-patched-solaris-sparc 0.5 177.60 NOTE
r-patched-solaris-x86 0.5 40.90 NOTE
r-release-linux-ix86 0.5 2.12 18.37 20.48 NOTE
r-release-linux-x86_64 0.5 1.44 12.24 13.68 NOTE
r-release-osx-x86_64-mavericks 0.5 WARN
r-release-windows-ix86+x86_64 0.5 8.00 27.00 35.00 NOTE
r-oldrel-windows-ix86+x86_64 0.5 8.00 26.00 34.00 NOTE

Check Details

Version: 0.5
Check: DESCRIPTION meta-information
Result: NOTE
    Malformed Description field: should contain one or more complete sentences.
Flavors: r-devel-linux-x86_64-debian-clang, r-devel-linux-x86_64-debian-gcc, r-devel-linux-x86_64-fedora-clang, r-devel-linux-x86_64-fedora-gcc, r-devel-osx-x86_64-clang, r-devel-windows-ix86+x86_64

Version: 0.5
Check: dependencies in R code
Result: NOTE
    Package in Depends field not imported from: ‘survival’
     These packages need to be imported from (in the NAMESPACE file)
     for when this namespace is loaded but not attached.
Flavors: r-devel-linux-x86_64-debian-clang, r-devel-linux-x86_64-debian-gcc, r-devel-linux-x86_64-fedora-clang, r-devel-linux-x86_64-fedora-gcc, r-devel-osx-x86_64-clang, r-devel-windows-ix86+x86_64, r-patched-linux-x86_64, r-patched-solaris-sparc, r-patched-solaris-x86

Version: 0.5
Check: R code for possible problems
Result: NOTE
    concreg: no visible global function definition for ‘survfit’
    concreg.wei: no visible global function definition for ‘survfit’
    decomposeSurv: no visible global function definition for
     ‘untangle.specials’
Flavors: r-devel-linux-x86_64-debian-clang, r-devel-linux-x86_64-debian-gcc, r-devel-linux-x86_64-fedora-clang, r-devel-linux-x86_64-fedora-gcc, r-devel-osx-x86_64-clang, r-devel-windows-ix86+x86_64, r-patched-linux-x86_64, r-patched-solaris-sparc, r-patched-solaris-x86, r-release-linux-ix86, r-release-linux-x86_64, r-release-osx-x86_64-mavericks, r-release-windows-ix86+x86_64

Version: 0.5
Check: dependencies in R code
Result: NOTE
    Package in Depends field not imported from: ‘survival’
     These packages need to be imported from (in the NAMESPACE file)
     for when this namespace is loaded but not attached.
    See the information on DESCRIPTION files in the chapter ‘Creating R
    packages’ of the ‘Writing R Extensions’ manual.
Flavors: r-release-linux-ix86, r-release-linux-x86_64, r-release-osx-x86_64-mavericks, r-release-windows-ix86+x86_64, r-oldrel-windows-ix86+x86_64

Version: 0.5
Check: whether package can be installed
Result: WARN
    Found the following significant warnings:
     Warning: Possible change of value in conversion from REAL(8) to INTEGER(4) at (1)
Flavor: r-release-osx-x86_64-mavericks