CRAN Package Check Results for Package concreg

Last updated on 2017-09-19 21:47:48.

Flavor Version Tinstall Tcheck Ttotal Status Flags
r-devel-linux-x86_64-debian-clang 0.6 3.23 30.81 34.03 NOTE
r-devel-linux-x86_64-debian-gcc 0.6 3.17 30.13 33.30 NOTE
r-devel-linux-x86_64-fedora-clang 0.6 76.53 NOTE
r-devel-linux-x86_64-fedora-gcc 0.6 77.12 NOTE
r-devel-windows-ix86+x86_64 0.6 12.00 101.00 113.00 OK
r-patched-linux-x86_64 0.6 3.16 30.40 33.56 NOTE
r-patched-solaris-x86 0.6 105.70 OK
r-release-linux-x86_64 0.6 3.46 30.41 33.87 NOTE
r-release-windows-ix86+x86_64 0.6 11.00 76.00 87.00 OK
r-release-osx-x86_64 0.6 OK
r-oldrel-windows-ix86+x86_64 0.6 10.00 65.00 75.00 OK
r-oldrel-osx-x86_64 0.6 OK

Check Details

Version: 0.6
Check: compiled code
Result: NOTE
    File ‘concreg/libs/concreg.so’:
     Found no calls to: ‘R_registerRoutines’, ‘R_useDynamicSymbols’
    
    It is good practice to register native routines and to disable symbol
    search.
    
    See ‘Writing portable packages’ in the ‘Writing R Extensions’ manual.
Flavors: r-devel-linux-x86_64-debian-clang, r-devel-linux-x86_64-debian-gcc, r-devel-linux-x86_64-fedora-clang, r-devel-linux-x86_64-fedora-gcc, r-patched-linux-x86_64, r-release-linux-x86_64