CRAN Package Check Results for Package concreg

Last updated on 2017-02-26 19:53:37.

Flavor Version Tinstall Tcheck Ttotal Status Flags
r-devel-linux-x86_64-debian-clang 0.6 3.28 30.62 33.90 NOTE
r-devel-linux-x86_64-debian-gcc 0.6 3.35 30.07 33.42 NOTE
r-devel-linux-x86_64-fedora-clang 0.6 75.41 NOTE --no-stop-on-test-error
r-devel-linux-x86_64-fedora-gcc 0.6 76.61 NOTE --no-stop-on-test-error
r-devel-macos-x86_64-clang 0.6 58.29 NOTE --no-stop-on-test-error
r-devel-windows-ix86+x86_64 0.6 11.00 135.00 146.00 OK
r-patched-linux-x86_64 0.6 3.04 26.74 29.78 OK
r-patched-solaris-sparc 0.6 396.70 OK
r-patched-solaris-x86 0.6 75.40 OK
r-release-linux-x86_64 0.6 2.89 27.00 29.88 OK
r-release-osx-x86_64-mavericks 0.6 OK
r-release-windows-ix86+x86_64 0.6 13.00 94.00 107.00 OK
r-oldrel-windows-ix86+x86_64 0.6 13.00 124.00 137.00 OK

Check Details

Version: 0.6
Check: compiled code
Result: NOTE
    File ‘concreg/libs/concreg.so’:
     Found no calls to: ‘R_registerRoutines’, ‘R_useDynamicSymbols’
    
    It is good practice to register native routines and to disable symbol
    search.
    
    See ‘Writing portable packages’ in the ‘Writing R Extensions’ manual.
Flavors: r-devel-linux-x86_64-debian-clang, r-devel-linux-x86_64-debian-gcc

Version: 0.6
Flags: --no-stop-on-test-error
Check: compiled code
Result: NOTE
    File ‘concreg/libs/concreg.so’:
     Found no calls to: ‘R_registerRoutines’, ‘R_useDynamicSymbols’
    
    It is good practice to register native routines and to disable symbol
    search.
    
    See ‘Writing portable packages’ in the ‘Writing R Extensions’ manual.
Flavors: r-devel-linux-x86_64-fedora-clang, r-devel-linux-x86_64-fedora-gcc, r-devel-macos-x86_64-clang