CRAN Package Check Results for Package cond

Last updated on 2015-03-30 00:48:16.

Flavor Version Tinstall Tcheck Ttotal Status Flags
r-devel-linux-x86_64-debian-clang 1.2-3 0.88 20.57 21.44 NOTE
r-devel-linux-x86_64-debian-gcc 1.2-3 0.80 20.18 20.98 NOTE
r-devel-linux-x86_64-fedora-clang 1.2-3 42.41 NOTE
r-devel-linux-x86_64-fedora-gcc 1.2-3 40.80 NOTE
r-devel-osx-x86_64-clang 1.2-3 49.41 NOTE
r-prerel-windows-ix86+x86_64 1.2-3 4.00 33.00 37.00 NOTE
r-prerel-linux-x86_64 1.2-3 0.79 20.48 21.27 NOTE
r-prerel-solaris-sparc 1.2-3 269.60 NOTE
r-prerel-solaris-x86 1.2-3 52.10 NOTE
r-release-linux-x86_64 1.2-3 0.87 24.35 25.22 OK
r-release-osx-x86_64-mavericks 1.2-3 OK
r-release-osx-x86_64-snowleopard 1.2-3 OK
r-release-windows-ix86+x86_64 1.2-3 4.00 40.00 44.00 OK
r-oldrel-windows-ix86+x86_64 1.2-3 4.00 37.00 41.00 WARN

Check Details

Version: 1.2-3
Check: DESCRIPTION meta-information
Result: NOTE
    Malformed Description field: should contain one or more complete sentences.
Flavors: r-devel-linux-x86_64-debian-clang, r-devel-linux-x86_64-debian-gcc, r-devel-linux-x86_64-fedora-clang, r-devel-linux-x86_64-fedora-gcc, r-devel-osx-x86_64-clang, r-prerel-windows-ix86+x86_64, r-prerel-linux-x86_64, r-prerel-solaris-sparc, r-prerel-solaris-x86

Version: 1.2-3
Check: S3 generic/method consistency
Result: NOTE
    Found the following apparent S3 methods exported but not registered:
     cond.glm family.cond family.summary.cond plot.cond print.cond
     print.summary.cond summary.cond
    See section ‘Registering S3 methods’ in the ‘Writing R Extensions’
    manual.
Flavors: r-devel-linux-x86_64-debian-clang, r-devel-linux-x86_64-debian-gcc, r-devel-linux-x86_64-fedora-clang, r-devel-linux-x86_64-fedora-gcc, r-devel-osx-x86_64-clang, r-prerel-linux-x86_64

Version: 1.2-3
Check: for code/documentation mismatches
Result: WARN
    Data codoc mismatches from documentation object 'fraudulent':
    Variables in data frame 'fraudulent'
     Code: AC1 AC16 AC9 CL11 CL7 IJ12 IJ2 IJ3 IJ4 IJ6 r1 r2
     Docs: AC1} CL7} IJ2} \code{AC16 \code{AC9} \code{CL11 \code{IJ12
     \code{IJ3} \code{IJ4} \code{IJ6} r1 r2
Flavor: r-oldrel-windows-ix86+x86_64