CRAN Package Check Results for Package cond

Last updated on 2015-07-02 11:48:07.

Flavor Version Tinstall Tcheck Ttotal Status Flags
r-devel-linux-x86_64-debian-clang 1.2-3 0.76 20.56 21.31 NOTE
r-devel-linux-x86_64-debian-gcc 1.2-3 0.75 19.79 20.54 NOTE
r-devel-linux-x86_64-fedora-clang 1.2-3 40.88 NOTE
r-devel-linux-x86_64-fedora-gcc 1.2-3 38.71 NOTE
r-devel-osx-x86_64-clang 1.2-3 40.93 NOTE
r-devel-windows-ix86+x86_64 1.2-3 3.00 33.00 36.00 NOTE
r-patched-linux-x86_64 1.2-3 0.82 20.14 20.96 NOTE
r-patched-solaris-sparc 1.2-3 261.10 NOTE
r-patched-solaris-x86 1.2-3 53.50 NOTE
r-release-linux-x86_64 1.2-3 0.78 20.60 21.37 NOTE
r-release-osx-x86_64-mavericks 1.2-3 NOTE
r-release-windows-ix86+x86_64 1.2-3 3.00 33.00 36.00 NOTE
r-oldrel-windows-ix86+x86_64 1.2-3 7.00 39.00 46.00 OK

Check Details

Version: 1.2-3
Check: DESCRIPTION meta-information
Result: NOTE
    Malformed Description field: should contain one or more complete sentences.
Flavors: r-devel-linux-x86_64-debian-clang, r-devel-linux-x86_64-debian-gcc, r-devel-linux-x86_64-fedora-clang, r-devel-linux-x86_64-fedora-gcc, r-devel-osx-x86_64-clang, r-devel-windows-ix86+x86_64, r-patched-linux-x86_64, r-patched-solaris-sparc, r-patched-solaris-x86, r-release-linux-x86_64, r-release-osx-x86_64-mavericks, r-release-windows-ix86+x86_64

Version: 1.2-3
Check: S3 generic/method consistency
Result: NOTE
    Found the following apparent S3 methods exported but not registered:
     cond.glm family.cond family.summary.cond plot.cond print.cond
     print.summary.cond summary.cond
    See section ‘Registering S3 methods’ in the ‘Writing R Extensions’
    manual.
Flavors: r-devel-linux-x86_64-debian-clang, r-devel-linux-x86_64-debian-gcc, r-devel-linux-x86_64-fedora-clang, r-devel-linux-x86_64-fedora-gcc, r-devel-osx-x86_64-clang, r-patched-linux-x86_64, r-patched-solaris-sparc, r-patched-solaris-x86, r-release-linux-x86_64

Version: 1.2-3
Check: R code for possible problems
Result: NOTE
    cond.glm: no visible global function definition for ‘glm.control’
    cond.glm: no visible global function definition for
     ‘model.frame.default’
    cond.glm: no visible global function definition for ‘is.empty.model’
    cond.glm: no visible global function definition for ‘model.matrix’
    cond.glm: no visible global function definition for ‘model.response’
    cond.glm: no visible global function definition for ‘contrasts’
    cond.glm: no visible global function definition for ‘deviance’
    cond.glm: no visible global function definition for ‘as.formula’
    cond.glm: no visible global function definition for ‘update’
    cond.glm: no visible global function definition for ‘spline’
    cond.glm: no visible global function definition for ‘predict’
    cond.glm: no visible global function definition for ‘smooth.spline’
    cond.glm: no visible global function definition for ‘lm.fit’
    cond.glm: no visible global function definition for ‘pnorm’
    cond.glm: no visible global function definition for ‘dnorm’
    plot.cond: no visible global function definition for ‘menu’
    plot.cond: no visible global function definition for ‘qnorm’
    plot.cond: no visible global function definition for ‘predict’
    plot.cond: no visible global function definition for ‘smooth.spline’
    plot.cond: no visible global function definition for ‘par’
    plot.cond: no visible global function definition for ‘split.screen’
    plot.cond: no visible global function definition for ‘screen’
    plot.cond: no visible global function definition for ‘plot’
    plot.cond: no visible global function definition for ‘lines’
    plot.cond: no visible global function definition for ‘title’
    plot.cond: no visible global function definition for ‘locator’
    plot.cond: no visible global function definition for ‘legend’
    plot.cond: no visible global function definition for ‘qchisq’
    plot.cond: no visible global function definition for ‘matplot’
    plot.cond: no visible global function definition for ‘abline’
    plot.cond: no visible global function definition for ‘close.screen’
    plot.cond: no visible global function definition for ‘segments’
    plot.cond: no visible global function definition for ‘text’
    plot.cond: no visible global function definition for ‘points’
    summary.cond: no visible global function definition for ‘qnorm’
    summary.cond: no visible global function definition for ‘smooth.spline’
    summary.cond: no visible global function definition for ‘predict’
    summary.cond: no visible global function definition for ‘pnorm’
Flavors: r-devel-linux-x86_64-debian-clang, r-devel-linux-x86_64-debian-gcc, r-devel-linux-x86_64-fedora-gcc, r-devel-windows-ix86+x86_64

Version: 1.2-3
Check: R code for possible problems
Result: NOTE
    cond.glm: no visible global function definition for ‘glm.control’
    cond.glm: no visible global function definition for
     ‘model.frame.default’
    cond.glm: no visible global function definition for ‘is.empty.model’
    cond.glm: no visible global function definition for ‘model.matrix’
    cond.glm: no visible global function definition for ‘model.response’
    cond.glm: no visible global function definition for ‘contrasts’
    cond.glm: no visible global function definition for ‘deviance’
    cond.glm: no visible global function definition for ‘as.formula’
    cond.glm: no visible global function definition for ‘update’
    cond.glm: no visible global function definition for ‘spline’
    cond.glm: no visible global function definition for ‘predict’
    cond.glm: no visible global function definition for ‘smooth.spline’
    cond.glm: no visible global function definition for ‘lm.fit’
    cond.glm: no visible global function definition for ‘pnorm’
    cond.glm: no visible global function definition for ‘dnorm’
    plot.cond: no visible global function definition for ‘menu’
    plot.cond: no visible global function definition for ‘qnorm’
    plot.cond: no visible global function definition for ‘predict’
    plot.cond: no visible global function definition for ‘smooth.spline’
    plot.cond: no visible global function definition for ‘par’
    plot.cond: no visible global function definition for ‘split.screen’
    plot.cond: no visible global function definition for ‘screen’
    plot.cond: no visible global function definition for ‘plot’
    plot.cond: no visible global function definition for ‘lines’
    plot.cond: no visible global function definition for ‘title’
    plot.cond: no visible global function definition for ‘locator’
    plot.cond: no visible global function definition for ‘legend’
    plot.cond: no visible global function definition for ‘qchisq’
    plot.cond: no visible global function definition for ‘matplot’
    plot.cond: no visible global function definition for ‘abline’
    plot.cond: no visible global function definition for ‘close.screen’
    plot.cond: no visible global function definition for ‘segments’
    plot.cond: no visible global function definition for ‘text’
    plot.cond: no visible global function definition for ‘points’
    summary.cond: no visible global function definition for ‘qnorm’
    summary.cond: no visible global function definition for ‘smooth.spline’
    summary.cond: no visible global function definition for ‘predict’
    summary.cond: no visible global function definition for ‘pnorm’
    Undefined global functions or variables:
     abline as.formula close.screen contrasts deviance dnorm glm.control
     is.empty.model legend lines lm.fit locator matplot menu
     model.frame.default model.matrix model.response par plot pnorm points
     predict qchisq qnorm screen segments smooth.spline spline
     split.screen text title update
Flavor: r-devel-linux-x86_64-fedora-clang