CRAN Package Check Results for Package cond

Last updated on 2014-07-30 20:48:42.

Flavor Version Tinstall Tcheck Ttotal Status Flags
r-devel-linux-x86_64-debian-clang 1.2-3 0.84 21.56 22.40 OK
r-devel-linux-x86_64-debian-gcc 1.2-3 0.95 21.50 22.44 OK
r-devel-linux-x86_64-fedora-clang 1.2-3 49.04 OK
r-devel-linux-x86_64-fedora-gcc 1.2-3 46.26 OK
r-devel-osx-x86_64-clang 1.2-3 45.60 OK
r-devel-windows-ix86+x86_64 1.2-3 3.00 36.00 39.00 OK
r-patched-linux-x86_64 1.2-3 0.86 21.66 22.52 OK
r-patched-solaris-sparc 1.2-3 269.30 OK
r-patched-solaris-x86 1.2-3 62.80 OK
r-release-linux-ix86 1.2-3 1.31 30.54 31.84 OK
r-release-linux-x86_64 1.2-3 1.31 22.27 23.58 OK
r-release-osx-x86_64-mavericks 1.2-3 OK
r-release-osx-x86_64-snowleopard 1.2-3 OK
r-release-windows-ix86+x86_64 1.2-3 3.00 37.00 40.00 OK
r-oldrel-windows-ix86+x86_64 1.2-3 7.00 53.00 60.00 WARN

Check Details

Version: 1.2-3
Check: for code/documentation mismatches
Result: WARNING
    Data codoc mismatches from documentation object 'fraudulent':
    Variables in data frame 'fraudulent'
     Code: AC1 AC16 AC9 CL11 CL7 IJ12 IJ2 IJ3 IJ4 IJ6 r1 r2
     Docs: AC1} CL7} IJ2} \code{AC16 \code{AC9} \code{CL11 \code{IJ12
     \code{IJ3} \code{IJ4} \code{IJ6} r1 r2
Flavor: r-oldrel-windows-ix86+x86_64