CRAN Package Check Results for Package cond

Last updated on 2014-09-02 03:49:34.

Flavor Version Tinstall Tcheck Ttotal Status Flags
r-devel-linux-x86_64-debian-clang 1.2-3 0.82 20.90 21.72 OK
r-devel-linux-x86_64-debian-gcc 1.2-3 0.85 20.25 21.10 OK
r-devel-linux-x86_64-fedora-clang 1.2-3 49.44 OK
r-devel-linux-x86_64-fedora-gcc 1.2-3 45.21 OK
r-devel-osx-x86_64-clang 1.2-3 44.07 OK
r-devel-windows-ix86+x86_64 1.2-3 4.00 35.00 39.00 OK
r-patched-linux-x86_64 1.2-3 0.87 23.01 23.88 OK
r-patched-solaris-sparc 1.2-3 269.30 OK
r-patched-solaris-x86 1.2-3 63.70 OK
r-release-linux-ix86 1.2-3 1.24 30.92 32.16 OK
r-release-linux-x86_64 1.2-3 0.88 21.88 22.76 OK
r-release-osx-x86_64-mavericks 1.2-3 OK
r-release-osx-x86_64-snowleopard 1.2-3 OK
r-release-windows-ix86+x86_64 1.2-3 4.00 46.00 50.00 OK
r-oldrel-windows-ix86+x86_64 1.2-3 6.00 40.00 46.00 WARN

Check Details

Version: 1.2-3
Check: for code/documentation mismatches
Result: WARN
    Data codoc mismatches from documentation object 'fraudulent':
    Variables in data frame 'fraudulent'
     Code: AC1 AC16 AC9 CL11 CL7 IJ12 IJ2 IJ3 IJ4 IJ6 r1 r2
     Docs: AC1} CL7} IJ2} \code{AC16 \code{AC9} \code{CL11 \code{IJ12
     \code{IJ3} \code{IJ4} \code{IJ6} r1 r2
Flavor: r-oldrel-windows-ix86+x86_64