CRAN Package Check Results for Package cond

Last updated on 2014-10-22 09:51:34.

Flavor Version Tinstall Tcheck Ttotal Status Flags
r-devel-linux-x86_64-debian-clang 1.2-3 0.87 22.31 23.18 OK
r-devel-linux-x86_64-debian-gcc 1.2-3 0.92 22.20 23.12 OK
r-devel-linux-x86_64-fedora-clang 1.2-3 43.55 OK
r-devel-linux-x86_64-fedora-gcc 1.2-3 48.03 OK
r-devel-osx-x86_64-clang 1.2-3 48.29 OK
r-devel-windows-ix86+x86_64 1.2-3 4.00 34.00 38.00 OK
r-patched-linux-x86_64 1.2-3 0.93 22.87 23.80 OK
r-patched-solaris-sparc 1.2-3 269.30 OK
r-patched-solaris-x86 1.2-3 60.30 OK
r-release-linux-ix86 1.2-3 1.25 33.40 34.65 OK
r-release-linux-x86_64 1.2-3 0.87 23.98 24.86 OK
r-release-osx-x86_64-mavericks 1.2-3 OK
r-release-osx-x86_64-snowleopard 1.2-3 OK
r-release-windows-ix86+x86_64 1.2-3 4.00 37.00 41.00 OK
r-oldrel-windows-ix86+x86_64 1.2-3 4.00 39.00 43.00 WARN

Check Details

Version: 1.2-3
Check: for code/documentation mismatches
Result: WARN
    Data codoc mismatches from documentation object 'fraudulent':
    Variables in data frame 'fraudulent'
     Code: AC1 AC16 AC9 CL11 CL7 IJ12 IJ2 IJ3 IJ4 IJ6 r1 r2
     Docs: AC1} CL7} IJ2} \code{AC16 \code{AC9} \code{CL11 \code{IJ12
     \code{IJ3} \code{IJ4} \code{IJ6} r1 r2
Flavor: r-oldrel-windows-ix86+x86_64