CRAN Package Check Results for Package cond

Last updated on 2015-01-27 01:47:59.

Flavor Version Tinstall Tcheck Ttotal Status Flags
r-devel-linux-x86_64-debian-clang 1.2-3 0.86 21.07 21.93 OK
r-devel-linux-x86_64-debian-gcc 1.2-3 0.84 21.52 22.36 OK
r-devel-linux-x86_64-fedora-clang 1.2-3 50.88 NOTE
r-devel-linux-x86_64-fedora-gcc 1.2-3 46.84 NOTE
r-devel-osx-x86_64-clang 1.2-3 47.75 NOTE
r-devel-windows-ix86+x86_64 1.2-3 4.00 34.00 38.00 OK
r-patched-linux-x86_64 1.2-3 0.90 22.88 23.78 OK
r-patched-solaris-sparc 1.2-3 259.60 OK
r-patched-solaris-x86 1.2-3 59.70 OK
r-release-linux-ix86 1.2-3 1.24 30.28 31.52 OK
r-release-linux-x86_64 1.2-3 1.00 23.57 24.57 OK
r-release-osx-x86_64-mavericks 1.2-3 OK
r-release-osx-x86_64-snowleopard 1.2-3 OK
r-release-windows-ix86+x86_64 1.2-3 7.00 38.00 45.00 OK
r-oldrel-windows-ix86+x86_64 1.2-3 7.00 57.00 64.00 WARN

Check Details

Version: 1.2-3
Check: S3 generic/method consistency
Result: NOTE
    Found the following apparent S3 methods exported but not registered:
     cond.glm print.cond print.summary.cond summary.cond plot.cond
     family.cond family.summary.cond
    See section ‘Registering S3 methods’ in the ‘Writing R Extensions’
    manual.
Flavors: r-devel-linux-x86_64-fedora-clang, r-devel-linux-x86_64-fedora-gcc, r-devel-osx-x86_64-clang

Version: 1.2-3
Check: for code/documentation mismatches
Result: WARN
    Data codoc mismatches from documentation object 'fraudulent':
    Variables in data frame 'fraudulent'
     Code: AC1 AC16 AC9 CL11 CL7 IJ12 IJ2 IJ3 IJ4 IJ6 r1 r2
     Docs: AC1} CL7} IJ2} \code{AC16 \code{AC9} \code{CL11 \code{IJ12
     \code{IJ3} \code{IJ4} \code{IJ6} r1 r2
Flavor: r-oldrel-windows-ix86+x86_64