CRAN Package Check Results for Package cond

Last updated on 2014-04-24 07:52:25.

Flavor Version Tinstall Tcheck Ttotal Status Flags
r-devel-linux-x86_64-debian-clang 1.2-2 0.90 17.86 18.76 OK
r-devel-linux-x86_64-debian-gcc 1.2-2 0.89 18.06 18.95 OK
r-devel-linux-x86_64-fedora-clang 1.2-2 36.12 OK
r-devel-linux-x86_64-fedora-gcc 1.2-2 34.95 OK
r-devel-osx-x86_64-clang 1.2-2 33.63 OK
r-devel-osx-x86_64-gcc 1.2-2 OK
r-devel-windows-ix86+x86_64 1.2-2 3.00 28.00 31.00 OK
r-patched-linux-x86_64 1.2-2 0.89 17.96 18.86 OK
r-patched-solaris-sparc 1.2-2 196.60 OK
r-patched-solaris-x86 1.2-2 47.80 OK
r-release-linux-ix86 1.2-2 1.00 35.00 36.00 OK
r-release-linux-x86_64 1.2-2 0.88 17.87 18.75 OK
r-release-osx-x86_64-mavericks 1.2-2 WARN
r-release-osx-x86_64-snowleopard 1.2-2 OK
r-release-windows-ix86+x86_64 1.2-2 3.00 30.00 33.00 OK
r-oldrel-windows-ix86+x86_64 1.2-2 4.00 33.00 37.00 OK

Check Details

Version: 1.2-2
Check: PDF version of manual
Result: WARNING
    LaTeX errors when creating PDF version.
    This typically indicates Rd problems.
    LaTeX errors found:
    ! LaTeX Error: File `upquote.sty' not found.
    
    Type X to quit or <RETURN> to proceed,
    or enter new name. (Default extension: sty)
    
    /private/tmp/RtmpdCEgn0/Rd2pdf1467d30974f9d/Rd2.tex:8: ==> Fatal error occurre
    d, no output PDF file produced!
Flavor: r-release-osx-x86_64-mavericks