CRAN Package Check Results for Package cond

Last updated on 2015-05-27 11:49:18.

Flavor Version Tinstall Tcheck Ttotal Status Flags
r-devel-linux-x86_64-debian-clang 1.2-3 0.79 20.53 21.32 NOTE
r-devel-linux-x86_64-debian-gcc 1.2-3 0.78 20.70 21.48 NOTE
r-devel-linux-x86_64-fedora-clang 1.2-3 42.61 NOTE
r-devel-linux-x86_64-fedora-gcc 1.2-3 40.64 NOTE
r-devel-osx-x86_64-clang 1.2-3 43.34 NOTE
r-devel-windows-ix86+x86_64 1.2-3 3.00 33.00 36.00 NOTE
r-patched-linux-x86_64 1.2-3 0.78 20.08 20.86 NOTE
r-patched-solaris-sparc 1.2-3 261.10 NOTE
r-patched-solaris-x86 1.2-3 52.60 NOTE
r-release-linux-x86_64 1.2-3 0.86 20.30 21.16 NOTE
r-release-osx-x86_64-mavericks 1.2-3 NOTE
r-release-osx-x86_64-snowleopard 1.2-3 NOTE
r-release-windows-ix86+x86_64 1.2-3 5.00 33.00 38.00 NOTE
r-oldrel-windows-ix86+x86_64 1.2-3 5.00 59.00 64.00 OK

Check Details

Version: 1.2-3
Check: DESCRIPTION meta-information
Result: NOTE
    Malformed Description field: should contain one or more complete sentences.
Flavors: r-devel-linux-x86_64-debian-clang, r-devel-linux-x86_64-debian-gcc, r-devel-linux-x86_64-fedora-clang, r-devel-linux-x86_64-fedora-gcc, r-devel-osx-x86_64-clang, r-devel-windows-ix86+x86_64, r-patched-linux-x86_64, r-patched-solaris-sparc, r-patched-solaris-x86, r-release-linux-x86_64, r-release-osx-x86_64-mavericks, r-release-osx-x86_64-snowleopard, r-release-windows-ix86+x86_64

Version: 1.2-3
Check: S3 generic/method consistency
Result: NOTE
    Found the following apparent S3 methods exported but not registered:
     cond.glm family.cond family.summary.cond plot.cond print.cond
     print.summary.cond summary.cond
    See section ‘Registering S3 methods’ in the ‘Writing R Extensions’
    manual.
Flavors: r-devel-linux-x86_64-debian-clang, r-devel-linux-x86_64-debian-gcc, r-devel-linux-x86_64-fedora-clang, r-devel-linux-x86_64-fedora-gcc, r-devel-osx-x86_64-clang, r-patched-linux-x86_64, r-patched-solaris-sparc, r-patched-solaris-x86, r-release-linux-x86_64