CRAN Package Check Results for Package cond

Last updated on 2014-12-18 09:53:39.

Flavor Version Tinstall Tcheck Ttotal Status Flags
r-devel-linux-x86_64-debian-clang 1.2-3 0.95 22.28 23.22 OK
r-devel-linux-x86_64-debian-gcc 1.2-3 0.92 22.05 22.96 OK
r-devel-linux-x86_64-fedora-clang 1.2-3 48.16 OK
r-devel-linux-x86_64-fedora-gcc 1.2-3 44.67 OK
r-devel-osx-x86_64-clang 1.2-3 47.56 OK
r-devel-windows-ix86+x86_64 1.2-3 6.00 39.00 45.00 OK
r-patched-linux-x86_64 1.2-3 1.02 23.45 24.48 OK
r-patched-solaris-sparc 1.2-3 269.30 OK
r-patched-solaris-x86 1.2-3 59.20 OK
r-release-linux-ix86 1.2-3 1.27 30.41 31.68 OK
r-release-linux-x86_64 1.2-3 0.88 22.66 23.55 OK
r-release-osx-x86_64-mavericks 1.2-3 OK
r-release-osx-x86_64-snowleopard 1.2-3 OK
r-release-windows-ix86+x86_64 1.2-3 5.00 38.00 43.00 OK
r-oldrel-windows-ix86+x86_64 1.2-3 5.00 39.00 44.00 WARN

Check Details

Version: 1.2-3
Check: for code/documentation mismatches
Result: WARN
    Data codoc mismatches from documentation object 'fraudulent':
    Variables in data frame 'fraudulent'
     Code: AC1 AC16 AC9 CL11 CL7 IJ12 IJ2 IJ3 IJ4 IJ6 r1 r2
     Docs: AC1} CL7} IJ2} \code{AC16 \code{AC9} \code{CL11 \code{IJ12
     \code{IJ3} \code{IJ4} \code{IJ6} r1 r2
Flavor: r-oldrel-windows-ix86+x86_64