CRAN Package Check Results for Package cond

Last updated on 2015-04-25 10:48:13.

Flavor Version Tinstall Tcheck Ttotal Status Flags
r-devel-linux-x86_64-debian-clang 1.2-3 0.80 21.04 21.84 NOTE
r-devel-linux-x86_64-debian-gcc 1.2-3 0.78 20.34 21.12 NOTE
r-devel-linux-x86_64-fedora-clang 1.2-3 42.78 NOTE
r-devel-linux-x86_64-fedora-gcc 1.2-3 42.53 NOTE
r-devel-osx-x86_64-clang 1.2-3 43.45 NOTE
r-devel-windows-ix86+x86_64 1.2-3 4.00 33.00 37.00 NOTE
r-patched-linux-x86_64 1.2-3 0.80 20.38 21.17 NOTE
r-patched-solaris-sparc 1.2-3 269.60 NOTE
r-patched-solaris-x86 1.2-3 51.50 NOTE
r-release-linux-x86_64 1.2-3 0.78 20.16 20.94 NOTE
r-release-osx-x86_64-mavericks 1.2-3 NOTE
r-release-osx-x86_64-snowleopard 1.2-3 NOTE
r-release-windows-ix86+x86_64 1.2-3 4.00 34.00 38.00 NOTE
r-oldrel-windows-ix86+x86_64 1.2-3 3.00 36.00 39.00 OK

Check Details

Version: 1.2-3
Check: DESCRIPTION meta-information
Result: NOTE
    Malformed Description field: should contain one or more complete sentences.
Flavors: r-devel-windows-ix86+x86_64, r-patched-linux-x86_64, r-release-windows-ix86+x86_64

Version: 1.2-3
Check: S3 generic/method consistency
Result: NOTE
    Found the following apparent S3 methods exported but not registered:
     cond.glm family.cond family.summary.cond plot.cond print.cond
     print.summary.cond summary.cond
    See section ‘Registering S3 methods’ in the ‘Writing R Extensions’
    manual.
Flavor: r-patched-linux-x86_64