CRAN Package Check Results for Package condGEE

Last updated on 2017-04-27 05:51:34.

Flavor Version Tinstall Tcheck Ttotal Status Flags
r-devel-linux-x86_64-debian-clang 0.1-4 0.68 13.95 14.63 NOTE
r-devel-linux-x86_64-debian-gcc 0.1-4 0.70 13.24 13.94 NOTE
r-devel-linux-x86_64-fedora-clang 0.1-4 24.81 NOTE --no-stop-on-test-error
r-devel-linux-x86_64-fedora-gcc 0.1-4 23.91 NOTE --no-stop-on-test-error
r-devel-windows-ix86+x86_64 0.1-4 4.00 38.00 42.00 NOTE
r-patched-linux-x86_64 0.1-4 0.58 14.13 14.71 NOTE
r-patched-solaris-sparc 0.1-4 202.90 NOTE
r-patched-solaris-x86 0.1-4 42.40 NOTE
r-release-linux-x86_64 0.1-4 0.58 13.88 14.45 NOTE
r-release-windows-ix86+x86_64 0.1-4 2.00 37.00 39.00 NOTE
r-release-osx-x86_64 0.1-4 NOTE
r-oldrel-windows-ix86+x86_64 0.1-4 3.00 41.00 44.00 NOTE
r-oldrel-osx-x86_64 0.1-4 NOTE

Check Details

Version: 0.1-4
Check: R code for possible problems
Result: NOTE
    K1.norm: no visible global function definition for ‘dnorm’
    K1.norm: no visible global function definition for ‘pnorm’
    K1.t3: no visible global function definition for ‘pt’
    K2.norm: no visible global function definition for ‘dnorm’
    K2.norm: no visible global function definition for ‘pnorm’
    K2.t3: no visible global function definition for ‘pt’
    Undefined global functions or variables:
     dnorm pnorm pt
    Consider adding
     importFrom("stats", "dnorm", "pnorm", "pt")
    to your NAMESPACE file.
Flavors: r-devel-linux-x86_64-debian-clang, r-devel-linux-x86_64-debian-gcc, r-devel-windows-ix86+x86_64, r-patched-linux-x86_64, r-patched-solaris-sparc, r-patched-solaris-x86, r-release-linux-x86_64, r-release-windows-ix86+x86_64, r-release-osx-x86_64, r-oldrel-windows-ix86+x86_64, r-oldrel-osx-x86_64

Version: 0.1-4
Flags: --no-stop-on-test-error
Check: R code for possible problems
Result: NOTE
    K1.norm: no visible global function definition for ‘dnorm’
    K1.norm: no visible global function definition for ‘pnorm’
    K1.t3: no visible global function definition for ‘pt’
    K2.norm: no visible global function definition for ‘dnorm’
    K2.norm: no visible global function definition for ‘pnorm’
    K2.t3: no visible global function definition for ‘pt’
    Undefined global functions or variables:
     dnorm pnorm pt
    Consider adding
     importFrom("stats", "dnorm", "pnorm", "pt")
    to your NAMESPACE file.
Flavors: r-devel-linux-x86_64-fedora-clang, r-devel-linux-x86_64-fedora-gcc