CRAN Package Check Results for Package condGEE

Last updated on 2016-12-10 12:53:34.

Flavor Version Tinstall Tcheck Ttotal Status Flags
r-devel-linux-x86_64-debian-clang 0.1-4 0.59 14.38 14.97 NOTE
r-devel-linux-x86_64-debian-gcc 0.1-4 0.66 13.47 14.13 NOTE
r-devel-linux-x86_64-fedora-clang 0.1-4 25.79 NOTE --no-stop-on-test-error
r-devel-linux-x86_64-fedora-gcc 0.1-4 24.02 NOTE --no-stop-on-test-error
r-devel-macos-x86_64-clang 0.1-4 21.36 NOTE --no-stop-on-test-error
r-devel-windows-ix86+x86_64 0.1-4 3.00 34.00 37.00 NOTE
r-patched-linux-x86_64 0.1-4 0.56 11.87 12.43 NOTE
r-patched-solaris-sparc 0.1-4 172.40 NOTE
r-patched-solaris-x86 0.1-4 35.00 NOTE
r-release-linux-x86_64 0.1-4 0.58 11.77 12.35 NOTE
r-release-osx-x86_64-mavericks 0.1-4 NOTE
r-release-windows-ix86+x86_64 0.1-4 3.00 41.00 44.00 NOTE
r-oldrel-windows-ix86+x86_64 0.1-4 4.00 40.00 44.00 OK

Check Details

Version: 0.1-4
Check: R code for possible problems
Result: NOTE
    K1.norm: no visible global function definition for ‘dnorm’
    K1.norm: no visible global function definition for ‘pnorm’
    K1.t3: no visible global function definition for ‘pt’
    K2.norm: no visible global function definition for ‘dnorm’
    K2.norm: no visible global function definition for ‘pnorm’
    K2.t3: no visible global function definition for ‘pt’
    Undefined global functions or variables:
     dnorm pnorm pt
    Consider adding
     importFrom("stats", "dnorm", "pnorm", "pt")
    to your NAMESPACE file.
Flavors: r-devel-linux-x86_64-debian-clang, r-devel-linux-x86_64-debian-gcc, r-devel-windows-ix86+x86_64, r-patched-linux-x86_64, r-patched-solaris-sparc, r-patched-solaris-x86, r-release-linux-x86_64, r-release-osx-x86_64-mavericks, r-release-windows-ix86+x86_64

Version: 0.1-4
Flags: --no-stop-on-test-error
Check: R code for possible problems
Result: NOTE
    K1.norm: no visible global function definition for ‘dnorm’
    K1.norm: no visible global function definition for ‘pnorm’
    K1.t3: no visible global function definition for ‘pt’
    K2.norm: no visible global function definition for ‘dnorm’
    K2.norm: no visible global function definition for ‘pnorm’
    K2.t3: no visible global function definition for ‘pt’
    Undefined global functions or variables:
     dnorm pnorm pt
    Consider adding
     importFrom("stats", "dnorm", "pnorm", "pt")
    to your NAMESPACE file.
Flavors: r-devel-linux-x86_64-fedora-clang, r-devel-linux-x86_64-fedora-gcc, r-devel-macos-x86_64-clang