CRAN Package Check Results for Package condGEE

Last updated on 2016-07-31 06:47:20.

Flavor Version Tinstall Tcheck Ttotal Status Flags
r-devel-linux-x86_64-debian-clang 0.1-4 0.50 12.14 12.64 NOTE
r-devel-linux-x86_64-debian-gcc 0.1-4 0.51 11.45 11.96 NOTE
r-devel-linux-x86_64-fedora-clang 0.1-4 25.72 NOTE
r-devel-linux-x86_64-fedora-gcc 0.1-4 24.07 NOTE
r-devel-osx-x86_64-clang 0.1-4 21.87 NOTE
r-devel-windows-ix86+x86_64 0.1-4 2.00 34.00 36.00 NOTE
r-patched-linux-x86_64 0.1-4 0.56 11.95 12.51 NOTE
r-patched-solaris-sparc 0.1-4 172.40 NOTE
r-patched-solaris-x86 0.1-4 34.60 NOTE
r-release-linux-x86_64 0.1-4 0.57 14.12 14.69 NOTE
r-release-osx-x86_64-mavericks 0.1-4 NOTE
r-release-windows-ix86+x86_64 0.1-4 2.00 41.00 43.00 NOTE
r-oldrel-windows-ix86+x86_64 0.1-4 2.00 29.00 31.00 OK

Check Details

Version: 0.1-4
Check: R code for possible problems
Result: NOTE
    K1.norm: no visible global function definition for ‘dnorm’
    K1.norm: no visible global function definition for ‘pnorm’
    K1.t3: no visible global function definition for ‘pt’
    K2.norm: no visible global function definition for ‘dnorm’
    K2.norm: no visible global function definition for ‘pnorm’
    K2.t3: no visible global function definition for ‘pt’
    Undefined global functions or variables:
     dnorm pnorm pt
    Consider adding
     importFrom("stats", "dnorm", "pnorm", "pt")
    to your NAMESPACE file.
Flavors: r-devel-linux-x86_64-debian-clang, r-devel-linux-x86_64-debian-gcc, r-devel-linux-x86_64-fedora-clang, r-devel-linux-x86_64-fedora-gcc, r-devel-osx-x86_64-clang, r-devel-windows-ix86+x86_64, r-patched-linux-x86_64, r-patched-solaris-sparc, r-patched-solaris-x86, r-release-linux-x86_64, r-release-osx-x86_64-mavericks, r-release-windows-ix86+x86_64