CRAN Package Check Results for Package condGEE

Last updated on 2018-05-21 14:51:40 CEST.

Flavor Version Tinstall Tcheck Ttotal Status Flags
r-devel-linux-x86_64-debian-clang 0.1-4 1.11 19.40 20.51 NOTE
r-devel-linux-x86_64-debian-gcc 0.1-4 0.96 16.74 17.70 NOTE
r-devel-linux-x86_64-fedora-clang 0.1-4 27.38 NOTE
r-devel-linux-x86_64-fedora-gcc 0.1-4 25.66 NOTE
r-devel-windows-ix86+x86_64 0.1-4 4.00 36.00 40.00 NOTE
r-patched-linux-x86_64 0.1-4 1.07 20.03 21.10 NOTE
r-patched-solaris-x86 0.1-4 42.80 NOTE
r-release-linux-x86_64 0.1-4 1.17 20.22 21.39 NOTE
r-release-windows-ix86+x86_64 0.1-4 4.00 35.00 39.00 NOTE
r-release-osx-x86_64 0.1-4 NOTE
r-oldrel-windows-ix86+x86_64 0.1-4 3.00 36.00 39.00 NOTE
r-oldrel-osx-x86_64 0.1-4 NOTE

Check Details

Version: 0.1-4
Check: R code for possible problems
Result: NOTE
    K1.norm: no visible global function definition for ‘dnorm’
    K1.norm: no visible global function definition for ‘pnorm’
    K1.t3: no visible global function definition for ‘pt’
    K2.norm: no visible global function definition for ‘dnorm’
    K2.norm: no visible global function definition for ‘pnorm’
    K2.t3: no visible global function definition for ‘pt’
    Undefined global functions or variables:
     dnorm pnorm pt
    Consider adding
     importFrom("stats", "dnorm", "pnorm", "pt")
    to your NAMESPACE file.
Flavors: r-devel-linux-x86_64-debian-clang, r-devel-linux-x86_64-debian-gcc, r-devel-linux-x86_64-fedora-clang, r-devel-linux-x86_64-fedora-gcc, r-devel-windows-ix86+x86_64, r-patched-linux-x86_64, r-patched-solaris-x86, r-release-linux-x86_64, r-release-windows-ix86+x86_64, r-release-osx-x86_64, r-oldrel-windows-ix86+x86_64, r-oldrel-osx-x86_64