CRAN Package Check Results for Package condSURV

Last updated on 2019-09-18 11:48:51 CEST.

Flavor Version Tinstall Tcheck Ttotal Status Flags
r-devel-linux-x86_64-debian-clang 2.0.1 10.84 73.11 83.95 OK
r-devel-linux-x86_64-debian-gcc 2.0.1 10.95 58.29 69.24 OK
r-devel-linux-x86_64-fedora-clang 2.0.1 102.79 NOTE
r-devel-linux-x86_64-fedora-gcc 2.0.1 100.39 NOTE
r-devel-windows-ix86+x86_64 2.0.1 37.00 111.00 148.00 OK
r-patched-linux-x86_64 2.0.1 10.90 72.48 83.38 OK
r-patched-solaris-x86 2.0.1 151.60 OK
r-release-linux-x86_64 2.0.1 12.00 72.52 84.52 OK
r-release-windows-ix86+x86_64 2.0.1 25.00 155.00 180.00 OK
r-release-osx-x86_64 2.0.1 OK
r-oldrel-windows-ix86+x86_64 2.0.1 18.00 103.00 121.00 OK
r-oldrel-osx-x86_64 2.0.1 OK

Additional issues

clang-UBSAN gcc-UBSAN

Check Details

Version: 2.0.1
Check: compiled code
Result: NOTE
    File ‘condSURV/libs/condSURV.so’:
     Found no calls to: ‘R_registerRoutines’, ‘R_useDynamicSymbols’
    
    It is good practice to register native routines and to disable symbol
    search.
    
    See ‘Writing portable packages’ in the ‘Writing R Extensions’ manual.
Flavors: r-devel-linux-x86_64-fedora-clang, r-devel-linux-x86_64-fedora-gcc