CRAN Package Check Results for Package condSURV

Last updated on 2020-02-18 00:52:01 CET.

Flavor Version Tinstall Tcheck Ttotal Status Flags
r-devel-linux-x86_64-debian-clang 2.0.1 0.43 2.19 2.62 ERROR
r-devel-linux-x86_64-debian-gcc 2.0.1 10.75 66.22 76.97 OK
r-devel-linux-x86_64-fedora-clang 2.0.1 113.36 NOTE
r-devel-linux-x86_64-fedora-gcc 2.0.1 119.53 NOTE
r-devel-windows-ix86+x86_64 2.0.1 24.00 128.00 152.00 OK
r-devel-windows-ix86+x86_64-gcc8 2.0.1 41.00 187.00 228.00 OK
r-patched-linux-x86_64 2.0.1 10.47 71.05 81.52 OK
r-patched-solaris-x86 2.0.1 152.00 OK
r-release-linux-x86_64 2.0.1 10.23 70.39 80.62 OK
r-release-windows-ix86+x86_64 2.0.1 22.00 115.00 137.00 OK
r-release-osx-x86_64 2.0.1 OK
r-oldrel-windows-ix86+x86_64 2.0.1 16.00 102.00 118.00 OK
r-oldrel-osx-x86_64 2.0.1 OK

Additional issues

clang-UBSAN gcc-UBSAN

Check Details

Version: 2.0.1
Check: package dependencies
Result: ERROR
    Package required but not available: 'np'
    
    See section 'The DESCRIPTION file' in the 'Writing R Extensions'
    manual.
Flavor: r-devel-linux-x86_64-debian-clang

Version: 2.0.1
Check: compiled code
Result: NOTE
    File ‘condSURV/libs/condSURV.so’:
     Found no calls to: ‘R_registerRoutines’, ‘R_useDynamicSymbols’
    
    It is good practice to register native routines and to disable symbol
    search.
    
    See ‘Writing portable packages’ in the ‘Writing R Extensions’ manual.
Flavors: r-devel-linux-x86_64-fedora-clang, r-devel-linux-x86_64-fedora-gcc