Last updated on 2023-01-31 10:52:04 CET.
Flavor | Version | Tinstall | Tcheck | Ttotal | Status | Flags |
---|---|---|---|---|---|---|
r-devel-linux-x86_64-debian-clang | 0.0.2 | 7.30 | 78.94 | 86.24 | NOTE | |
r-devel-linux-x86_64-debian-gcc | 0.0.2 | 6.83 | 60.05 | 66.88 | NOTE | |
r-devel-linux-x86_64-fedora-clang | 0.0.2 | 107.84 | NOTE | |||
r-devel-linux-x86_64-fedora-gcc | 0.0.2 | 120.04 | NOTE | |||
r-devel-windows-x86_64 | 0.0.2 | 22.00 | 108.00 | 130.00 | NOTE | |
r-patched-linux-x86_64 | 0.0.2 | 6.88 | 75.11 | 81.99 | NOTE | |
r-release-linux-x86_64 | 0.0.2 | 6.00 | 75.54 | 81.54 | NOTE | |
r-release-macos-arm64 | 0.0.2 | 33.00 | NOTE | |||
r-release-macos-x86_64 | 0.0.2 | 48.00 | NOTE | |||
r-release-windows-x86_64 | 0.0.2 | 24.00 | 112.00 | 136.00 | NOTE | |
r-oldrel-macos-arm64 | 0.0.2 | 35.00 | NOTE | |||
r-oldrel-macos-x86_64 | 0.0.2 | 68.00 | NOTE | |||
r-oldrel-windows-ix86+x86_64 | 0.0.2 | 18.00 | 103.00 | 121.00 | NOTE |
Version: 0.0.2
Check: package subdirectories
Result: NOTE
Problems with news in ‘NEWS.md’:
No news entries found.
Flavors: r-devel-linux-x86_64-debian-clang, r-devel-linux-x86_64-debian-gcc, r-devel-linux-x86_64-fedora-clang, r-devel-linux-x86_64-fedora-gcc, r-devel-windows-x86_64
Version: 0.0.2
Check: LazyData
Result: NOTE
'LazyData' is specified without a 'data' directory
Flavors: r-devel-linux-x86_64-debian-clang, r-devel-linux-x86_64-debian-gcc, r-devel-linux-x86_64-fedora-clang, r-devel-linux-x86_64-fedora-gcc, r-devel-windows-x86_64, r-patched-linux-x86_64, r-release-linux-x86_64, r-release-macos-arm64, r-release-macos-x86_64, r-release-windows-x86_64, r-oldrel-macos-arm64, r-oldrel-macos-x86_64, r-oldrel-windows-ix86+x86_64
Version: 0.0.2
Check: Rd cross-references
Result: NOTE
Undeclared package ‘mvtnorm’ in Rd xrefs
Flavor: r-devel-linux-x86_64-fedora-clang