CRAN Package Check Results for Package conditions

Last updated on 2019-03-19 22:47:12 CET.

Flavor Version Tinstall Tcheck Ttotal Status Flags
r-devel-linux-x86_64-debian-clang 0.1 2.58 19.18 21.76 OK
r-devel-linux-x86_64-debian-gcc 0.1 2.12 15.44 17.56 OK
r-devel-linux-x86_64-fedora-clang 0.1 26.32 NOTE
r-devel-linux-x86_64-fedora-gcc 0.1 24.64 NOTE
r-devel-windows-ix86+x86_64 0.1 17.00 56.00 73.00 OK
r-patched-linux-x86_64 0.1 1.50 18.13 19.63 OK
r-patched-solaris-x86 0.1 36.60 OK
r-release-linux-x86_64 0.1 1.72 18.13 19.85 OK
r-release-windows-ix86+x86_64 0.1 11.00 52.00 63.00 OK
r-release-osx-x86_64 0.1 OK
r-oldrel-windows-ix86+x86_64 0.1 7.00 47.00 54.00 OK
r-oldrel-osx-x86_64 0.1 OK

Additional issues

rchk

Check Details

Version: 0.1
Check: compiled code
Result: NOTE
    File ‘conditions/libs/conditions.so’:
     Found no calls to: ‘R_registerRoutines’, ‘R_useDynamicSymbols’
    
    It is good practice to register native routines and to disable symbol
    search.
    
    See ‘Writing portable packages’ in the ‘Writing R Extensions’ manual.
Flavors: r-devel-linux-x86_64-fedora-clang, r-devel-linux-x86_64-fedora-gcc